32.196.198.163 - - [12/Jun/2026:00:17:22 +0100] "GET / HTTP/1.0" 301 273 "-" "Mozilla/5.0 (X11; Linux x86_64; rv:138.0) Gecko/20100101 Firefox/138.0"
192.185.4.109 - - [12/Jun/2026:00:17:41 +0100] "GET /wp-login.php HTTP/1.0" 301 285 "-" "Mozilla/5.0 (Windows NT 10.0; Win64; x64) AppleWebKit/537.36 (KHTML, like Gecko) Chrome/120.0.0.0 Safari/537.36"
164.90.178.220 - - [12/Jun/2026:00:17:57 +0100] "GET /wp-login.php HTTP/1.0" 301 285 "-" "Mozilla/5.0 (Macintosh; Intel Mac OS X 10_15_7) AppleWebKit/537.36 (KHTML, like Gecko) Chrome/133.0.0.0 Safari/537.36"
164.90.178.220 - - [12/Jun/2026:00:17:58 +0100] "POST /wp-login.php HTTP/1.0" 301 285 "https://albatroz.engineering/wp-login.php" "Mozilla/5.0 (Macintosh; Intel Mac OS X 10_15_7) AppleWebKit/537.36 (KHTML, like Gecko) Chrome/133.0.0.0 Safari/537.36"
17.241.227.223 - - [12/Jun/2026:00:18:50 +0100] "GET /wp-includes/css/dist/block-library/style.min.css?ver=5.9.5 HTTP/1.0" 301 331 "https://albatroz.engineering/en/tag/optimisation-en/" "Mozilla/5.0 (Macintosh; Intel Mac OS X 10_15_7) AppleWebKit/605.1.15 (KHTML, like Gecko) Version/17.4 Safari/605.1.15 (Applebot/0.1; +http://www.apple.com/go/applebot)"
17.241.227.223 - - [12/Jun/2026:00:18:51 +0100] "GET /wp-content/plugins/vegas-fullscreen-background-slider/css/jquery.vegas.css HTTP/1.0" 301 347 "https://albatroz.engineering/en/tag/optimisation-en/" "Mozilla/5.0 (Macintosh; Intel Mac OS X 10_15_7) AppleWebKit/605.1.15 (KHTML, like Gecko) Version/17.4 Safari/605.1.15 (Applebot/0.1; +http://www.apple.com/go/applebot)"
17.241.227.223 - - [12/Jun/2026:00:18:53 +0100] "GET /wp-content/plugins/contact-form-7/includes/css/styles.css?ver=5.5.4 HTTP/1.0" 301 340 "https://albatroz.engineering/en/tag/optimisation-en/" "Mozilla/5.0 (Macintosh; Intel Mac OS X 10_15_7) AppleWebKit/605.1.15 (KHTML, like Gecko) Version/17.4 Safari/605.1.15 (Applebot/0.1; +http://www.apple.com/go/applebot)"
17.241.227.223 - - [12/Jun/2026:00:18:54 +0100] "GET /wp-content/plugins/wp-simple-anchors-links/css/styles.css?ver=1.0.0 HTTP/1.0" 301 340 "https://albatroz.engineering/en/tag/optimisation-en/" "Mozilla/5.0 (Macintosh; Intel Mac OS X 10_15_7) AppleWebKit/605.1.15 (KHTML, like Gecko) Version/17.4 Safari/605.1.15 (Applebot/0.1; +http://www.apple.com/go/applebot)"
17.241.227.223 - - [12/Jun/2026:00:18:56 +0100] "GET /wp-content/plugins/wp-backgrounds-lite/includes/wp-backgrounds.css?ver=5.9.5 HTTP/1.0" 301 349 "https://albatroz.engineering/en/tag/optimisation-en/" "Mozilla/5.0 (Macintosh; Intel Mac OS X 10_15_7) AppleWebKit/605.1.15 (KHTML, like Gecko) Version/17.4 Safari/605.1.15 (Applebot/0.1; +http://www.apple.com/go/applebot)"
17.241.227.223 - - [12/Jun/2026:00:18:57 +0100] "GET /wp-content/plugins/sitepress-multilingual-cms/res/css/language-selector.css?v=3.1.9.7 HTTP/1.0" 301 358 "https://albatroz.engineering/en/tag/optimisation-en/" "Mozilla/5.0 (Macintosh; Intel Mac OS X 10_15_7) AppleWebKit/605.1.15 (KHTML, like Gecko) Version/17.4 Safari/605.1.15 (Applebot/0.1; +http://www.apple.com/go/applebot)"
17.241.227.223 - - [12/Jun/2026:00:18:59 +0100] "GET /wp-content/themes/flato/css/base.css?ver=5.9.5 HTTP/1.0" 301 319 "https://albatroz.engineering/en/tag/optimisation-en/" "Mozilla/5.0 (Macintosh; Intel Mac OS X 10_15_7) AppleWebKit/605.1.15 (KHTML, like Gecko) Version/17.4 Safari/605.1.15 (Applebot/0.1; +http://www.apple.com/go/applebot)"
17.241.227.223 - - [12/Jun/2026:00:19:00 +0100] "GET /wp-content/themes/flato/css/font-awesome.min.css?ver=5.9.5 HTTP/1.0" 301 331 "https://albatroz.engineering/en/tag/optimisation-en/" "Mozilla/5.0 (Macintosh; Intel Mac OS X 10_15_7) AppleWebKit/605.1.15 (KHTML, like Gecko) Version/17.4 Safari/605.1.15 (Applebot/0.1; +http://www.apple.com/go/applebot)"
17.241.227.223 - - [12/Jun/2026:00:19:02 +0100] "GET /wp-content/themes/flato/style.css?ver=5.9.5 HTTP/1.0" 301 316 "https://albatroz.engineering/en/tag/optimisation-en/" "Mozilla/5.0 (Macintosh; Intel Mac OS X 10_15_7) AppleWebKit/605.1.15 (KHTML, like Gecko) Version/17.4 Safari/605.1.15 (Applebot/0.1; +http://www.apple.com/go/applebot)"
17.241.227.223 - - [12/Jun/2026:00:19:03 +0100] "GET /wp-content/plugins/better-anchor-links/css/mwm-aal.css?ver=1.2.0 HTTP/1.0" 301 337 "https://albatroz.engineering/en/tag/optimisation-en/" "Mozilla/5.0 (Macintosh; Intel Mac OS X 10_15_7) AppleWebKit/605.1.15 (KHTML, like Gecko) Version/17.4 Safari/605.1.15 (Applebot/0.1; +http://www.apple.com/go/applebot)"
17.241.227.223 - - [12/Jun/2026:00:19:05 +0100] "GET /wp-includes/js/jquery/jquery.min.js?ver=3.6.0 HTTP/1.0" 301 318 "https://albatroz.engineering/en/tag/optimisation-en/" "Mozilla/5.0 (Macintosh; Intel Mac OS X 10_15_7) AppleWebKit/605.1.15 (KHTML, like Gecko) Version/17.4 Safari/605.1.15 (Applebot/0.1; +http://www.apple.com/go/applebot)"
17.241.227.223 - - [12/Jun/2026:00:19:06 +0100] "GET /wp-includes/js/jquery/jquery-migrate.min.js?ver=3.3.2 HTTP/1.0" 301 326 "https://albatroz.engineering/en/tag/optimisation-en/" "Mozilla/5.0 (Macintosh; Intel Mac OS X 10_15_7) AppleWebKit/605.1.15 (KHTML, like Gecko) Version/17.4 Safari/605.1.15 (Applebot/0.1; +http://www.apple.com/go/applebot)"
17.241.227.223 - - [12/Jun/2026:00:19:08 +0100] "GET /wp-content/plugins/google-analytics-for-wordpress/assets/js/frontend-gtag.min.js?ver=8.10.0 HTTP/1.0" 301 364 "https://albatroz.engineering/en/tag/optimisation-en/" "Mozilla/5.0 (Macintosh; Intel Mac OS X 10_15_7) AppleWebKit/605.1.15 (KHTML, like Gecko) Version/17.4 Safari/605.1.15 (Applebot/0.1; +http://www.apple.com/go/applebot)"
17.241.227.223 - - [12/Jun/2026:00:19:09 +0100] "GET /wp-content/themes/flato/js/jquery.dropkick.min.js?ver=5.9.5 HTTP/1.0" 301 332 "https://albatroz.engineering/en/tag/optimisation-en/" "Mozilla/5.0 (Macintosh; Intel Mac OS X 10_15_7) AppleWebKit/605.1.15 (KHTML, like Gecko) Version/17.4 Safari/605.1.15 (Applebot/0.1; +http://www.apple.com/go/applebot)"
17.241.227.223 - - [12/Jun/2026:00:19:11 +0100] "GET /wp-content/plugins/siteorigin-panels/css/front-flex.min.css?ver=2.16.1 HTTP/1.0" 301 343 "https://albatroz.engineering/en/tag/optimisation-en/" "Mozilla/5.0 (Macintosh; Intel Mac OS X 10_15_7) AppleWebKit/605.1.15 (KHTML, like Gecko) Version/17.4 Safari/605.1.15 (Applebot/0.1; +http://www.apple.com/go/applebot)"
17.241.227.223 - - [12/Jun/2026:00:19:12 +0100] "GET /wp-includes/js/dist/vendor/regenerator-runtime.min.js?ver=0.13.9 HTTP/1.0" 301 337 "https://albatroz.engineering/en/tag/optimisation-en/" "Mozilla/5.0 (Macintosh; Intel Mac OS X 10_15_7) AppleWebKit/605.1.15 (KHTML, like Gecko) Version/17.4 Safari/605.1.15 (Applebot/0.1; +http://www.apple.com/go/applebot)"
17.241.227.223 - - [12/Jun/2026:00:19:14 +0100] "GET /wp-includes/js/dist/vendor/wp-polyfill.min.js?ver=3.15.0 HTTP/1.0" 301 329 "https://albatroz.engineering/en/tag/optimisation-en/" "Mozilla/5.0 (Macintosh; Intel Mac OS X 10_15_7) AppleWebKit/605.1.15 (KHTML, like Gecko) Version/17.4 Safari/605.1.15 (Applebot/0.1; +http://www.apple.com/go/applebot)"
17.241.227.223 - - [12/Jun/2026:00:19:15 +0100] "GET /wp-content/plugins/contact-form-7/includes/js/index.js?ver=5.5.4 HTTP/1.0" 301 337 "https://albatroz.engineering/en/tag/optimisation-en/" "Mozilla/5.0 (Macintosh; Intel Mac OS X 10_15_7) AppleWebKit/605.1.15 (KHTML, like Gecko) Version/17.4 Safari/605.1.15 (Applebot/0.1; +http://www.apple.com/go/applebot)"
17.241.227.223 - - [12/Jun/2026:00:19:17 +0100] "GET /wp-content/plugins/vegas-fullscreen-background-slider/js/jquery.vegas.js HTTP/1.0" 301 345 "https://albatroz.engineering/en/tag/optimisation-en/" "Mozilla/5.0 (Macintosh; Intel Mac OS X 10_15_7) AppleWebKit/605.1.15 (KHTML, like Gecko) Version/17.4 Safari/605.1.15 (Applebot/0.1; +http://www.apple.com/go/applebot)"
47.79.206.111 - - [12/Jun/2026:00:19:16 +0100] "GET /en/multilayer-visualisation-and-spatiotemporal-correlation-for-risk-based-asset-management/ HTTP/1.0" 200 100860 "https://www.google.com/" "Mozilla/5.0 (Windows NT 10.0; Win64; x64) AppleWebKit/537.36 (KHTML, like Gecko) Chrome/133.0.0.0 Safari/537.36"
17.241.227.223 - - [12/Jun/2026:00:19:19 +0100] "GET /wp-content/themes/flato/js/scripts.js?ver=5.9.5 HTTP/1.0" 301 320 "https://albatroz.engineering/en/tag/optimisation-en/" "Mozilla/5.0 (Macintosh; Intel Mac OS X 10_15_7) AppleWebKit/605.1.15 (KHTML, like Gecko) Version/17.4 Safari/605.1.15 (Applebot/0.1; +http://www.apple.com/go/applebot)"
17.241.227.223 - - [12/Jun/2026:00:19:20 +0100] "GET /wp-content/plugins/sitepress-multilingual-cms/res/js/sitepress.js?ver=5.9.5 HTTP/1.0" 301 348 "https://albatroz.engineering/en/tag/optimisation-en/" "Mozilla/5.0 (Macintosh; Intel Mac OS X 10_15_7) AppleWebKit/605.1.15 (KHTML, like Gecko) Version/17.4 Safari/605.1.15 (Applebot/0.1; +http://www.apple.com/go/applebot)"
17.241.227.223 - - [12/Jun/2026:00:19:22 +0100] "GET /wp-includes/js/wp-emoji-release.min.js?ver=5.9.5 HTTP/1.0" 301 321 "https://albatroz.engineering/en/tag/optimisation-en/" "Mozilla/5.0 (Macintosh; Intel Mac OS X 10_15_7) AppleWebKit/605.1.15 (KHTML, like Gecko) Version/17.4 Safari/605.1.15 (Applebot/0.1; +http://www.apple.com/go/applebot)"
103.127.30.137 - - [12/Jun/2026:00:19:46 +0100] "GET /wp-login.php HTTP/1.0" 200 8959 "-" "Mozilla/5.0 (Macintosh; Intel Mac OS X 10_15_7) AppleWebKit/605.1.15 (KHTML, like Gecko) Version/18.3 Safari/605.1.15"
103.127.30.137 - - [12/Jun/2026:00:19:47 +0100] "POST /wp-login.php HTTP/1.0" 200 9402 "https://albatroz.albatroz-eng.com/wp-login.php" "Mozilla/5.0 (Macintosh; Intel Mac OS X 10_15_7) AppleWebKit/605.1.15 (KHTML, like Gecko) Version/18.3 Safari/605.1.15"
62.193.192.154 - - [12/Jun/2026:00:20:17 +0100] "POST /wp-cron.php?doing_wp_cron=1781220017.5281078815460205078125 HTTP/1.0" 301 332 "https://albatroz.engineering/wp-cron.php?doing_wp_cron=1781220017.5281078815460205078125" "WordPress/5.9.5; https://albatroz.engineering"
68.178.160.25 - - [12/Jun/2026:00:20:16 +0100] "GET /wp-login.php HTTP/1.0" 200 8959 "-" "Mozilla/5.0 (Macintosh; Intel Mac OS X 14_7_4) AppleWebKit/537.36 (KHTML, like Gecko) Chrome/133.0.0.0 Safari/537.36"
68.178.160.25 - - [12/Jun/2026:00:20:18 +0100] "POST /wp-login.php HTTP/1.0" 200 9396 "https://albatroz.albatroz-eng.com/wp-login.php" "Mozilla/5.0 (Macintosh; Intel Mac OS X 14_7_4) AppleWebKit/537.36 (KHTML, like Gecko) Chrome/133.0.0.0 Safari/537.36"
194.163.172.142 - - [12/Jun/2026:00:23:36 +0100] "GET /wp-login.php HTTP/1.0" 301 285 "-" "Mozilla/5.0 (Windows NT 10.0; WOW64) AppleWebKit/537.36 (KHTML, like Gecko) Chrome/133.0.0.0 Safari/537.36"
97.74.87.194 - - [12/Jun/2026:00:24:06 +0100] "GET /wp-login.php HTTP/1.0" 301 285 "-" "Mozilla/5.0 (X11; Fedora; Linux x86_64) AppleWebKit/537.36 (KHTML, like Gecko) Chrome/133.0.0.0 Safari/537.36"
97.74.87.194 - - [12/Jun/2026:00:24:08 +0100] "POST /wp-login.php HTTP/1.0" 301 285 "https://albatroz.engineering/wp-login.php" "Mozilla/5.0 (X11; Fedora; Linux x86_64) AppleWebKit/537.36 (KHTML, like Gecko) Chrome/133.0.0.0 Safari/537.36"
62.193.192.154 - - [12/Jun/2026:00:24:21 +0100] "POST /wp-cron.php?doing_wp_cron=1781220261.0208768844604492187500 HTTP/1.0" 301 332 "https://albatroz.engineering/wp-cron.php?doing_wp_cron=1781220261.0208768844604492187500" "WordPress/5.9.5; https://albatroz.engineering"
165.22.116.110 - - [12/Jun/2026:00:24:19 +0100] "GET /wp-json/wp/v2/users/me HTTP/1.0" 401 98 "-" "Mozilla/5.0 (Windows NT 10.0; WOW64) AppleWebKit/537.36 (KHTML, like Gecko) Chrome/133.0.0.0 Safari/537.36"
47.79.201.228 - - [12/Jun/2026:00:24:38 +0100] "GET /en/solutions/plmi/faq-frequently-asked-questions-plmi HTTP/1.0" 301 - "https://www.google.com/" "Mozilla/5.0 (Linux; Android 10; K) AppleWebKit/537.36 (KHTML, like Gecko) Chrome/132.0.0.0 Mobile Safari/537.36"
47.79.201.228 - - [12/Jun/2026:00:24:40 +0100] "GET /en/solutions/plmi/faq-frequently-asked-questions-plmi/ HTTP/1.0" 200 132234 "https://www.google.com/" "Mozilla/5.0 (Linux; Android 10; K) AppleWebKit/537.36 (KHTML, like Gecko) Chrome/132.0.0.0 Mobile Safari/537.36"
46.224.76.22 - - [12/Jun/2026:00:25:22 +0100] "GET /wp-login.php HTTP/1.0" 301 285 "-" "Mozilla/5.0 (Macintosh; Intel Mac OS X 10_15_7) AppleWebKit/537.36 (KHTML, like Gecko) Chrome/133.0.0.0 Safari/537.36"
46.224.76.22 - - [12/Jun/2026:00:25:33 +0100] "POST /wp-login.php HTTP/1.0" 301 285 "https://albatroz.engineering/wp-login.php" "Mozilla/5.0 (Macintosh; Intel Mac OS X 10_15_7) AppleWebKit/537.36 (KHTML, like Gecko) Chrome/133.0.0.0 Safari/537.36"
45.117.169.86 - - [12/Jun/2026:00:26:53 +0100] "GET /wp-login.php HTTP/1.0" 301 285 "-" "Mozilla/5.0 (Windows NT 10.0; Win64; x64; rv:133.0) Gecko/20100101 Firefox/133.0"
62.193.192.154 - - [12/Jun/2026:00:27:25 +0100] "POST /wp-cron.php?doing_wp_cron=1781220445.5157320499420166015625 HTTP/1.0" 301 332 "https://albatroz.engineering/wp-cron.php?doing_wp_cron=1781220445.5157320499420166015625" "WordPress/5.9.5; https://albatroz.engineering"
119.195.102.159 - - [12/Jun/2026:00:27:24 +0100] "GET /wp-login.php HTTP/1.0" 200 8959 "-" "Mozilla/5.0 (X11; Fedora; Linux x86_64) AppleWebKit/537.36 (KHTML, like Gecko) Chrome/133.0.0.0 Safari/537.36"
119.195.102.159 - - [12/Jun/2026:00:27:27 +0100] "POST /wp-login.php HTTP/1.0" 200 9395 "https://albatroz.albatroz-eng.com/wp-login.php" "Mozilla/5.0 (X11; Fedora; Linux x86_64) AppleWebKit/537.36 (KHTML, like Gecko) Chrome/133.0.0.0 Safari/537.36"
217.217.254.45 - - [12/Jun/2026:00:28:46 +0100] "GET /wp-login.php HTTP/1.0" 301 285 "-" "Mozilla/5.0 (X11; CrOS x86_64 14541.0.0) AppleWebKit/537.36 (KHTML, like Gecko) Chrome/133.0.0.0 Safari/537.36"
217.217.254.45 - - [12/Jun/2026:00:28:48 +0100] "POST /wp-login.php HTTP/1.0" 301 285 "https://albatroz.engineering/wp-login.php" "Mozilla/5.0 (X11; CrOS x86_64 14541.0.0) AppleWebKit/537.36 (KHTML, like Gecko) Chrome/133.0.0.0 Safari/537.36"
209.74.93.184 - - [12/Jun/2026:00:36:02 +0100] "GET /wp-login.php HTTP/1.0" 301 285 "-" "Mozilla/5.0 (Macintosh; Intel Mac OS X 11_7_10) AppleWebKit/537.36 (KHTML, like Gecko) Chrome/133.0.0.0 Safari/537.36"
209.74.93.184 - - [12/Jun/2026:00:36:21 +0100] "POST /wp-login.php HTTP/1.0" 301 285 "https://albatroz.engineering/wp-login.php" "Mozilla/5.0 (Macintosh; Intel Mac OS X 11_7_10) AppleWebKit/537.36 (KHTML, like Gecko) Chrome/133.0.0.0 Safari/537.36"
37.27.234.213 - - [12/Jun/2026:00:37:01 +0100] "GET /wp-login.php HTTP/1.0" 301 285 "-" "Mozilla/5.0 (Macintosh; Intel Mac OS X 14_7_4) AppleWebKit/537.36 (KHTML, like Gecko) Chrome/133.0.0.0 Safari/537.36"
62.193.192.154 - - [12/Jun/2026:00:37:56 +0100] "POST /wp-cron.php?doing_wp_cron=1781221076.9219069480895996093750 HTTP/1.0" 301 332 "https://albatroz.engineering/wp-cron.php?doing_wp_cron=1781221076.9219069480895996093750" "WordPress/5.9.5; https://albatroz.engineering"
31.24.155.180 - - [12/Jun/2026:00:37:55 +0100] "GET /wp-login.php HTTP/1.0" 200 8959 "-" "Mozilla/5.0 (X11; Ubuntu; Linux x86_64; rv:133.0) Gecko/20100101 Firefox/133.0"
31.24.155.180 - - [12/Jun/2026:00:37:57 +0100] "POST /wp-login.php HTTP/1.0" 200 9395 "https://albatroz.albatroz-eng.com/wp-login.php" "Mozilla/5.0 (X11; Ubuntu; Linux x86_64; rv:133.0) Gecko/20100101 Firefox/133.0"
169.224.105.85 - - [12/Jun/2026:00:38:10 +0100] "GET /fr/contacts/ HTTP/1.0" 200 97252 "-" "Mozilla/5.0 (Macintosh; Intel Mac OS X 10_11_6) AppleWebKit/537.36 (KHTML, like Gecko) Brave Chrome/86.0.4240.198 Safari/537.36"
171.244.34.150 - - [12/Jun/2026:00:38:58 +0100] "GET /wp-login.php HTTP/1.0" 301 285 "-" "Mozilla/5.0 (Windows NT 10.0; Win64; x64) AppleWebKit/537.36 (KHTML, like Gecko) Chrome/133.0.0.0 Safari/537.36"
171.244.34.150 - - [12/Jun/2026:00:39:02 +0100] "POST /wp-login.php HTTP/1.0" 301 285 "https://albatroz.engineering/wp-login.php" "Mozilla/5.0 (Windows NT 10.0; Win64; x64) AppleWebKit/537.36 (KHTML, like Gecko) Chrome/133.0.0.0 Safari/537.36"
62.193.192.154 - - [12/Jun/2026:00:39:16 +0100] "POST /wp-cron.php?doing_wp_cron=1781221156.7208409309387207031250 HTTP/1.0" 301 332 "https://albatroz.engineering/wp-cron.php?doing_wp_cron=1781221156.7208409309387207031250" "WordPress/5.9.5; https://albatroz.engineering"
78.128.43.246 - - [12/Jun/2026:00:39:15 +0100] "GET /wp-login.php HTTP/1.0" 200 8959 "-" "Mozilla/5.0 (X11; CrOS x86_64 14541.0.0) AppleWebKit/537.36 (KHTML, like Gecko) Chrome/133.0.0.0 Safari/537.36"
78.128.43.246 - - [12/Jun/2026:00:39:23 +0100] "POST /wp-login.php HTTP/1.0" 200 9402 "https://albatroz.albatroz-eng.com/wp-login.php" "Mozilla/5.0 (X11; CrOS x86_64 14541.0.0) AppleWebKit/537.36 (KHTML, like Gecko) Chrome/133.0.0.0 Safari/537.36"
62.193.192.154 - - [12/Jun/2026:00:40:38 +0100] "POST /wp-cron.php?doing_wp_cron=1781221238.7339389324188232421875 HTTP/1.0" 301 332 "https://albatroz.engineering/wp-cron.php?doing_wp_cron=1781221238.7339389324188232421875" "WordPress/5.9.5; https://albatroz.engineering"
167.233.63.196 - - [12/Jun/2026:00:40:37 +0100] "GET /wp-login.php HTTP/1.0" 200 8959 "-" "Mozilla/5.0 (X11; Ubuntu; Linux x86_64) AppleWebKit/537.36 (KHTML, like Gecko) Chrome/133.0.0.0 Safari/537.36"
167.233.63.196 - - [12/Jun/2026:00:40:38 +0100] "POST /wp-login.php HTTP/1.0" 200 9396 "https://albatroz.albatroz-eng.com/wp-login.php" "Mozilla/5.0 (X11; Ubuntu; Linux x86_64) AppleWebKit/537.36 (KHTML, like Gecko) Chrome/133.0.0.0 Safari/537.36"
46.224.76.22 - - [12/Jun/2026:00:41:05 +0100] "GET /wp-login.php HTTP/1.0" 200 8959 "-" "Mozilla/5.0 (Windows NT 10.0; Win64; x64) AppleWebKit/537.36 (KHTML, like Gecko) Chrome/120.0.0.0 Safari/537.36"
46.224.76.22 - - [12/Jun/2026:00:41:06 +0100] "POST /wp-login.php HTTP/1.0" 200 9408 "https://albatroz.albatroz-eng.com/wp-login.php" "Mozilla/5.0 (Windows NT 10.0; Win64; x64) AppleWebKit/537.36 (KHTML, like Gecko) Chrome/120.0.0.0 Safari/537.36"
185.68.18.52 - - [12/Jun/2026:00:42:06 +0100] "GET /wp-login.php HTTP/1.0" 301 285 "-" "Mozilla/5.0 (Windows NT 10.0; Win64; x64) AppleWebKit/537.36 (KHTML, like Gecko) Chrome/120.0.0.0 Safari/537.36"
62.193.192.154 - - [12/Jun/2026:00:42:23 +0100] "POST /wp-cron.php?doing_wp_cron=1781221343.6261711120605468750000 HTTP/1.0" 301 332 "https://albatroz.engineering/wp-cron.php?doing_wp_cron=1781221343.6261711120605468750000" "WordPress/5.9.5; https://albatroz.engineering"
40.77.167.3 - - [12/Jun/2026:00:42:22 +0100] "GET /en/?lang=en&s=2026 HTTP/1.0" 200 89356 "-" "Mozilla/5.0 AppleWebKit/537.36 (KHTML, like Gecko; compatible; bingbot/2.0; +http://www.bing.com/bingbot.htm) Chrome/116.0.1938.76 Safari/537.36"
121.200.216.56 - - [12/Jun/2026:00:43:27 +0100] "GET /wp-login.php HTTP/1.0" 301 285 "-" "Mozilla/5.0 (Windows NT 10.0; Win64; x64) AppleWebKit/537.36 (KHTML, like Gecko) Chrome/120.0.0.0 Safari/537.36"
46.224.76.22 - - [12/Jun/2026:00:44:44 +0100] "GET /wp-login.php HTTP/1.0" 301 285 "-" "Mozilla/5.0 (Windows NT 10.0; Win64; x64) AppleWebKit/537.36 (KHTML, like Gecko) Chrome/120.0.0.0 Safari/537.36"
62.193.192.154 - - [12/Jun/2026:00:45:42 +0100] "POST /wp-cron.php?doing_wp_cron=1781221541.9336230754852294921875 HTTP/1.0" 301 332 "https://albatroz.engineering/wp-cron.php?doing_wp_cron=1781221541.9336230754852294921875" "WordPress/5.9.5; https://albatroz.engineering"
121.200.216.56 - - [12/Jun/2026:00:45:40 +0100] "GET /wp-json/wp/v2/users/me HTTP/1.0" 401 98 "-" "Mozilla/5.0 (Windows NT 10.0; WOW64) AppleWebKit/537.36 (KHTML, like Gecko) Chrome/133.0.0.0 Safari/537.36"
62.193.192.154 - - [12/Jun/2026:00:48:14 +0100] "POST /wp-cron.php?doing_wp_cron=1781221694.8078320026397705078125 HTTP/1.0" 301 332 "https://albatroz.engineering/wp-cron.php?doing_wp_cron=1781221694.8078320026397705078125" "WordPress/5.9.5; https://albatroz.engineering"
172.194.139.254 - - [12/Jun/2026:00:48:13 +0100] "GET /wp-login.php HTTP/1.0" 200 8959 "-" "Mozilla/5.0 (Windows NT 10.0; WOW64) AppleWebKit/537.36 (KHTML, like Gecko) Chrome/133.0.0.0 Safari/537.36"
172.194.139.254 - - [12/Jun/2026:00:48:15 +0100] "POST /wp-login.php HTTP/1.0" 200 9395 "https://albatroz.albatroz-eng.com/wp-login.php" "Mozilla/5.0 (Windows NT 10.0; WOW64) AppleWebKit/537.36 (KHTML, like Gecko) Chrome/133.0.0.0 Safari/537.36"
62.193.192.154 - - [12/Jun/2026:00:49:41 +0100] "POST /wp-cron.php?doing_wp_cron=1781221781.0300879478454589843750 HTTP/1.0" 301 332 "https://albatroz.engineering/wp-cron.php?doing_wp_cron=1781221781.0300879478454589843750" "WordPress/5.9.5; https://albatroz.engineering"
34.101.101.253 - - [12/Jun/2026:00:49:39 +0100] "GET /wp-json/wp/v2/users/me HTTP/1.0" 401 98 "-" "Mozilla/5.0 (X11; Linux x86_64; rv:133.0) Gecko/20100101 Firefox/133.0"
62.193.192.154 - - [12/Jun/2026:00:50:53 +0100] "POST /wp-cron.php?doing_wp_cron=1781221853.9295430183410644531250 HTTP/1.0" 301 332 "https://albatroz.engineering/wp-cron.php?doing_wp_cron=1781221853.9295430183410644531250" "WordPress/5.9.5; https://albatroz.engineering"
217.217.254.45 - - [12/Jun/2026:00:50:52 +0100] "GET /wp-login.php HTTP/1.0" 200 8959 "-" "Mozilla/5.0 (X11; Linux x86_64; rv:133.0) Gecko/20100101 Firefox/133.0"
217.217.254.45 - - [12/Jun/2026:00:50:54 +0100] "POST /wp-login.php HTTP/1.0" 200 9396 "https://albatroz.albatroz-eng.com/wp-login.php" "Mozilla/5.0 (X11; Linux x86_64; rv:133.0) Gecko/20100101 Firefox/133.0"
103.127.30.137 - - [12/Jun/2026:00:51:46 +0100] "GET /wp-login.php HTTP/1.0" 301 285 "-" "Mozilla/5.0 (Windows NT 10.0; Win64; x64) AppleWebKit/537.36 (KHTML, like Gecko) Chrome/133.0.0.0 Safari/537.36"
62.193.192.154 - - [12/Jun/2026:00:51:55 +0100] "POST /wp-cron.php?doing_wp_cron=1781221915.4339230060577392578125 HTTP/1.0" 301 332 "https://albatroz.engineering/wp-cron.php?doing_wp_cron=1781221915.4339230060577392578125" "WordPress/5.9.5; https://albatroz.engineering"
185.191.171.11 - - [12/Jun/2026:00:51:54 +0100] "GET /robots.txt HTTP/1.0" 200 67 "-" "Mozilla/5.0 (compatible; SemrushBot/7~bl; +http://www.semrush.com/bot.html)"
185.191.171.7 - - [12/Jun/2026:00:51:56 +0100] "GET /solucoes/adrs/ HTTP/1.0" 200 97356 "-" "Mozilla/5.0 (compatible; SemrushBot/7~bl; +http://www.semrush.com/bot.html)"
132.255.164.117 - - [12/Jun/2026:00:52:22 +0100] "GET /wp-login.php HTTP/1.0" 301 285 "-" "Mozilla/5.0 (X11; Fedora; Linux x86_64) AppleWebKit/537.36 (KHTML, like Gecko) Chrome/133.0.0.0 Safari/537.36"
41.251.157.155 - - [12/Jun/2026:00:52:41 +0100] "GET /carreiras/educacao/ HTTP/1.0" 200 108506 "-" "Mozilla/5.0 (Macintosh; Intel Mac OS X 10_15_7) AppleWebKit/537.36 (KHTML, like Gecko) Chrome/96.0.4664.93 Safari/537.36"
20.220.167.94 - - [12/Jun/2026:00:53:38 +0100] "GET /wp-content/plugins/hellopress/wp_filemanager.php HTTP/1.0" 404 5749 "-" "-"
20.220.167.94 - - [12/Jun/2026:00:53:38 +0100] "GET /this_is_a_new_hello_world.php HTTP/1.0" 404 5749 "-" "-"
20.220.167.94 - - [12/Jun/2026:00:53:39 +0100] "GET /wp-Blogs.php HTTP/1.0" 404 5749 "-" "-"
62.193.192.154 - - [12/Jun/2026:00:53:59 +0100] "POST /wp-cron.php?doing_wp_cron=1781222039.5271120071411132812500 HTTP/1.0" 301 332 "https://albatroz.engineering/wp-cron.php?doing_wp_cron=1781222039.5271120071411132812500" "WordPress/5.9.5; https://albatroz.engineering"
173.236.215.92 - - [12/Jun/2026:00:53:58 +0100] "GET /wp-login.php HTTP/1.0" 200 8959 "-" "Mozilla/5.0 (Macintosh; Intel Mac OS X 10_15_7) AppleWebKit/537.36 (KHTML, like Gecko) Chrome/133.0.0.0 Safari/537.36 Edg/133.0.0.0"
173.236.215.92 - - [12/Jun/2026:00:53:59 +0100] "POST /wp-login.php HTTP/1.0" 200 9402 "https://albatroz.albatroz-eng.com/wp-login.php" "Mozilla/5.0 (Macintosh; Intel Mac OS X 10_15_7) AppleWebKit/537.36 (KHTML, like Gecko) Chrome/133.0.0.0 Safari/537.36 Edg/133.0.0.0"
46.224.76.22 - - [12/Jun/2026:00:56:12 +0100] "GET /wp-login.php HTTP/1.0" 301 285 "-" "Mozilla/5.0 (Windows NT 10.0; Win64; x64) AppleWebKit/537.36 (KHTML, like Gecko) Chrome/120.0.0.0 Safari/537.36"
51.68.247.208 - - [12/Jun/2026:00:56:46 +0100] "GET /robots.txt HTTP/1.0" 200 67 "-" "Mozilla/5.0 (compatible; AhrefsBot/7.0; +http://ahrefs.com/robot/)"
198.244.240.191 - - [12/Jun/2026:00:56:49 +0100] "GET /fr/eriac-2015/ HTTP/1.0" 200 96172 "-" "Mozilla/5.0 (compatible; AhrefsBot/7.0; +http://ahrefs.com/robot/)"
201.185.202.232 - - [12/Jun/2026:00:57:48 +0100] "GET /en/solutions/gio/ HTTP/1.0" 200 103973 "-" "Mozilla/5.0 (Windows NT 6.1; WOW64) AppleWebKit/537.36 (KHTML, like Gecko) Chrome/96.0.4664.45 Safari/537.36"
217.217.254.45 - - [12/Jun/2026:00:57:49 +0100] "GET /wp-login.php HTTP/1.0" 200 8959 "-" "Mozilla/5.0 (X11; Fedora; Linux x86_64) AppleWebKit/537.36 (KHTML, like Gecko) Chrome/133.0.0.0 Safari/537.36"
217.217.254.45 - - [12/Jun/2026:00:57:51 +0100] "POST /wp-login.php HTTP/1.0" 200 9408 "https://albatroz.albatroz-eng.com/wp-login.php" "Mozilla/5.0 (X11; Fedora; Linux x86_64) AppleWebKit/537.36 (KHTML, like Gecko) Chrome/133.0.0.0 Safari/537.36"
119.195.102.159 - - [12/Jun/2026:00:58:41 +0100] "GET /wp-login.php HTTP/1.0" 301 285 "-" "Mozilla/5.0 (X11; Ubuntu; Linux x86_64; rv:133.0) Gecko/20100101 Firefox/133.0"
97.74.87.194 - - [12/Jun/2026:00:59:52 +0100] "GET /wp-login.php HTTP/1.0" 301 285 "-" "Mozilla/5.0 (X11; Linux x86_64; rv:133.0) Gecko/20100101 Firefox/133.0"
62.193.192.154 - - [12/Jun/2026:01:00:09 +0100] "POST /wp-cron.php?doing_wp_cron=1781222409.8294520378112792968750 HTTP/1.0" 301 332 "https://albatroz.engineering/wp-cron.php?doing_wp_cron=1781222409.8294520378112792968750" "WordPress/5.9.5; https://albatroz.engineering"
97.74.87.194 - - [12/Jun/2026:01:00:08 +0100] "GET /wp-json/wp/v2/users/me HTTP/1.0" 401 98 "-" "Mozilla/5.0 (X11; Linux x86_64; rv:133.0) Gecko/20100101 Firefox/133.0"
198.244.242.123 - - [12/Jun/2026:01:00:58 +0100] "GET /wp-content/uploads/siteorigin-widgets/sow-image-default-d6014b76747a-7965.css?ver=5.9.5 HTTP/1.0" 301 360 "-" "Mozilla/5.0 (compatible; AhrefsBot/7.0; +http://ahrefs.com/robot/)"
62.193.192.154 - - [12/Jun/2026:01:05:36 +0100] "POST /wp-cron.php?doing_wp_cron=1781222736.4045560359954833984375 HTTP/1.0" 301 332 "https://albatroz.engineering/wp-cron.php?doing_wp_cron=1781222736.4045560359954833984375" "WordPress/5.9.5; https://albatroz.engineering"
103.127.30.137 - - [12/Jun/2026:01:05:34 +0100] "GET /wp-login.php HTTP/1.0" 200 8959 "-" "Mozilla/5.0 (X11; Ubuntu; Linux x86_64; rv:133.0) Gecko/20100101 Firefox/133.0"
104.210.140.138 - - [12/Jun/2026:01:05:50 +0100] "GET /robots.txt HTTP/1.0" 200 67 "-" "Mozilla/5.0 (Macintosh; Intel Mac OS X 10_15_7) AppleWebKit/537.36 (KHTML, like Gecko) Chrome/131.0.0.0 Safari/537.36; compatible; OAI-SearchBot/1.0; +https://openai.com/searchbot"
103.127.30.137 - - [12/Jun/2026:01:05:55 +0100] "GET /wp-json/wp/v2/users/me HTTP/1.0" 401 98 "-" "Mozilla/5.0 (X11; Ubuntu; Linux x86_64; rv:133.0) Gecko/20100101 Firefox/133.0"
68.178.160.25 - - [12/Jun/2026:01:06:14 +0100] "GET /wp-login.php HTTP/1.0" 301 285 "-" "Mozilla/5.0 (Windows NT 10.0; WOW64) AppleWebKit/537.36 (KHTML, like Gecko) Chrome/133.0.0.0 Safari/537.36"
68.178.160.25 - - [12/Jun/2026:01:06:24 +0100] "POST /wp-login.php HTTP/1.0" 301 285 "https://albatroz.engineering/wp-login.php" "Mozilla/5.0 (Windows NT 10.0; WOW64) AppleWebKit/537.36 (KHTML, like Gecko) Chrome/133.0.0.0 Safari/537.36"
62.193.192.154 - - [12/Jun/2026:01:08:22 +0100] "POST /wp-cron.php?doing_wp_cron=1781222902.2237091064453125000000 HTTP/1.0" 301 332 "https://albatroz.engineering/wp-cron.php?doing_wp_cron=1781222902.2237091064453125000000" "WordPress/5.9.5; https://albatroz.engineering"
85.208.96.208 - - [12/Jun/2026:01:08:20 +0100] "GET /tag/target-fencing/ HTTP/1.0" 200 99898 "-" "Mozilla/5.0 (compatible; SemrushBot/7~bl; +http://www.semrush.com/bot.html)"
85.208.96.204 - - [12/Jun/2026:01:08:23 +0100] "GET /tag/target-fencing/ HTTP/1.0" 301 - "-" "Mozilla/5.0 (compatible; SemrushBot/7~bl; +http://www.semrush.com/bot.html)"
68.178.160.25 - - [12/Jun/2026:01:08:36 +0100] "GET /wp-login.php HTTP/1.0" 301 285 "-" "Mozilla/5.0 (X11; Ubuntu; Linux x86_64; rv:133.0) Gecko/20100101 Firefox/133.0"
68.178.160.25 - - [12/Jun/2026:01:08:45 +0100] "POST /wp-login.php HTTP/1.0" 301 285 "https://albatroz.engineering/wp-login.php" "Mozilla/5.0 (X11; Ubuntu; Linux x86_64; rv:133.0) Gecko/20100101 Firefox/133.0"
62.193.192.154 - - [12/Jun/2026:01:10:18 +0100] "POST /wp-cron.php?doing_wp_cron=1781223018.1213510036468505859375 HTTP/1.0" 301 332 "https://albatroz.engineering/wp-cron.php?doing_wp_cron=1781223018.1213510036468505859375" "WordPress/5.9.5; https://albatroz.engineering"
152.53.111.131 - - [12/Jun/2026:01:10:16 +0100] "GET /wp-login.php HTTP/1.0" 200 8959 "-" "Mozilla/5.0 (Windows NT 10.0; Win64; x64; rv:133.0) Gecko/20100101 Firefox/133.0"
152.53.111.131 - - [12/Jun/2026:01:10:18 +0100] "POST /wp-login.php HTTP/1.0" 200 9396 "https://albatroz.albatroz-eng.com/wp-login.php" "Mozilla/5.0 (Windows NT 10.0; Win64; x64; rv:133.0) Gecko/20100101 Firefox/133.0"
210.211.99.176 - - [12/Jun/2026:01:10:32 +0100] "GET /wp-login.php HTTP/1.0" 200 8959 "-" "Mozilla/5.0 (X11; Linux i686) AppleWebKit/537.36 (KHTML, like Gecko) Chrome/133.0.0.0 Safari/537.36"
103.82.21.169 - - [12/Jun/2026:01:10:52 +0100] "GET /wp-login.php HTTP/1.0" 301 285 "-" "Mozilla/5.0 (Windows NT 10.0; Win64; x64) AppleWebKit/537.36 (KHTML, like Gecko) Chrome/120.0.0.0 Safari/537.36"
62.193.192.154 - - [12/Jun/2026:01:11:34 +0100] "POST /wp-cron.php?doing_wp_cron=1781223094.6242370605468750000000 HTTP/1.0" 301 332 "https://albatroz.engineering/wp-cron.php?doing_wp_cron=1781223094.6242370605468750000000" "WordPress/5.9.5; https://albatroz.engineering"
74.208.38.160 - - [12/Jun/2026:01:11:33 +0100] "GET /wp-login.php HTTP/1.0" 200 8959 "-" "Mozilla/5.0 (Windows NT 10.0; Win64; x64) AppleWebKit/537.36 (KHTML, like Gecko) Chrome/120.0.0.0 Safari/537.36"
74.208.38.160 - - [12/Jun/2026:01:11:34 +0100] "POST /wp-login.php HTTP/1.0" 200 9395 "https://albatroz.albatroz-eng.com/wp-login.php" "Mozilla/5.0 (Windows NT 10.0; Win64; x64) AppleWebKit/537.36 (KHTML, like Gecko) Chrome/120.0.0.0 Safari/537.36"
62.193.192.154 - - [12/Jun/2026:01:13:18 +0100] "POST /wp-cron.php?doing_wp_cron=1781223198.4161889553070068359375 HTTP/1.0" 301 332 "https://albatroz.engineering/wp-cron.php?doing_wp_cron=1781223198.4161889553070068359375" "WordPress/5.9.5; https://albatroz.engineering"
91.98.140.41 - - [12/Jun/2026:01:13:16 +0100] "GET /wp-login.php HTTP/1.0" 200 8959 "-" "Mozilla/5.0 (Windows NT 10.0; Win64; x64) AppleWebKit/537.36 (KHTML, like Gecko) Chrome/120.0.0.0 Safari/537.36"
91.98.140.41 - - [12/Jun/2026:01:13:18 +0100] "POST /wp-login.php HTTP/1.0" 200 9408 "https://albatroz.albatroz-eng.com/wp-login.php" "Mozilla/5.0 (Windows NT 10.0; Win64; x64) AppleWebKit/537.36 (KHTML, like Gecko) Chrome/120.0.0.0 Safari/537.36"
192.250.239.252 - - [12/Jun/2026:01:14:10 +0100] "GET /wp-login.php HTTP/1.0" 200 8959 "-" "Mozilla/5.0 (Windows NT 10.0; Win64; x64) AppleWebKit/537.36 (KHTML, like Gecko) Chrome/120.0.0.0 Safari/537.36"
192.250.239.252 - - [12/Jun/2026:01:14:12 +0100] "POST /wp-login.php HTTP/1.0" 200 9402 "https://albatroz.albatroz-eng.com/wp-login.php" "Mozilla/5.0 (Windows NT 10.0; Win64; x64) AppleWebKit/537.36 (KHTML, like Gecko) Chrome/120.0.0.0 Safari/537.36"
208.109.188.137 - - [12/Jun/2026:01:16:13 +0100] "GET /wp-login.php HTTP/1.0" 301 285 "-" "Mozilla/5.0 (Windows NT 10.0; Win64; x64) AppleWebKit/537.36 (KHTML, like Gecko) Chrome/120.0.0.0 Safari/537.36"
62.193.192.154 - - [12/Jun/2026:01:16:30 +0100] "POST /wp-cron.php?doing_wp_cron=1781223390.6054620742797851562500 HTTP/1.0" 301 332 "https://albatroz.engineering/wp-cron.php?doing_wp_cron=1781223390.6054620742797851562500" "WordPress/5.9.5; https://albatroz.engineering"
185.191.171.5 - - [12/Jun/2026:01:16:28 +0100] "GET /fr/carriere/offres-demploi/ HTTP/1.0" 301 - "-" "Mozilla/5.0 (compatible; SemrushBot/7~bl; +http://www.semrush.com/bot.html)"
85.208.96.210 - - [12/Jun/2026:01:16:31 +0100] "GET /fr/carriere/offres-demploi/ HTTP/1.0" 200 97967 "-" "Mozilla/5.0 (compatible; SemrushBot/7~bl; +http://www.semrush.com/bot.html)"
132.255.164.117 - - [12/Jun/2026:01:18:19 +0100] "GET /wp-login.php HTTP/1.0" 301 285 "-" "Mozilla/5.0 (Windows NT 10.0; WOW64) AppleWebKit/537.36 (KHTML, like Gecko) Chrome/133.0.0.0 Safari/537.36"
37.27.234.213 - - [12/Jun/2026:01:20:49 +0100] "GET /wp-login.php HTTP/1.0" 301 285 "-" "Mozilla/5.0 (Macintosh; Intel Mac OS X 11_7_10) AppleWebKit/537.36 (KHTML, like Gecko) Chrome/133.0.0.0 Safari/537.36"
37.27.234.213 - - [12/Jun/2026:01:21:00 +0100] "POST /wp-login.php HTTP/1.0" 301 285 "https://albatroz.engineering/wp-login.php" "Mozilla/5.0 (Macintosh; Intel Mac OS X 11_7_10) AppleWebKit/537.36 (KHTML, like Gecko) Chrome/133.0.0.0 Safari/537.36"
62.193.192.154 - - [12/Jun/2026:01:21:32 +0100] "POST /wp-cron.php?doing_wp_cron=1781223692.4192159175872802734375 HTTP/1.0" 301 332 "https://albatroz.engineering/wp-cron.php?doing_wp_cron=1781223692.4192159175872802734375" "WordPress/5.9.5; https://albatroz.engineering"
78.142.18.172 - - [12/Jun/2026:01:21:31 +0100] "GET /wp-login.php HTTP/1.0" 200 8959 "-" "Mozilla/5.0 (Macintosh; Intel Mac OS X 11_7_10) AppleWebKit/537.36 (KHTML, like Gecko) Chrome/133.0.0.0 Safari/537.36"
78.142.18.172 - - [12/Jun/2026:01:21:32 +0100] "POST /wp-login.php HTTP/1.0" 200 9396 "https://albatroz.albatroz-eng.com/wp-login.php" "Mozilla/5.0 (Macintosh; Intel Mac OS X 11_7_10) AppleWebKit/537.36 (KHTML, like Gecko) Chrome/133.0.0.0 Safari/537.36"
52.167.144.24 - - [12/Jun/2026:01:22:05 +0100] "GET /en/ohl-assessment-and-risk-evaluation-based-on-environmental-and-inspection-data/ HTTP/1.0" 200 100671 "-" "Mozilla/5.0 AppleWebKit/537.36 (KHTML, like Gecko; compatible; bingbot/2.0; +http://www.bing.com/bingbot.htm) Chrome/116.0.1938.76 Safari/537.36"
68.178.160.25 - - [12/Jun/2026:01:22:26 +0100] "GET /wp-login.php HTTP/1.0" 301 285 "-" "Mozilla/5.0 (X11; Linux i686) AppleWebKit/537.36 (KHTML, like Gecko) Chrome/133.0.0.0 Safari/537.36"
68.178.160.25 - - [12/Jun/2026:01:22:34 +0100] "POST /wp-login.php HTTP/1.0" 301 285 "https://albatroz.engineering/wp-login.php" "Mozilla/5.0 (X11; Linux i686) AppleWebKit/537.36 (KHTML, like Gecko) Chrome/133.0.0.0 Safari/537.36"
192.185.4.166 - - [12/Jun/2026:01:24:21 +0100] "GET /wp-login.php HTTP/1.0" 301 285 "-" "Mozilla/5.0 (Windows NT 10.0; Win64; x64) AppleWebKit/537.36 (KHTML, like Gecko) Chrome/120.0.0.0 Safari/537.36"
62.193.192.154 - - [12/Jun/2026:01:26:57 +0100] "POST /wp-cron.php?doing_wp_cron=1781224016.9298880100250244140625 HTTP/1.0" 301 332 "https://albatroz.engineering/wp-cron.php?doing_wp_cron=1781224016.9298880100250244140625" "WordPress/5.9.5; https://albatroz.engineering"
192.185.4.126 - - [12/Jun/2026:01:26:55 +0100] "GET /wp-login.php HTTP/1.0" 200 8959 "-" "Mozilla/5.0 (Windows NT 10.0; Win64; x64) AppleWebKit/537.36 (KHTML, like Gecko) Chrome/120.0.0.0 Safari/537.36"
192.185.4.126 - - [12/Jun/2026:01:27:00 +0100] "POST /wp-login.php HTTP/1.0" 200 9396 "https://albatroz.albatroz-eng.com/wp-login.php" "Mozilla/5.0 (Windows NT 10.0; Win64; x64) AppleWebKit/537.36 (KHTML, like Gecko) Chrome/120.0.0.0 Safari/537.36"
62.193.192.154 - - [12/Jun/2026:01:28:59 +0100] "POST /wp-cron.php?doing_wp_cron=1781224139.0139579772949218750000 HTTP/1.0" 301 332 "https://albatroz.engineering/wp-cron.php?doing_wp_cron=1781224139.0139579772949218750000" "WordPress/5.9.5; https://albatroz.engineering"
68.178.160.25 - - [12/Jun/2026:01:28:57 +0100] "GET /wp-json/wp/v2/users/me HTTP/1.0" 401 98 "-" "Mozilla/5.0 (X11; CrOS x86_64 14541.0.0) AppleWebKit/537.36 (KHTML, like Gecko) Chrome/133.0.0.0 Safari/537.36"
62.193.192.154 - - [12/Jun/2026:01:30:17 +0100] "POST /wp-cron.php?doing_wp_cron=1781224217.0082659721374511718750 HTTP/1.0" 301 332 "https://albatroz.engineering/wp-cron.php?doing_wp_cron=1781224217.0082659721374511718750" "WordPress/5.9.5; https://albatroz.engineering"
185.176.8.77 - - [12/Jun/2026:01:30:15 +0100] "GET /wp-login.php HTTP/1.0" 200 8959 "-" "Mozilla/5.0 (Windows NT 10.0) AppleWebKit/537.36 (KHTML, like Gecko) Chrome/133.0.0.0 Safari/537.36"
185.176.8.77 - - [12/Jun/2026:01:30:17 +0100] "POST /wp-login.php HTTP/1.0" 200 9402 "https://albatroz.albatroz-eng.com/wp-login.php" "Mozilla/5.0 (Windows NT 10.0) AppleWebKit/537.36 (KHTML, like Gecko) Chrome/133.0.0.0 Safari/537.36"
5.175.167.71 - - [12/Jun/2026:01:31:09 +0100] "GET /wp-login.php HTTP/1.0" 301 285 "-" "Mozilla/5.0 (Windows NT 10.0; Win64; x64) AppleWebKit/537.36 (KHTML, like Gecko) Chrome/120.0.0.0 Safari/537.36"
62.193.192.154 - - [12/Jun/2026:01:31:47 +0100] "POST /wp-cron.php?doing_wp_cron=1781224307.2110259532928466796875 HTTP/1.0" 301 332 "https://albatroz.engineering/wp-cron.php?doing_wp_cron=1781224307.2110259532928466796875" "WordPress/5.9.5; https://albatroz.engineering"
209.74.93.184 - - [12/Jun/2026:01:31:45 +0100] "GET /wp-login.php HTTP/1.0" 200 8959 "-" "Mozilla/5.0 (X11; Linux x86_64) AppleWebKit/537.36 (KHTML, like Gecko) Chrome/133.0.0.0 Safari/537.36 Edg/133.0.0.0"
209.74.93.184 - - [12/Jun/2026:01:31:47 +0100] "POST /wp-login.php HTTP/1.0" 200 9396 "https://albatroz.albatroz-eng.com/wp-login.php" "Mozilla/5.0 (X11; Linux x86_64) AppleWebKit/537.36 (KHTML, like Gecko) Chrome/133.0.0.0 Safari/537.36 Edg/133.0.0.0"
62.193.192.154 - - [12/Jun/2026:01:34:05 +0100] "POST /wp-cron.php?doing_wp_cron=1781224445.7315149307250976562500 HTTP/1.0" 301 332 "https://albatroz.engineering/wp-cron.php?doing_wp_cron=1781224445.7315149307250976562500" "WordPress/5.9.5; https://albatroz.engineering"
34.101.101.253 - - [12/Jun/2026:01:34:04 +0100] "GET /wp-login.php HTTP/1.0" 200 8959 "-" "Mozilla/5.0 (X11; Linux x86_64) AppleWebKit/537.36 (KHTML, like Gecko) Chrome/133.0.0.0 Safari/537.36 Edg/133.0.0.0"
34.101.101.253 - - [12/Jun/2026:01:34:06 +0100] "POST /wp-login.php HTTP/1.0" 200 9408 "https://albatroz.albatroz-eng.com/wp-login.php" "Mozilla/5.0 (X11; Linux x86_64) AppleWebKit/537.36 (KHTML, like Gecko) Chrome/133.0.0.0 Safari/537.36 Edg/133.0.0.0"
185.191.171.4 - - [12/Jun/2026:01:34:13 +0100] "GET /quem-somos/equipa/ HTTP/1.0" 301 - "-" "Mozilla/5.0 (compatible; SemrushBot/7~bl; +http://www.semrush.com/bot.html)"
85.208.96.200 - - [12/Jun/2026:01:34:15 +0100] "GET /quem-somos/equipa/ HTTP/1.0" 200 111907 "-" "Mozilla/5.0 (compatible; SemrushBot/7~bl; +http://www.semrush.com/bot.html)"
103.166.184.148 - - [12/Jun/2026:01:35:21 +0100] "GET /wp-login.php HTTP/1.0" 301 285 "-" "Mozilla/5.0 (X11; Ubuntu; Linux x86_64) AppleWebKit/537.36 (KHTML, like Gecko) Chrome/133.0.0.0 Safari/537.36"
103.166.184.148 - - [12/Jun/2026:01:35:26 +0100] "POST /wp-login.php HTTP/1.0" 301 285 "https://albatroz.engineering/wp-login.php" "Mozilla/5.0 (X11; Ubuntu; Linux x86_64) AppleWebKit/537.36 (KHTML, like Gecko) Chrome/133.0.0.0 Safari/537.36"
62.193.192.154 - - [12/Jun/2026:01:36:43 +0100] "POST /wp-cron.php?doing_wp_cron=1781224603.8155169486999511718750 HTTP/1.0" 301 332 "https://albatroz.engineering/wp-cron.php?doing_wp_cron=1781224603.8155169486999511718750" "WordPress/5.9.5; https://albatroz.engineering"
185.191.171.5 - - [12/Jun/2026:01:36:42 +0100] "GET /tag/chaplin/ HTTP/1.0" 200 96974 "-" "Mozilla/5.0 (compatible; SemrushBot/7~bl; +http://www.semrush.com/bot.html)"
185.191.171.13 - - [12/Jun/2026:01:36:45 +0100] "GET /tag/chaplin/ HTTP/1.0" 301 - "-" "Mozilla/5.0 (compatible; SemrushBot/7~bl; +http://www.semrush.com/bot.html)"
62.193.192.154 - - [12/Jun/2026:01:38:47 +0100] "POST /wp-cron.php?doing_wp_cron=1781224727.5117878913879394531250 HTTP/1.0" 301 332 "https://albatroz.engineering/wp-cron.php?doing_wp_cron=1781224727.5117878913879394531250" "WordPress/5.9.5; https://albatroz.engineering"
37.27.234.213 - - [12/Jun/2026:01:38:46 +0100] "GET /wp-login.php HTTP/1.0" 200 8959 "-" "Mozilla/5.0 (Windows NT 10.0; Win64; x64) AppleWebKit/537.36 (KHTML, like Gecko) Chrome/133.0.0.0 Safari/537.36"
37.27.234.213 - - [12/Jun/2026:01:38:47 +0100] "POST /wp-login.php HTTP/1.0" 200 9395 "https://albatroz.albatroz-eng.com/wp-login.php" "Mozilla/5.0 (Windows NT 10.0; Win64; x64) AppleWebKit/537.36 (KHTML, like Gecko) Chrome/133.0.0.0 Safari/537.36"
163.223.13.54 - - [12/Jun/2026:01:39:25 +0100] "GET /wp-login.php HTTP/1.0" 301 285 "-" "Mozilla/5.0 (Windows NT 10.0) AppleWebKit/537.36 (KHTML, like Gecko) Chrome/133.0.0.0 Safari/537.36"
163.223.13.54 - - [12/Jun/2026:01:39:29 +0100] "POST /wp-login.php HTTP/1.0" 301 285 "https://albatroz.engineering/wp-login.php" "Mozilla/5.0 (Windows NT 10.0) AppleWebKit/537.36 (KHTML, like Gecko) Chrome/133.0.0.0 Safari/537.36"
62.193.192.154 - - [12/Jun/2026:01:39:55 +0100] "POST /wp-cron.php?doing_wp_cron=1781224795.7069311141967773437500 HTTP/1.0" 301 332 "https://albatroz.engineering/wp-cron.php?doing_wp_cron=1781224795.7069311141967773437500" "WordPress/5.9.5; https://albatroz.engineering"
168.63.79.147 - - [12/Jun/2026:01:39:54 +0100] "GET /wp-login.php HTTP/1.0" 200 8959 "-" "Mozilla/5.0 (Macintosh; Intel Mac OS X 10_15_7) AppleWebKit/537.36 (KHTML, like Gecko) Chrome/133.0.0.0 Safari/537.36 Edg/133.0.0.0"
168.63.79.147 - - [12/Jun/2026:01:39:57 +0100] "POST /wp-login.php HTTP/1.0" 200 9402 "https://albatroz.albatroz-eng.com/wp-login.php" "Mozilla/5.0 (Macintosh; Intel Mac OS X 10_15_7) AppleWebKit/537.36 (KHTML, like Gecko) Chrome/133.0.0.0 Safari/537.36 Edg/133.0.0.0"
185.191.171.7 - - [12/Jun/2026:01:40:24 +0100] "GET /en/tag/slam-en/ HTTP/1.0" 200 89996 "-" "Mozilla/5.0 (compatible; SemrushBot/7~bl; +http://www.semrush.com/bot.html)"
62.193.192.154 - - [12/Jun/2026:01:41:38 +0100] "POST /wp-cron.php?doing_wp_cron=1781224898.4297869205474853515625 HTTP/1.0" 301 332 "https://albatroz.engineering/wp-cron.php?doing_wp_cron=1781224898.4297869205474853515625" "WordPress/5.9.5; https://albatroz.engineering"
103.124.95.115 - - [12/Jun/2026:01:41:37 +0100] "GET /wp-login.php HTTP/1.0" 200 8959 "-" "Mozilla/5.0 (X11; Fedora; Linux x86_64) AppleWebKit/537.36 (KHTML, like Gecko) Chrome/133.0.0.0 Safari/537.36"
103.124.95.115 - - [12/Jun/2026:01:41:39 +0100] "POST /wp-login.php HTTP/1.0" 200 9396 "https://albatroz.albatroz-eng.com/wp-login.php" "Mozilla/5.0 (X11; Fedora; Linux x86_64) AppleWebKit/537.36 (KHTML, like Gecko) Chrome/133.0.0.0 Safari/537.36"
62.193.192.154 - - [12/Jun/2026:01:43:49 +0100] "POST /wp-cron.php?doing_wp_cron=1781225029.4360129833221435546875 HTTP/1.0" 301 332 "https://albatroz.engineering/wp-cron.php?doing_wp_cron=1781225029.4360129833221435546875" "WordPress/5.9.5; https://albatroz.engineering"
173.236.215.92 - - [12/Jun/2026:01:43:48 +0100] "GET /wp-login.php HTTP/1.0" 200 8959 "-" "Mozilla/5.0 (X11; Fedora; Linux x86_64) AppleWebKit/537.36 (KHTML, like Gecko) Chrome/133.0.0.0 Safari/537.36"
173.236.215.92 - - [12/Jun/2026:01:43:49 +0100] "POST /wp-login.php HTTP/1.0" 200 9408 "https://albatroz.albatroz-eng.com/wp-login.php" "Mozilla/5.0 (X11; Fedora; Linux x86_64) AppleWebKit/537.36 (KHTML, like Gecko) Chrome/133.0.0.0 Safari/537.36"
68.178.160.25 - - [12/Jun/2026:01:46:46 +0100] "GET /wp-login.php HTTP/1.0" 301 285 "-" "Mozilla/5.0 (Windows NT 10.0) AppleWebKit/537.36 (KHTML, like Gecko) Chrome/133.0.0.0 Safari/537.36"
62.193.192.154 - - [12/Jun/2026:01:47:01 +0100] "POST /wp-cron.php?doing_wp_cron=1781225221.3186869621276855468750 HTTP/1.0" 301 332 "https://albatroz.engineering/wp-cron.php?doing_wp_cron=1781225221.3186869621276855468750" "WordPress/5.9.5; https://albatroz.engineering"
85.208.96.206 - - [12/Jun/2026:01:46:59 +0100] "GET /9229/ HTTP/1.0" 301 - "-" "Mozilla/5.0 (compatible; SemrushBot/7~bl; +http://www.semrush.com/bot.html)"
85.208.96.211 - - [12/Jun/2026:01:47:02 +0100] "GET /9229/ HTTP/1.0" 200 94766 "-" "Mozilla/5.0 (compatible; SemrushBot/7~bl; +http://www.semrush.com/bot.html)"
163.223.13.54 - - [12/Jun/2026:01:47:51 +0100] "GET /wp-login.php HTTP/1.0" 200 8959 "-" "Mozilla/5.0 (Macintosh; Intel Mac OS X 10_15_7) AppleWebKit/605.1.15 (KHTML, like Gecko) Version/18.3 Safari/605.1.15"
198.244.168.45 - - [12/Jun/2026:01:47:51 +0100] "GET /en/junho-2016-newsletter/ HTTP/1.0" 200 95218 "-" "Mozilla/5.0 (compatible; AhrefsBot/7.0; +http://ahrefs.com/robot/)"
163.223.13.54 - - [12/Jun/2026:01:47:53 +0100] "POST /wp-login.php HTTP/1.0" 200 9402 "https://albatroz.albatroz-eng.com/wp-login.php" "Mozilla/5.0 (Macintosh; Intel Mac OS X 10_15_7) AppleWebKit/605.1.15 (KHTML, like Gecko) Version/18.3 Safari/605.1.15"
62.193.192.154 - - [12/Jun/2026:01:48:51 +0100] "POST /wp-cron.php?doing_wp_cron=1781225331.5156118869781494140625 HTTP/1.0" 301 332 "https://albatroz.engineering/wp-cron.php?doing_wp_cron=1781225331.5156118869781494140625" "WordPress/5.9.5; https://albatroz.engineering"
217.217.254.45 - - [12/Jun/2026:01:48:50 +0100] "GET /wp-json/wp/v2/users/me HTTP/1.0" 401 98 "-" "Mozilla/5.0 (Windows NT 10.0) AppleWebKit/537.36 (KHTML, like Gecko) Chrome/133.0.0.0 Safari/537.36"
62.193.192.154 - - [12/Jun/2026:01:51:23 +0100] "POST /wp-cron.php?doing_wp_cron=1781225483.0231640338897705078125 HTTP/1.0" 301 332 "https://albatroz.engineering/wp-cron.php?doing_wp_cron=1781225483.0231640338897705078125" "WordPress/5.9.5; https://albatroz.engineering"
103.200.22.140 - - [12/Jun/2026:01:51:21 +0100] "GET /wp-login.php HTTP/1.0" 200 8959 "-" "Mozilla/5.0 (X11; Ubuntu; Linux x86_64; rv:133.0) Gecko/20100101 Firefox/133.0"
103.200.22.140 - - [12/Jun/2026:01:51:24 +0100] "POST /wp-login.php HTTP/1.0" 200 9396 "https://albatroz.albatroz-eng.com/wp-login.php" "Mozilla/5.0 (X11; Ubuntu; Linux x86_64; rv:133.0) Gecko/20100101 Firefox/133.0"
209.42.20.53 - - [12/Jun/2026:01:51:32 +0100] "GET /wp-login.php HTTP/1.0" 200 8959 "-" "Mozilla/5.0 (Windows NT 10.0; Win64; x64) AppleWebKit/537.36 (KHTML, like Gecko) Chrome/120.0.0.0 Safari/537.36"
209.42.20.53 - - [12/Jun/2026:01:51:33 +0100] "POST /wp-login.php HTTP/1.0" 200 9396 "https://albatroz.albatroz-eng.com/wp-login.php" "Mozilla/5.0 (Windows NT 10.0; Win64; x64) AppleWebKit/537.36 (KHTML, like Gecko) Chrome/120.0.0.0 Safari/537.36"
185.181.252.147 - - [12/Jun/2026:01:53:56 +0100] "GET /wp-login.php HTTP/1.0" 301 285 "-" "Mozilla/5.0 (Macintosh; Intel Mac OS X 10_15_7) AppleWebKit/537.36 (KHTML, like Gecko) Chrome/133.0.0.0 Safari/537.36"
62.193.192.154 - - [12/Jun/2026:01:54:56 +0100] "POST /wp-cron.php?doing_wp_cron=1781225696.9196610450744628906250 HTTP/1.0" 301 332 "https://albatroz.engineering/wp-cron.php?doing_wp_cron=1781225696.9196610450744628906250" "WordPress/5.9.5; https://albatroz.engineering"
46.224.76.22 - - [12/Jun/2026:01:54:55 +0100] "GET /wp-login.php HTTP/1.0" 200 8959 "-" "Mozilla/5.0 (Windows NT 10.0; Win64; x64) AppleWebKit/537.36 (KHTML, like Gecko) Chrome/120.0.0.0 Safari/537.36"
46.224.76.22 - - [12/Jun/2026:01:54:57 +0100] "POST /wp-login.php HTTP/1.0" 200 9402 "https://albatroz.albatroz-eng.com/wp-login.php" "Mozilla/5.0 (Windows NT 10.0; Win64; x64) AppleWebKit/537.36 (KHTML, like Gecko) Chrome/120.0.0.0 Safari/537.36"
119.195.102.159 - - [12/Jun/2026:01:56:13 +0100] "GET /wp-login.php HTTP/1.0" 301 285 "-" "Mozilla/5.0 (Windows NT 10.0; WOW64) AppleWebKit/537.36 (KHTML, like Gecko) Chrome/133.0.0.0 Safari/537.36"
62.193.192.154 - - [12/Jun/2026:01:56:22 +0100] "POST /wp-cron.php?doing_wp_cron=1781225782.2230999469757080078125 HTTP/1.0" 301 332 "https://albatroz.engineering/wp-cron.php?doing_wp_cron=1781225782.2230999469757080078125" "WordPress/5.9.5; https://albatroz.engineering"
3.248.209.120 - - [12/Jun/2026:01:56:20 +0100] "GET /wp-login.php HTTP/1.0" 200 8959 "-" "Mozilla/5.0 (X11; Linux i686) AppleWebKit/537.36 (KHTML, like Gecko) Chrome/133.0.0.0 Safari/537.36"
3.248.209.120 - - [12/Jun/2026:01:56:26 +0100] "POST /wp-login.php HTTP/1.0" 200 9402 "https://albatroz.albatroz-eng.com/wp-login.php" "Mozilla/5.0 (X11; Linux i686) AppleWebKit/537.36 (KHTML, like Gecko) Chrome/133.0.0.0 Safari/537.36"
119.195.102.159 - - [12/Jun/2026:01:56:31 +0100] "GET /wp-json/wp/v2/users/me HTTP/1.0" 401 98 "-" "Mozilla/5.0 (Windows NT 10.0; WOW64) AppleWebKit/537.36 (KHTML, like Gecko) Chrome/133.0.0.0 Safari/537.36"
62.193.192.154 - - [12/Jun/2026:01:58:35 +0100] "POST /wp-cron.php?doing_wp_cron=1781225915.6250460147857666015625 HTTP/1.0" 301 332 "https://albatroz.engineering/wp-cron.php?doing_wp_cron=1781225915.6250460147857666015625" "WordPress/5.9.5; https://albatroz.engineering"
68.178.160.25 - - [12/Jun/2026:01:58:34 +0100] "GET /wp-login.php HTTP/1.0" 200 8959 "-" "Mozilla/5.0 (Macintosh; Intel Mac OS X 10_15_7) AppleWebKit/537.36 (KHTML, like Gecko) Chrome/133.0.0.0 Safari/537.36 Edg/133.0.0.0"
68.178.160.25 - - [12/Jun/2026:01:58:36 +0100] "POST /wp-login.php HTTP/1.0" 200 9395 "https://albatroz.albatroz-eng.com/wp-login.php" "Mozilla/5.0 (Macintosh; Intel Mac OS X 10_15_7) AppleWebKit/537.36 (KHTML, like Gecko) Chrome/133.0.0.0 Safari/537.36 Edg/133.0.0.0"
78.142.18.172 - - [12/Jun/2026:01:59:24 +0100] "GET /wp-login.php HTTP/1.0" 301 285 "-" "Mozilla/5.0 (X11; Linux x86_64; rv:133.0) Gecko/20100101 Firefox/133.0"
62.193.192.154 - - [12/Jun/2026:01:59:44 +0100] "POST /wp-cron.php?doing_wp_cron=1781225984.1058719158172607421875 HTTP/1.0" 301 332 "https://albatroz.engineering/wp-cron.php?doing_wp_cron=1781225984.1058719158172607421875" "WordPress/5.9.5; https://albatroz.engineering"
78.142.18.172 - - [12/Jun/2026:01:59:42 +0100] "GET /wp-json/wp/v2/users/me HTTP/1.0" 401 98 "-" "Mozilla/5.0 (X11; Linux x86_64; rv:133.0) Gecko/20100101 Firefox/133.0"
62.193.192.154 - - [12/Jun/2026:01:59:44 +0100] "POST /wp-cron.php?doing_wp_cron=1781225984.5140619277954101562500 HTTP/1.0" 301 332 "https://albatroz.engineering/wp-cron.php?doing_wp_cron=1781225984.5140619277954101562500" "WordPress/5.9.5; https://albatroz.engineering"
185.68.18.52 - - [12/Jun/2026:01:59:42 +0100] "GET /wp-login.php HTTP/1.0" 200 8959 "-" "Mozilla/5.0 (Windows NT 10.0; Win64; x64) AppleWebKit/537.36 (KHTML, like Gecko) Chrome/120.0.0.0 Safari/537.36"
185.68.18.52 - - [12/Jun/2026:01:59:47 +0100] "POST /wp-login.php HTTP/1.0" 200 9408 "https://albatroz.albatroz-eng.com/wp-login.php" "Mozilla/5.0 (Windows NT 10.0; Win64; x64) AppleWebKit/537.36 (KHTML, like Gecko) Chrome/120.0.0.0 Safari/537.36"
132.255.164.117 - - [12/Jun/2026:02:00:19 +0100] "GET /wp-login.php HTTP/1.0" 301 285 "-" "Mozilla/5.0 (Macintosh; Intel Mac OS X 10_15_7) AppleWebKit/537.36 (KHTML, like Gecko) Chrome/133.0.0.0 Safari/537.36 Edg/133.0.0.0"
37.27.234.213 - - [12/Jun/2026:02:00:59 +0100] "GET /wp-login.php HTTP/1.0" 301 285 "-" "Mozilla/5.0 (Macintosh; Intel Mac OS X 11_7_10) AppleWebKit/537.36 (KHTML, like Gecko) Chrome/133.0.0.0 Safari/537.36"
