20.219.39.254 - - [11/Jun/2026:18:48:57 +0100] "GET /index.php HTTP/1.0" 404 3416 "-" "Mozilla/5.0 (Windows NT 10.0; Win64; x64) AppleWebKit/537.36 (KHTML, like Gecko) Chrome/120.0.0.0 Safari/537.36"
20.219.39.254 - - [11/Jun/2026:18:48:57 +0100] "GET /about.php HTTP/1.0" 404 3416 "-" "Mozilla/5.0 (Windows NT 10.0; Win64; x64) AppleWebKit/537.36 (KHTML, like Gecko) Chrome/120.0.0.0 Safari/537.36"
20.219.39.254 - - [11/Jun/2026:18:48:57 +0100] "GET /randkeyword.php HTTP/1.0" 404 3416 "-" "Mozilla/5.0 (Windows NT 10.0; Win64; x64) AppleWebKit/537.36 (KHTML, like Gecko) Chrome/120.0.0.0 Safari/537.36"
163.223.13.54 - - [11/Jun/2026:18:48:56 +0100] "POST /wp-login.php HTTP/1.0" 200 9408 "https://albatroz.albatroz-eng.com/wp-login.php" "Mozilla/5.0 (Windows NT 10.0; WOW64) AppleWebKit/537.36 (KHTML, like Gecko) Chrome/133.0.0.0 Safari/537.36"
20.219.39.254 - - [11/Jun/2026:18:48:57 +0100] "GET /goods.php HTTP/1.0" 404 3416 "-" "Mozilla/5.0 (Windows NT 10.0; Win64; x64) AppleWebKit/537.36 (KHTML, like Gecko) Chrome/120.0.0.0 Safari/537.36"
20.219.39.254 - - [11/Jun/2026:18:48:58 +0100] "GET /hehe.php HTTP/1.0" 404 3416 "-" "Mozilla/5.0 (Windows NT 10.0; Win64; x64) AppleWebKit/537.36 (KHTML, like Gecko) Chrome/120.0.0.0 Safari/537.36"
20.219.39.254 - - [11/Jun/2026:18:48:58 +0100] "GET /user.php HTTP/1.0" 404 3416 "-" "Mozilla/5.0 (Windows NT 10.0; Win64; x64) AppleWebKit/537.36 (KHTML, like Gecko) Chrome/120.0.0.0 Safari/537.36"
20.219.39.254 - - [11/Jun/2026:18:48:58 +0100] "GET /wp-2019.php HTTP/1.0" 404 3416 "-" "Mozilla/5.0 (Windows NT 10.0; Win64; x64) AppleWebKit/537.36 (KHTML, like Gecko) Chrome/120.0.0.0 Safari/537.36"
20.219.39.254 - - [11/Jun/2026:18:48:58 +0100] "GET /chosen.php HTTP/1.0" 404 3416 "-" "Mozilla/5.0 (Windows NT 10.0; Win64; x64) AppleWebKit/537.36 (KHTML, like Gecko) Chrome/120.0.0.0 Safari/537.36"
20.219.39.254 - - [11/Jun/2026:18:48:58 +0100] "GET /functions.php HTTP/1.0" 404 3416 "-" "Mozilla/5.0 (Windows NT 10.0; Win64; x64) AppleWebKit/537.36 (KHTML, like Gecko) Chrome/120.0.0.0 Safari/537.36"
20.219.39.254 - - [11/Jun/2026:18:48:58 +0100] "GET /cron.php HTTP/1.0" 404 3416 "-" "Mozilla/5.0 (Windows NT 10.0; Win64; x64) AppleWebKit/537.36 (KHTML, like Gecko) Chrome/120.0.0.0 Safari/537.36"
20.219.39.254 - - [11/Jun/2026:18:48:58 +0100] "GET /edit.php HTTP/1.0" 404 3416 "-" "Mozilla/5.0 (Windows NT 10.0; Win64; x64) AppleWebKit/537.36 (KHTML, like Gecko) Chrome/120.0.0.0 Safari/537.36"
20.219.39.254 - - [11/Jun/2026:18:48:59 +0100] "GET /gecko-new.php HTTP/1.0" 404 3416 "-" "Mozilla/5.0 (Windows NT 10.0; Win64; x64) AppleWebKit/537.36 (KHTML, like Gecko) Chrome/120.0.0.0 Safari/537.36"
20.219.39.254 - - [11/Jun/2026:18:48:59 +0100] "GET /cookie.php HTTP/1.0" 404 3416 "-" "Mozilla/5.0 (Windows NT 10.0; Win64; x64) AppleWebKit/537.36 (KHTML, like Gecko) Chrome/120.0.0.0 Safari/537.36"
20.219.39.254 - - [11/Jun/2026:18:48:59 +0100] "GET /xleet.php HTTP/1.0" 404 3416 "-" "Mozilla/5.0 (Windows NT 10.0; Win64; x64) AppleWebKit/537.36 (KHTML, like Gecko) Chrome/120.0.0.0 Safari/537.36"
20.219.39.254 - - [11/Jun/2026:18:48:59 +0100] "GET /root.php HTTP/1.0" 404 3416 "-" "Mozilla/5.0 (Windows NT 10.0; Win64; x64) AppleWebKit/537.36 (KHTML, like Gecko) Chrome/120.0.0.0 Safari/537.36"
20.219.39.254 - - [11/Jun/2026:18:48:59 +0100] "GET /menu.php HTTP/1.0" 404 3416 "-" "Mozilla/5.0 (Windows NT 10.0; Win64; x64) AppleWebKit/537.36 (KHTML, like Gecko) Chrome/120.0.0.0 Safari/537.36"
20.219.39.254 - - [11/Jun/2026:18:48:59 +0100] "GET /plugin.php HTTP/1.0" 404 3416 "-" "Mozilla/5.0 (Windows NT 10.0; Win64; x64) AppleWebKit/537.36 (KHTML, like Gecko) Chrome/120.0.0.0 Safari/537.36"
20.219.39.254 - - [11/Jun/2026:18:49:00 +0100] "GET /cloud.php HTTP/1.0" 404 3416 "-" "Mozilla/5.0 (Windows NT 10.0; Win64; x64) AppleWebKit/537.36 (KHTML, like Gecko) Chrome/120.0.0.0 Safari/537.36"
20.219.39.254 - - [11/Jun/2026:18:49:00 +0100] "GET /configs.php HTTP/1.0" 404 3416 "-" "Mozilla/5.0 (Windows NT 10.0; Win64; x64) AppleWebKit/537.36 (KHTML, like Gecko) Chrome/120.0.0.0 Safari/537.36"
20.219.39.254 - - [11/Jun/2026:18:49:00 +0100] "GET /wp-configs.php HTTP/1.0" 404 3416 "-" "Mozilla/5.0 (Windows NT 10.0; Win64; x64) AppleWebKit/537.36 (KHTML, like Gecko) Chrome/120.0.0.0 Safari/537.36"
20.219.39.254 - - [11/Jun/2026:18:49:00 +0100] "GET /update.php HTTP/1.0" 404 3416 "-" "Mozilla/5.0 (Windows NT 10.0; Win64; x64) AppleWebKit/537.36 (KHTML, like Gecko) Chrome/120.0.0.0 Safari/537.36"
20.219.39.254 - - [11/Jun/2026:18:49:00 +0100] "GET /2.php HTTP/1.0" 404 3416 "-" "Mozilla/5.0 (Windows NT 10.0; Win64; x64) AppleWebKit/537.36 (KHTML, like Gecko) Chrome/120.0.0.0 Safari/537.36"
20.219.39.254 - - [11/Jun/2026:18:49:00 +0100] "GET /input.php HTTP/1.0" 404 3416 "-" "Mozilla/5.0 (Windows NT 10.0; Win64; x64) AppleWebKit/537.36 (KHTML, like Gecko) Chrome/120.0.0.0 Safari/537.36"
20.219.39.254 - - [11/Jun/2026:18:49:00 +0100] "GET /aaa.php HTTP/1.0" 404 3416 "-" "Mozilla/5.0 (Windows NT 10.0; Win64; x64) AppleWebKit/537.36 (KHTML, like Gecko) Chrome/120.0.0.0 Safari/537.36"
213.171.208.62 - - [11/Jun/2026:18:49:44 +0100] "GET /wp-login.php HTTP/1.0" 301 285 "-" "Mozilla/5.0 (Windows NT 10.0; Win64; x64; rv:133.0) Gecko/20100101 Firefox/133.0"
213.171.208.62 - - [11/Jun/2026:18:49:48 +0100] "POST /wp-login.php HTTP/1.0" 301 285 "https://albatroz.engineering/wp-login.php" "Mozilla/5.0 (Windows NT 10.0; Win64; x64; rv:133.0) Gecko/20100101 Firefox/133.0"
62.193.192.154 - - [11/Jun/2026:18:50:38 +0100] "POST /wp-cron.php?doing_wp_cron=1781200238.3228499889373779296875 HTTP/1.0" 301 332 "https://albatroz.engineering/wp-cron.php?doing_wp_cron=1781200238.3228499889373779296875" "WordPress/5.9.5; https://albatroz.engineering"
138.246.253.24 - - [11/Jun/2026:18:50:36 +0100] "GET /robots.txt HTTP/1.0" 200 67 "-" "Mozilla/5.0 (Windows NT 10.0; Win64; x64) AppleWebKit/537.36 (KHTML, like Gecko) Chrome/103.0.5060.134 Safari/537.36"
141.98.11.117 - - [11/Jun/2026:18:50:47 +0100] "GET /wp-login.php HTTP/1.0" 301 285 "-" "Mozilla/5.0 (Windows NT 10.0; Win64; x64) AppleWebKit/537.36 (KHTML, like Gecko) Chrome/120.0.0.0 Safari/537.36"
62.193.192.154 - - [11/Jun/2026:18:53:04 +0100] "POST /wp-cron.php?doing_wp_cron=1781200384.6268129348754882812500 HTTP/1.0" 301 332 "https://albatroz.engineering/wp-cron.php?doing_wp_cron=1781200384.6268129348754882812500" "WordPress/5.9.5; https://albatroz.engineering"
208.109.188.137 - - [11/Jun/2026:18:53:02 +0100] "GET /wp-login.php HTTP/1.0" 200 8959 "-" "Mozilla/5.0 (Windows NT 10.0; Win64; x64) AppleWebKit/537.36 (KHTML, like Gecko) Chrome/120.0.0.0 Safari/537.36"
208.109.188.137 - - [11/Jun/2026:18:53:04 +0100] "POST /wp-login.php HTTP/1.0" 200 9395 "https://albatroz.albatroz-eng.com/wp-login.php" "Mozilla/5.0 (Windows NT 10.0; Win64; x64) AppleWebKit/537.36 (KHTML, like Gecko) Chrome/120.0.0.0 Safari/537.36"
62.193.192.154 - - [11/Jun/2026:18:54:11 +0100] "POST /wp-cron.php?doing_wp_cron=1781200451.8182239532470703125000 HTTP/1.0" 301 332 "https://albatroz.engineering/wp-cron.php?doing_wp_cron=1781200451.8182239532470703125000" "WordPress/5.9.5; https://albatroz.engineering"
145.223.131.0 - - [11/Jun/2026:18:54:10 +0100] "GET /fr/tag/interoperabilidade-fr/ HTTP/1.0" 200 96752 "-" "Mozilla/5.0 (Linux; Android 13; Pixel 7) AppleWebKit/537.36 (KHTML, like Gecko) Chrome/131.0.0.0 Mobile Safari/537.36"
171.244.34.150 - - [11/Jun/2026:18:54:20 +0100] "GET /wp-json/wp/v2/users/me HTTP/1.0" 401 98 "-" "Mozilla/5.0 (Macintosh; Intel Mac OS X 11_7_10) AppleWebKit/537.36 (KHTML, like Gecko) Chrome/133.0.0.0 Safari/537.36"
195.142.108.235 - - [11/Jun/2026:18:55:25 +0100] "GET /wp-login.php HTTP/1.0" 301 285 "-" "Mozilla/5.0 (Windows NT 10.0; Win64; x64) AppleWebKit/537.36 (KHTML, like Gecko) Chrome/133.0.0.0 Safari/537.36 Edg/133.0.0.0"
195.142.108.235 - - [11/Jun/2026:18:55:31 +0100] "POST /wp-login.php HTTP/1.0" 301 285 "https://albatroz.engineering/wp-login.php" "Mozilla/5.0 (Windows NT 10.0; Win64; x64) AppleWebKit/537.36 (KHTML, like Gecko) Chrome/133.0.0.0 Safari/537.36 Edg/133.0.0.0"
62.193.192.154 - - [11/Jun/2026:18:55:37 +0100] "POST /wp-cron.php?doing_wp_cron=1781200537.0311200618743896484375 HTTP/1.0" 301 332 "https://albatroz.engineering/wp-cron.php?doing_wp_cron=1781200537.0311200618743896484375" "WordPress/5.9.5; https://albatroz.engineering"
210.211.99.176 - - [11/Jun/2026:18:55:35 +0100] "GET /wp-login.php HTTP/1.0" 200 8959 "-" "Mozilla/5.0 (Windows NT 10.0; Win64; x64) AppleWebKit/537.36 (KHTML, like Gecko) Chrome/120.0.0.0 Safari/537.36"
210.211.99.176 - - [11/Jun/2026:18:55:39 +0100] "POST /wp-login.php HTTP/1.0" 200 9396 "https://albatroz.albatroz-eng.com/wp-login.php" "Mozilla/5.0 (Windows NT 10.0; Win64; x64) AppleWebKit/537.36 (KHTML, like Gecko) Chrome/120.0.0.0 Safari/537.36"
62.193.192.154 - - [11/Jun/2026:18:57:22 +0100] "POST /wp-cron.php?doing_wp_cron=1781200642.5237960815429687500000 HTTP/1.0" 301 332 "https://albatroz.engineering/wp-cron.php?doing_wp_cron=1781200642.5237960815429687500000" "WordPress/5.9.5; https://albatroz.engineering"
185.101.227.71 - - [11/Jun/2026:18:57:20 +0100] "GET /wp-login.php HTTP/1.0" 200 8959 "-" "Mozilla/5.0 (X11; Linux i686) AppleWebKit/537.36 (KHTML, like Gecko) Chrome/133.0.0.0 Safari/537.36"
185.101.227.71 - - [11/Jun/2026:18:57:22 +0100] "POST /wp-login.php HTTP/1.0" 200 9396 "https://albatroz.albatroz-eng.com/wp-login.php" "Mozilla/5.0 (X11; Linux i686) AppleWebKit/537.36 (KHTML, like Gecko) Chrome/133.0.0.0 Safari/537.36"
62.193.192.154 - - [11/Jun/2026:18:59:04 +0100] "POST /wp-cron.php?doing_wp_cron=1781200744.0160949230194091796875 HTTP/1.0" 301 332 "https://albatroz.engineering/wp-cron.php?doing_wp_cron=1781200744.0160949230194091796875" "WordPress/5.9.5; https://albatroz.engineering"
195.142.108.235 - - [11/Jun/2026:18:59:02 +0100] "GET /wp-login.php HTTP/1.0" 200 8959 "-" "Mozilla/5.0 (Macintosh; Intel Mac OS X 10_15_7) AppleWebKit/537.36 (KHTML, like Gecko) Chrome/133.0.0.0 Safari/537.36"
195.142.108.235 - - [11/Jun/2026:18:59:04 +0100] "POST /wp-login.php HTTP/1.0" 200 9408 "https://albatroz.albatroz-eng.com/wp-login.php" "Mozilla/5.0 (Macintosh; Intel Mac OS X 10_15_7) AppleWebKit/537.36 (KHTML, like Gecko) Chrome/133.0.0.0 Safari/537.36"
209.38.251.46 - - [11/Jun/2026:18:59:49 +0100] "GET /wp-login.php HTTP/1.0" 301 285 "-" "Mozilla/5.0 (Macintosh; Intel Mac OS X 14_7_4) AppleWebKit/537.36 (KHTML, like Gecko) Chrome/133.0.0.0 Safari/537.36"
209.38.251.46 - - [11/Jun/2026:18:59:51 +0100] "POST /wp-login.php HTTP/1.0" 301 285 "https://albatroz.engineering/wp-login.php" "Mozilla/5.0 (Macintosh; Intel Mac OS X 14_7_4) AppleWebKit/537.36 (KHTML, like Gecko) Chrome/133.0.0.0 Safari/537.36"
185.101.227.71 - - [11/Jun/2026:19:01:58 +0100] "GET /wp-login.php HTTP/1.0" 301 285 "-" "Mozilla/5.0 (Macintosh; Intel Mac OS X 14_7_4) AppleWebKit/537.36 (KHTML, like Gecko) Chrome/133.0.0.0 Safari/537.36"
185.101.227.71 - - [11/Jun/2026:19:02:07 +0100] "POST /wp-login.php HTTP/1.0" 301 285 "https://albatroz.engineering/wp-login.php" "Mozilla/5.0 (Macintosh; Intel Mac OS X 14_7_4) AppleWebKit/537.36 (KHTML, like Gecko) Chrome/133.0.0.0 Safari/537.36"
62.193.192.154 - - [11/Jun/2026:19:05:02 +0100] "POST /wp-cron.php?doing_wp_cron=1781201101.8138880729675292968750 HTTP/1.0" 301 332 "https://albatroz.engineering/wp-cron.php?doing_wp_cron=1781201101.8138880729675292968750" "WordPress/5.9.5; https://albatroz.engineering"
103.127.30.137 - - [11/Jun/2026:19:05:00 +0100] "GET /wp-login.php HTTP/1.0" 200 8959 "-" "Mozilla/5.0 (Windows NT 10.0; Win64; x64) AppleWebKit/537.36 (KHTML, like Gecko) Chrome/133.0.0.0 Safari/537.36 Edg/133.0.0.0"
103.127.30.137 - - [11/Jun/2026:19:05:04 +0100] "POST /wp-login.php HTTP/1.0" 200 9395 "https://albatroz.albatroz-eng.com/wp-login.php" "Mozilla/5.0 (Windows NT 10.0; Win64; x64) AppleWebKit/537.36 (KHTML, like Gecko) Chrome/133.0.0.0 Safari/537.36 Edg/133.0.0.0"
50.87.144.172 - - [11/Jun/2026:19:05:43 +0100] "GET /wp-login.php HTTP/1.0" 301 285 "-" "Mozilla/5.0 (Windows NT 10.0; Win64; x64) AppleWebKit/537.36 (KHTML, like Gecko) Chrome/120.0.0.0 Safari/537.36"
47.79.201.80 - - [11/Jun/2026:19:05:44 +0100] "GET /fr/nouvelles/publications-scientifiques-et-techniques HTTP/1.0" 301 - "https://www.google.com/" "Mozilla/5.0 (Linux; Android 10; K) AppleWebKit/537.36 (KHTML, like Gecko) Chrome/132.0.0.0 Mobile Safari/537.36"
47.79.201.80 - - [11/Jun/2026:19:05:46 +0100] "GET /fr/nouvelles/publications-scientifiques-et-techniques/ HTTP/1.0" 200 158342 "https://www.google.com/" "Mozilla/5.0 (Linux; Android 10; K) AppleWebKit/537.36 (KHTML, like Gecko) Chrome/132.0.0.0 Mobile Safari/537.36"
62.193.192.154 - - [11/Jun/2026:19:06:13 +0100] "POST /wp-cron.php?doing_wp_cron=1781201173.4255089759826660156250 HTTP/1.0" 301 332 "https://albatroz.engineering/wp-cron.php?doing_wp_cron=1781201173.4255089759826660156250" "WordPress/5.9.5; https://albatroz.engineering"
46.224.76.22 - - [11/Jun/2026:19:06:12 +0100] "GET /wp-login.php HTTP/1.0" 200 8959 "-" "Mozilla/5.0 (Windows NT 10.0; Win64; x64) AppleWebKit/537.36 (KHTML, like Gecko) Chrome/120.0.0.0 Safari/537.36"
46.224.76.22 - - [11/Jun/2026:19:06:13 +0100] "POST /wp-login.php HTTP/1.0" 200 9395 "https://albatroz.albatroz-eng.com/wp-login.php" "Mozilla/5.0 (Windows NT 10.0; Win64; x64) AppleWebKit/537.36 (KHTML, like Gecko) Chrome/120.0.0.0 Safari/537.36"
62.193.192.154 - - [11/Jun/2026:19:07:19 +0100] "POST /wp-cron.php?doing_wp_cron=1781201239.3101649284362792968750 HTTP/1.0" 301 332 "https://albatroz.engineering/wp-cron.php?doing_wp_cron=1781201239.3101649284362792968750" "WordPress/5.9.5; https://albatroz.engineering"
47.79.206.63 - - [11/Jun/2026:19:07:17 +0100] "GET /fr/june-2014-newsletter HTTP/1.0" 301 - "https://www.google.com/" "Mozilla/5.0 (Linux; Android 10; K) AppleWebKit/537.36 (KHTML, like Gecko) Chrome/132.0.0.0 Mobile Safari/537.36"
108.179.194.19 - - [11/Jun/2026:19:07:21 +0100] "GET /wp-login.php HTTP/1.0" 301 285 "-" "Mozilla/5.0 (Windows NT 10.0; Win64; x64) AppleWebKit/537.36 (KHTML, like Gecko) Chrome/120.0.0.0 Safari/537.36"
47.79.206.63 - - [11/Jun/2026:19:07:19 +0100] "GET /fr/june-2014-newsletter/ HTTP/1.0" 200 95640 "https://www.google.com/" "Mozilla/5.0 (Linux; Android 10; K) AppleWebKit/537.36 (KHTML, like Gecko) Chrome/132.0.0.0 Mobile Safari/537.36"
34.101.101.253 - - [11/Jun/2026:19:07:59 +0100] "GET /wp-login.php HTTP/1.0" 200 8959 "-" "Mozilla/5.0 (X11; CrOS x86_64 14541.0.0) AppleWebKit/537.36 (KHTML, like Gecko) Chrome/133.0.0.0 Safari/537.36"
34.101.101.253 - - [11/Jun/2026:19:08:01 +0100] "POST /wp-login.php HTTP/1.0" 200 9396 "https://albatroz.albatroz-eng.com/wp-login.php" "Mozilla/5.0 (X11; CrOS x86_64 14541.0.0) AppleWebKit/537.36 (KHTML, like Gecko) Chrome/133.0.0.0 Safari/537.36"
97.74.87.194 - - [11/Jun/2026:19:11:44 +0100] "GET /wp-login.php HTTP/1.0" 301 285 "-" "Mozilla/5.0 (Macintosh; Intel Mac OS X 10_15_7) AppleWebKit/537.36 (KHTML, like Gecko) Chrome/133.0.0.0 Safari/537.36"
97.74.87.194 - - [11/Jun/2026:19:11:58 +0100] "POST /wp-login.php HTTP/1.0" 301 285 "https://albatroz.engineering/wp-login.php" "Mozilla/5.0 (Macintosh; Intel Mac OS X 10_15_7) AppleWebKit/537.36 (KHTML, like Gecko) Chrome/133.0.0.0 Safari/537.36"
97.74.87.194 - - [11/Jun/2026:19:14:25 +0100] "GET /wp-login.php HTTP/1.0" 301 285 "-" "Mozilla/5.0 (Macintosh; Intel Mac OS X 10_15_7) AppleWebKit/605.1.15 (KHTML, like Gecko) Version/18.3 Safari/605.1.15"
62.193.192.154 - - [11/Jun/2026:19:14:45 +0100] "POST /wp-cron.php?doing_wp_cron=1781201684.8276159763336181640625 HTTP/1.0" 301 332 "https://albatroz.engineering/wp-cron.php?doing_wp_cron=1781201684.8276159763336181640625" "WordPress/5.9.5; https://albatroz.engineering"
97.74.87.194 - - [11/Jun/2026:19:14:43 +0100] "GET /wp-json/wp/v2/users/me HTTP/1.0" 401 98 "-" "Mozilla/5.0 (Macintosh; Intel Mac OS X 10_15_7) AppleWebKit/605.1.15 (KHTML, like Gecko) Version/18.3 Safari/605.1.15"
193.164.5.58 - - [11/Jun/2026:19:19:42 +0100] "GET /wp-login.php HTTP/1.0" 301 285 "-" "Mozilla/5.0 (X11; Ubuntu; Linux x86_64) AppleWebKit/537.36 (KHTML, like Gecko) Chrome/133.0.0.0 Safari/537.36"
193.164.5.58 - - [11/Jun/2026:19:19:43 +0100] "POST /wp-login.php HTTP/1.0" 301 285 "https://albatroz.engineering/wp-login.php" "Mozilla/5.0 (X11; Ubuntu; Linux x86_64) AppleWebKit/537.36 (KHTML, like Gecko) Chrome/133.0.0.0 Safari/537.36"
46.224.76.22 - - [11/Jun/2026:19:20:17 +0100] "GET /wp-login.php HTTP/1.0" 200 8959 "-" "Mozilla/5.0 (Windows NT 10.0; Win64; x64) AppleWebKit/537.36 (KHTML, like Gecko) Chrome/120.0.0.0 Safari/537.36"
46.224.76.22 - - [11/Jun/2026:19:20:19 +0100] "POST /wp-login.php HTTP/1.0" 200 9395 "https://albatroz.albatroz-eng.com/wp-login.php" "Mozilla/5.0 (Windows NT 10.0; Win64; x64) AppleWebKit/537.36 (KHTML, like Gecko) Chrome/120.0.0.0 Safari/537.36"
62.193.192.154 - - [11/Jun/2026:19:21:03 +0100] "POST /wp-cron.php?doing_wp_cron=1781202063.2102689743041992187500 HTTP/1.0" 301 332 "https://albatroz.engineering/wp-cron.php?doing_wp_cron=1781202063.2102689743041992187500" "WordPress/5.9.5; https://albatroz.engineering"
2.25.158.135 - - [11/Jun/2026:19:21:01 +0100] "POST / HTTP/1.0" 301 - "-" "Mozilla/5.0"
62.193.192.154 - - [11/Jun/2026:19:21:03 +0100] "POST /wp-cron.php?doing_wp_cron=1781202063.9050140380859375000000 HTTP/1.0" 301 332 "https://albatroz.engineering/wp-cron.php?doing_wp_cron=1781202063.9050140380859375000000" "WordPress/5.9.5; https://albatroz.engineering"
2.25.158.135 - - [11/Jun/2026:19:21:02 +0100] "POST / HTTP/1.0" 301 - "-" "Mozilla/5.0"
2.25.158.135 - - [11/Jun/2026:19:21:04 +0100] "POST / HTTP/1.0" 403 119199 "-" "Mozilla/5.0"
2.25.158.135 - - [11/Jun/2026:19:21:05 +0100] "POST / HTTP/1.0" 403 118771 "-" "Mozilla/5.0"
2.25.158.135 - - [11/Jun/2026:19:21:10 +0100] "POST / HTTP/1.0" 403 119199 "-" "Mozilla/5.0"
2.25.158.135 - - [11/Jun/2026:19:21:10 +0100] "POST / HTTP/1.0" 403 118849 "-" "Mozilla/5.0"
152.53.111.131 - - [11/Jun/2026:19:21:19 +0100] "GET /wp-login.php HTTP/1.0" 301 285 "-" "Mozilla/5.0 (X11; Ubuntu; Linux x86_64) AppleWebKit/537.36 (KHTML, like Gecko) Chrome/133.0.0.0 Safari/537.36"
152.53.111.131 - - [11/Jun/2026:19:21:36 +0100] "GET /wp-json/wp/v2/users/me HTTP/1.0" 401 98 "-" "Mozilla/5.0 (X11; Ubuntu; Linux x86_64) AppleWebKit/537.36 (KHTML, like Gecko) Chrome/133.0.0.0 Safari/537.36"
121.200.216.56 - - [11/Jun/2026:19:24:46 +0100] "GET /wp-login.php HTTP/1.0" 301 285 "-" "Mozilla/5.0 (X11; Linux i686) AppleWebKit/537.36 (KHTML, like Gecko) Chrome/133.0.0.0 Safari/537.36"
62.193.192.154 - - [11/Jun/2026:19:26:27 +0100] "POST /wp-cron.php?doing_wp_cron=1781202387.5184841156005859375000 HTTP/1.0" 301 332 "https://albatroz.engineering/wp-cron.php?doing_wp_cron=1781202387.5184841156005859375000" "WordPress/5.9.5; https://albatroz.engineering"
104.43.48.106 - - [11/Jun/2026:19:26:26 +0100] "GET /wp-login.php HTTP/1.0" 200 8959 "-" "Mozilla/5.0 (X11; Ubuntu; Linux x86_64; rv:133.0) Gecko/20100101 Firefox/133.0"
104.43.48.106 - - [11/Jun/2026:19:26:28 +0100] "POST /wp-login.php HTTP/1.0" 200 9402 "https://albatroz.albatroz-eng.com/wp-login.php" "Mozilla/5.0 (X11; Ubuntu; Linux x86_64; rv:133.0) Gecko/20100101 Firefox/133.0"
140.82.11.185 - - [11/Jun/2026:19:30:02 +0100] "GET /wp-login.php HTTP/1.0" 301 285 "-" "Mozilla/5.0 (Windows NT 10.0; Win64; x64) AppleWebKit/537.36 (KHTML, like Gecko) Chrome/120.0.0.0 Safari/537.36"
62.193.192.154 - - [11/Jun/2026:19:30:23 +0100] "POST /wp-cron.php?doing_wp_cron=1781202623.6299118995666503906250 HTTP/1.0" 301 332 "https://albatroz.engineering/wp-cron.php?doing_wp_cron=1781202623.6299118995666503906250" "WordPress/5.9.5; https://albatroz.engineering"
196.117.199.5 - - [11/Jun/2026:19:30:22 +0100] "GET /en/careers/spontaneous-applications/ HTTP/1.0" 200 96232 "-" "Mozilla/5.0 (Macintosh; Intel Mac OS X 10_13_6) AppleWebKit/537.36 (KHTML, like Gecko) Chrome/101.0.4951.54 Safari/537.36"
46.246.47.58 - - [11/Jun/2026:19:31:17 +0100] "GET /wp-login.php HTTP/1.0" 301 285 "-" "Mozilla/5.0 (X11; Linux x86_64; rv:133.0) Gecko/20100101 Firefox/133.0"
46.246.47.58 - - [11/Jun/2026:19:31:19 +0100] "POST /wp-login.php HTTP/1.0" 301 285 "https://albatroz.engineering/wp-login.php" "Mozilla/5.0 (X11; Linux x86_64; rv:133.0) Gecko/20100101 Firefox/133.0"
192.250.239.252 - - [11/Jun/2026:19:32:29 +0100] "GET /wp-login.php HTTP/1.0" 301 285 "-" "Mozilla/5.0 (X11; Linux x86_64) AppleWebKit/537.36 (KHTML, like Gecko) Chrome/133.0.0.0 Safari/537.36 Edg/133.0.0.0"
192.250.239.252 - - [11/Jun/2026:19:32:37 +0100] "POST /wp-login.php HTTP/1.0" 301 285 "https://albatroz.engineering/wp-login.php" "Mozilla/5.0 (X11; Linux x86_64) AppleWebKit/537.36 (KHTML, like Gecko) Chrome/133.0.0.0 Safari/537.36 Edg/133.0.0.0"
210.211.99.176 - - [11/Jun/2026:19:34:14 +0100] "GET /wp-login.php HTTP/1.0" 301 285 "-" "Mozilla/5.0 (Windows NT 10.0; Win64; x64) AppleWebKit/537.36 (KHTML, like Gecko) Chrome/120.0.0.0 Safari/537.36"
18.136.78.124 - - [11/Jun/2026:19:34:57 +0100] "GET /wp-login.php HTTP/1.0" 301 285 "-" "Mozilla/5.0 (Windows NT 10.0; Win64; x64) AppleWebKit/537.36 (KHTML, like Gecko) Chrome/120.0.0.0 Safari/537.36"
62.193.192.154 - - [11/Jun/2026:19:37:36 +0100] "POST /wp-cron.php?doing_wp_cron=1781203056.3154230117797851562500 HTTP/1.0" 301 332 "https://albatroz.engineering/wp-cron.php?doing_wp_cron=1781203056.3154230117797851562500" "WordPress/5.9.5; https://albatroz.engineering"
20.214.111.181 - - [11/Jun/2026:19:37:34 +0100] "GET /a.php HTTP/1.0" 404 90828 "-" "Mozilla/5.0 (Windows NT 10.0; Win64; x64) AppleWebKit/537.36 (KHTML, like Gecko) Chrome/120.0.0.0 Safari/537.36"
20.214.111.181 - - [11/Jun/2026:19:37:37 +0100] "GET /aa.php HTTP/1.0" 404 90828 "-" "Mozilla/5.0 (Windows NT 10.0; Win64; x64) AppleWebKit/537.36 (KHTML, like Gecko) Chrome/120.0.0.0 Safari/537.36"
20.214.111.181 - - [11/Jun/2026:19:37:38 +0100] "GET /aaa.php HTTP/1.0" 404 90828 "-" "Mozilla/5.0 (Windows NT 10.0; Win64; x64) AppleWebKit/537.36 (KHTML, like Gecko) Chrome/120.0.0.0 Safari/537.36"
20.214.111.181 - - [11/Jun/2026:19:37:40 +0100] "GET /ab.php HTTP/1.0" 404 90828 "-" "Mozilla/5.0 (Windows NT 10.0; Win64; x64) AppleWebKit/537.36 (KHTML, like Gecko) Chrome/120.0.0.0 Safari/537.36"
20.214.111.181 - - [11/Jun/2026:19:37:42 +0100] "GET /lock360.php HTTP/1.0" 404 90828 "-" "Mozilla/5.0 (Windows NT 10.0; Win64; x64) AppleWebKit/537.36 (KHTML, like Gecko) Chrome/120.0.0.0 Safari/537.36"
20.214.111.181 - - [11/Jun/2026:19:37:44 +0100] "GET /anonse/lock360.php HTTP/1.0" 404 90828 "-" "Mozilla/5.0 (Windows NT 10.0; Win64; x64) AppleWebKit/537.36 (KHTML, like Gecko) Chrome/120.0.0.0 Safari/537.36"
20.214.111.181 - - [11/Jun/2026:19:37:45 +0100] "GET /file5.php HTTP/1.0" 404 90828 "-" "Mozilla/5.0 (Windows NT 10.0; Win64; x64) AppleWebKit/537.36 (KHTML, like Gecko) Chrome/120.0.0.0 Safari/537.36"
20.214.111.181 - - [11/Jun/2026:19:37:47 +0100] "GET /sitemaps.php HTTP/1.0" 404 90828 "-" "Mozilla/5.0 (Windows NT 10.0; Win64; x64) AppleWebKit/537.36 (KHTML, like Gecko) Chrome/120.0.0.0 Safari/537.36"
20.214.111.181 - - [11/Jun/2026:19:37:49 +0100] "GET /ioxi-o.php HTTP/1.0" 404 90828 "-" "Mozilla/5.0 (Windows NT 10.0; Win64; x64) AppleWebKit/537.36 (KHTML, like Gecko) Chrome/120.0.0.0 Safari/537.36"
20.214.111.181 - - [11/Jun/2026:19:37:50 +0100] "GET /load.php HTTP/1.0" 404 90828 "-" "Mozilla/5.0 (Windows NT 10.0; Win64; x64) AppleWebKit/537.36 (KHTML, like Gecko) Chrome/120.0.0.0 Safari/537.36"
20.214.111.181 - - [11/Jun/2026:19:37:52 +0100] "GET /k.php HTTP/1.0" 404 90828 "-" "Mozilla/5.0 (Windows NT 10.0; Win64; x64) AppleWebKit/537.36 (KHTML, like Gecko) Chrome/120.0.0.0 Safari/537.36"
20.214.111.181 - - [11/Jun/2026:19:37:54 +0100] "GET /autoload_classmap.php HTTP/1.0" 404 90828 "-" "Mozilla/5.0 (Windows NT 10.0; Win64; x64) AppleWebKit/537.36 (KHTML, like Gecko) Chrome/120.0.0.0 Safari/537.36"
20.214.111.181 - - [11/Jun/2026:19:37:56 +0100] "GET /post.php HTTP/1.0" 404 90828 "-" "Mozilla/5.0 (Windows NT 10.0; Win64; x64) AppleWebKit/537.36 (KHTML, like Gecko) Chrome/120.0.0.0 Safari/537.36"
20.214.111.181 - - [11/Jun/2026:19:37:57 +0100] "GET /1.php HTTP/1.0" 404 90828 "-" "Mozilla/5.0 (Windows NT 10.0; Win64; x64) AppleWebKit/537.36 (KHTML, like Gecko) Chrome/120.0.0.0 Safari/537.36"
20.214.111.181 - - [11/Jun/2026:19:37:59 +0100] "GET /flower.php HTTP/1.0" 404 90828 "-" "Mozilla/5.0 (Windows NT 10.0; Win64; x64) AppleWebKit/537.36 (KHTML, like Gecko) Chrome/120.0.0.0 Safari/537.36"
20.214.111.181 - - [11/Jun/2026:19:38:01 +0100] "GET /admin.php HTTP/1.0" 404 90828 "-" "Mozilla/5.0 (Windows NT 10.0; Win64; x64) AppleWebKit/537.36 (KHTML, like Gecko) Chrome/120.0.0.0 Safari/537.36"
20.214.111.181 - - [11/Jun/2026:19:38:03 +0100] "GET /file.php HTTP/1.0" 404 90828 "-" "Mozilla/5.0 (Windows NT 10.0; Win64; x64) AppleWebKit/537.36 (KHTML, like Gecko) Chrome/120.0.0.0 Safari/537.36"
20.214.111.181 - - [11/Jun/2026:19:38:05 +0100] "GET /default.php HTTP/1.0" 404 90828 "-" "Mozilla/5.0 (Windows NT 10.0; Win64; x64) AppleWebKit/537.36 (KHTML, like Gecko) Chrome/120.0.0.0 Safari/537.36"
20.214.111.181 - - [11/Jun/2026:19:38:07 +0100] "GET /defaults.php HTTP/1.0" 404 90828 "-" "Mozilla/5.0 (Windows NT 10.0; Win64; x64) AppleWebKit/537.36 (KHTML, like Gecko) Chrome/120.0.0.0 Safari/537.36"
20.214.111.181 - - [11/Jun/2026:19:38:09 +0100] "GET /meta.php HTTP/1.0" 404 90828 "-" "Mozilla/5.0 (Windows NT 10.0; Win64; x64) AppleWebKit/537.36 (KHTML, like Gecko) Chrome/120.0.0.0 Safari/537.36"
20.214.111.181 - - [11/Jun/2026:19:38:11 +0100] "GET /index.php HTTP/1.0" 301 - "-" "Mozilla/5.0 (Windows NT 10.0; Win64; x64) AppleWebKit/537.36 (KHTML, like Gecko) Chrome/120.0.0.0 Safari/537.36"
20.214.111.181 - - [11/Jun/2026:19:38:12 +0100] "GET /about.php HTTP/1.0" 404 90828 "-" "Mozilla/5.0 (Windows NT 10.0; Win64; x64) AppleWebKit/537.36 (KHTML, like Gecko) Chrome/120.0.0.0 Safari/537.36"
20.214.111.181 - - [11/Jun/2026:19:38:14 +0100] "GET /randkeyword.php HTTP/1.0" 404 90828 "-" "Mozilla/5.0 (Windows NT 10.0; Win64; x64) AppleWebKit/537.36 (KHTML, like Gecko) Chrome/120.0.0.0 Safari/537.36"
20.214.111.181 - - [11/Jun/2026:19:38:16 +0100] "GET /goods.php HTTP/1.0" 404 90828 "-" "Mozilla/5.0 (Windows NT 10.0; Win64; x64) AppleWebKit/537.36 (KHTML, like Gecko) Chrome/120.0.0.0 Safari/537.36"
20.214.111.181 - - [11/Jun/2026:19:38:18 +0100] "GET /hehe.php HTTP/1.0" 404 90828 "-" "Mozilla/5.0 (Windows NT 10.0; Win64; x64) AppleWebKit/537.36 (KHTML, like Gecko) Chrome/120.0.0.0 Safari/537.36"
20.214.111.181 - - [11/Jun/2026:19:38:19 +0100] "GET /user.php HTTP/1.0" 404 90828 "-" "Mozilla/5.0 (Windows NT 10.0; Win64; x64) AppleWebKit/537.36 (KHTML, like Gecko) Chrome/120.0.0.0 Safari/537.36"
20.214.111.181 - - [11/Jun/2026:19:38:21 +0100] "GET /wp-2019.php HTTP/1.0" 404 90828 "-" "Mozilla/5.0 (Windows NT 10.0; Win64; x64) AppleWebKit/537.36 (KHTML, like Gecko) Chrome/120.0.0.0 Safari/537.36"
20.214.111.181 - - [11/Jun/2026:19:38:23 +0100] "GET /chosen.php HTTP/1.0" 404 90828 "-" "Mozilla/5.0 (Windows NT 10.0; Win64; x64) AppleWebKit/537.36 (KHTML, like Gecko) Chrome/120.0.0.0 Safari/537.36"
20.214.111.181 - - [11/Jun/2026:19:38:25 +0100] "GET /functions.php HTTP/1.0" 404 90828 "-" "Mozilla/5.0 (Windows NT 10.0; Win64; x64) AppleWebKit/537.36 (KHTML, like Gecko) Chrome/120.0.0.0 Safari/537.36"
20.214.111.181 - - [11/Jun/2026:19:38:26 +0100] "GET /cron.php HTTP/1.0" 404 90828 "-" "Mozilla/5.0 (Windows NT 10.0; Win64; x64) AppleWebKit/537.36 (KHTML, like Gecko) Chrome/120.0.0.0 Safari/537.36"
20.214.111.181 - - [11/Jun/2026:19:38:28 +0100] "GET /edit.php HTTP/1.0" 404 90828 "-" "Mozilla/5.0 (Windows NT 10.0; Win64; x64) AppleWebKit/537.36 (KHTML, like Gecko) Chrome/120.0.0.0 Safari/537.36"
20.214.111.181 - - [11/Jun/2026:19:38:30 +0100] "GET /gecko-new.php HTTP/1.0" 404 90828 "-" "Mozilla/5.0 (Windows NT 10.0; Win64; x64) AppleWebKit/537.36 (KHTML, like Gecko) Chrome/120.0.0.0 Safari/537.36"
20.214.111.181 - - [11/Jun/2026:19:38:32 +0100] "GET /cookie.php HTTP/1.0" 404 90828 "-" "Mozilla/5.0 (Windows NT 10.0; Win64; x64) AppleWebKit/537.36 (KHTML, like Gecko) Chrome/120.0.0.0 Safari/537.36"
20.214.111.181 - - [11/Jun/2026:19:38:33 +0100] "GET /xleet.php HTTP/1.0" 404 90828 "-" "Mozilla/5.0 (Windows NT 10.0; Win64; x64) AppleWebKit/537.36 (KHTML, like Gecko) Chrome/120.0.0.0 Safari/537.36"
62.193.192.154 - - [11/Jun/2026:19:38:36 +0100] "POST /wp-cron.php?doing_wp_cron=1781203116.7157430648803710937500 HTTP/1.0" 301 332 "https://albatroz.engineering/wp-cron.php?doing_wp_cron=1781203116.7157430648803710937500" "WordPress/5.9.5; https://albatroz.engineering"
20.214.111.181 - - [11/Jun/2026:19:38:35 +0100] "GET /root.php HTTP/1.0" 404 90828 "-" "Mozilla/5.0 (Windows NT 10.0; Win64; x64) AppleWebKit/537.36 (KHTML, like Gecko) Chrome/120.0.0.0 Safari/537.36"
20.214.111.181 - - [11/Jun/2026:19:38:37 +0100] "GET /menu.php HTTP/1.0" 404 90828 "-" "Mozilla/5.0 (Windows NT 10.0; Win64; x64) AppleWebKit/537.36 (KHTML, like Gecko) Chrome/120.0.0.0 Safari/537.36"
20.214.111.181 - - [11/Jun/2026:19:38:39 +0100] "GET /plugin.php HTTP/1.0" 404 90828 "-" "Mozilla/5.0 (Windows NT 10.0; Win64; x64) AppleWebKit/537.36 (KHTML, like Gecko) Chrome/120.0.0.0 Safari/537.36"
20.214.111.181 - - [11/Jun/2026:19:38:41 +0100] "GET /cloud.php HTTP/1.0" 404 90828 "-" "Mozilla/5.0 (Windows NT 10.0; Win64; x64) AppleWebKit/537.36 (KHTML, like Gecko) Chrome/120.0.0.0 Safari/537.36"
20.214.111.181 - - [11/Jun/2026:19:38:42 +0100] "GET /configs.php HTTP/1.0" 404 90828 "-" "Mozilla/5.0 (Windows NT 10.0; Win64; x64) AppleWebKit/537.36 (KHTML, like Gecko) Chrome/120.0.0.0 Safari/537.36"
20.214.111.181 - - [11/Jun/2026:19:38:44 +0100] "GET /wp-configs.php HTTP/1.0" 404 90828 "-" "Mozilla/5.0 (Windows NT 10.0; Win64; x64) AppleWebKit/537.36 (KHTML, like Gecko) Chrome/120.0.0.0 Safari/537.36"
20.214.111.181 - - [11/Jun/2026:19:38:46 +0100] "GET /update.php HTTP/1.0" 404 90828 "-" "Mozilla/5.0 (Windows NT 10.0; Win64; x64) AppleWebKit/537.36 (KHTML, like Gecko) Chrome/120.0.0.0 Safari/537.36"
20.214.111.181 - - [11/Jun/2026:19:38:48 +0100] "GET /2.php HTTP/1.0" 404 90828 "-" "Mozilla/5.0 (Windows NT 10.0; Win64; x64) AppleWebKit/537.36 (KHTML, like Gecko) Chrome/120.0.0.0 Safari/537.36"
20.214.111.181 - - [11/Jun/2026:19:38:50 +0100] "GET /input.php HTTP/1.0" 404 90828 "-" "Mozilla/5.0 (Windows NT 10.0; Win64; x64) AppleWebKit/537.36 (KHTML, like Gecko) Chrome/120.0.0.0 Safari/537.36"
20.214.111.181 - - [11/Jun/2026:19:38:51 +0100] "GET /aaa.php HTTP/1.0" 404 90828 "-" "Mozilla/5.0 (Windows NT 10.0; Win64; x64) AppleWebKit/537.36 (KHTML, like Gecko) Chrome/120.0.0.0 Safari/537.36"
143.110.183.208 - - [11/Jun/2026:19:39:32 +0100] "GET /wp-login.php HTTP/1.0" 301 285 "-" "Mozilla/5.0 (Windows NT 10.0; Win64; x64) AppleWebKit/537.36 (KHTML, like Gecko) Chrome/133.0.0.0 Safari/537.36 Edg/133.0.0.0"
143.110.183.208 - - [11/Jun/2026:19:39:35 +0100] "POST /wp-login.php HTTP/1.0" 301 285 "https://albatroz.engineering/wp-login.php" "Mozilla/5.0 (Windows NT 10.0; Win64; x64) AppleWebKit/537.36 (KHTML, like Gecko) Chrome/133.0.0.0 Safari/537.36 Edg/133.0.0.0"
62.193.192.154 - - [11/Jun/2026:19:39:56 +0100] "POST /wp-cron.php?doing_wp_cron=1781203196.3183960914611816406250 HTTP/1.0" 301 332 "https://albatroz.engineering/wp-cron.php?doing_wp_cron=1781203196.3183960914611816406250" "WordPress/5.9.5; https://albatroz.engineering"
168.63.79.147 - - [11/Jun/2026:19:39:54 +0100] "GET /wp-login.php HTTP/1.0" 200 8959 "-" "Mozilla/5.0 (X11; Ubuntu; Linux x86_64; rv:133.0) Gecko/20100101 Firefox/133.0"
168.63.79.147 - - [11/Jun/2026:19:39:59 +0100] "POST /wp-login.php HTTP/1.0" 200 9408 "https://albatroz.albatroz-eng.com/wp-login.php" "Mozilla/5.0 (X11; Ubuntu; Linux x86_64; rv:133.0) Gecko/20100101 Firefox/133.0"
121.229.156.34 - - [11/Jun/2026:19:40:52 +0100] "GET / HTTP/1.0" 301 273 "-" "Sogou web spider/4.0(+http://www.sogou.com/docs/help/webmasters.htm#07)"
62.193.192.154 - - [11/Jun/2026:19:41:45 +0100] "POST /wp-cron.php?doing_wp_cron=1781203305.6215660572052001953125 HTTP/1.0" 301 332 "https://albatroz.engineering/wp-cron.php?doing_wp_cron=1781203305.6215660572052001953125" "WordPress/5.9.5; https://albatroz.engineering"
2.56.111.20 - - [11/Jun/2026:19:41:44 +0100] "GET /wp-login.php HTTP/1.0" 200 8959 "-" "Mozilla/5.0 (Windows NT 10.0; Win64; x64) AppleWebKit/537.36 (KHTML, like Gecko) Chrome/120.0.0.0 Safari/537.36"
2.56.111.20 - - [11/Jun/2026:19:41:45 +0100] "POST /wp-login.php HTTP/1.0" 200 9408 "https://albatroz.albatroz-eng.com/wp-login.php" "Mozilla/5.0 (Windows NT 10.0; Win64; x64) AppleWebKit/537.36 (KHTML, like Gecko) Chrome/120.0.0.0 Safari/537.36"
185.162.127.214 - - [11/Jun/2026:19:42:14 +0100] "GET /wp-login.php HTTP/1.0" 200 8959 "-" "Mozilla/5.0 (Windows NT 10.0; Win64; x64) AppleWebKit/537.36 (KHTML, like Gecko) Chrome/120.0.0.0 Safari/537.36"
185.162.127.214 - - [11/Jun/2026:19:42:15 +0100] "POST /wp-login.php HTTP/1.0" 200 9408 "https://albatroz.albatroz-eng.com/wp-login.php" "Mozilla/5.0 (Windows NT 10.0; Win64; x64) AppleWebKit/537.36 (KHTML, like Gecko) Chrome/120.0.0.0 Safari/537.36"
35.81.170.185 - - [11/Jun/2026:19:43:31 +0100] "GET / HTTP/1.0" 301 273 "-" "Mozilla/5.0 (Macintosh; Intel Mac OS X 10_15_7) AppleWebKit/537.36 (KHTML, like Gecko) Chrome/134.0.0.0 Safari/537.36"
62.193.192.154 - - [11/Jun/2026:19:44:05 +0100] "POST /wp-cron.php?doing_wp_cron=1781203445.5075819492340087890625 HTTP/1.0" 301 332 "https://albatroz.engineering/wp-cron.php?doing_wp_cron=1781203445.5075819492340087890625" "WordPress/5.9.5; https://albatroz.engineering"
104.155.29.73 - - [11/Jun/2026:19:44:03 +0100] "GET /wp-login.php HTTP/1.0" 200 8959 "-" "Mozilla/5.0 (X11; Ubuntu; Linux x86_64) AppleWebKit/537.36 (KHTML, like Gecko) Chrome/133.0.0.0 Safari/537.36"
104.155.29.73 - - [11/Jun/2026:19:44:05 +0100] "POST /wp-login.php HTTP/1.0" 200 9395 "https://albatroz.albatroz-eng.com/wp-login.php" "Mozilla/5.0 (X11; Ubuntu; Linux x86_64) AppleWebKit/537.36 (KHTML, like Gecko) Chrome/133.0.0.0 Safari/537.36"
119.195.102.159 - - [11/Jun/2026:19:44:24 +0100] "GET /wp-login.php HTTP/1.0" 301 285 "-" "Mozilla/5.0 (Windows NT 10.0; Win64; x64) AppleWebKit/537.36 (KHTML, like Gecko) Chrome/133.0.0.0 Safari/537.36"
119.195.102.159 - - [11/Jun/2026:19:44:38 +0100] "GET /wp-json/wp/v2/users/me HTTP/1.0" 401 98 "-" "Mozilla/5.0 (Windows NT 10.0; Win64; x64) AppleWebKit/537.36 (KHTML, like Gecko) Chrome/133.0.0.0 Safari/537.36"
192.185.4.92 - - [11/Jun/2026:19:45:34 +0100] "GET /wp-login.php HTTP/1.0" 301 285 "-" "Mozilla/5.0 (Windows NT 10.0; Win64; x64) AppleWebKit/537.36 (KHTML, like Gecko) Chrome/120.0.0.0 Safari/537.36"
209.42.20.53 - - [11/Jun/2026:19:46:50 +0100] "GET /wp-login.php HTTP/1.0" 301 285 "-" "Mozilla/5.0 (Macintosh; Intel Mac OS X 10_15_7) AppleWebKit/537.36 (KHTML, like Gecko) Chrome/133.0.0.0 Safari/537.36 Edg/133.0.0.0"
209.42.20.53 - - [11/Jun/2026:19:47:01 +0100] "POST /wp-login.php HTTP/1.0" 301 285 "https://albatroz.engineering/wp-login.php" "Mozilla/5.0 (Macintosh; Intel Mac OS X 10_15_7) AppleWebKit/537.36 (KHTML, like Gecko) Chrome/133.0.0.0 Safari/537.36 Edg/133.0.0.0"
192.185.4.148 - - [11/Jun/2026:19:48:28 +0100] "GET /wp-login.php HTTP/1.0" 301 285 "-" "Mozilla/5.0 (Windows NT 10.0; Win64; x64) AppleWebKit/537.36 (KHTML, like Gecko) Chrome/120.0.0.0 Safari/537.36"
188.240.191.168 - - [11/Jun/2026:19:50:01 +0100] "GET /wp-login.php HTTP/1.0" 301 285 "-" "Mozilla/5.0 (Windows NT 10.0; Win64; x64; rv:133.0) Gecko/20100101 Firefox/133.0"
188.240.191.168 - - [11/Jun/2026:19:50:09 +0100] "POST /wp-login.php HTTP/1.0" 301 285 "https://albatroz.engineering/wp-login.php" "Mozilla/5.0 (Windows NT 10.0; Win64; x64; rv:133.0) Gecko/20100101 Firefox/133.0"
62.193.192.154 - - [11/Jun/2026:19:50:47 +0100] "POST /wp-cron.php?doing_wp_cron=1781203847.4123320579528808593750 HTTP/1.0" 301 332 "https://albatroz.engineering/wp-cron.php?doing_wp_cron=1781203847.4123320579528808593750" "WordPress/5.9.5; https://albatroz.engineering"
34.187.227.17 - - [11/Jun/2026:19:50:45 +0100] "GET /wp-login.php HTTP/1.0" 200 8959 "-" "Mozilla/5.0 (Windows NT 10.0; Win64; x64) AppleWebKit/537.36 (KHTML, like Gecko) Chrome/120.0.0.0 Safari/537.36"
34.187.227.17 - - [11/Jun/2026:19:50:47 +0100] "POST /wp-login.php HTTP/1.0" 200 9395 "https://albatroz.albatroz-eng.com/wp-login.php" "Mozilla/5.0 (Windows NT 10.0; Win64; x64) AppleWebKit/537.36 (KHTML, like Gecko) Chrome/120.0.0.0 Safari/537.36"
93.159.230.85 - - [11/Jun/2026:19:53:26 +0100] "GET / HTTP/1.0" 301 273 "-" "Mozilla/5.0 (Linux; arm_64; Android 12; CPH2205) AppleWebKit/537.36 (KHTML, like Gecko) Chrome/110.0.0.0 YaBrowser/23.3.3.86.00 SA/3 Mobile Safari/537.36"
93.159.230.28 - - [11/Jun/2026:19:53:27 +0100] "GET / HTTP/1.0" 301 273 "-" "Mozilla/5.0 (Linux; arm_64; Android 12; CPH2205) AppleWebKit/537.36 (KHTML, like Gecko) Chrome/110.0.0.0 YaBrowser/23.3.3.86.00 SA/3 Mobile Safari/537.36"
162.0.237.182 - - [11/Jun/2026:19:54:32 +0100] "GET /wp-login.php HTTP/1.0" 301 285 "-" "Mozilla/5.0 (X11; Ubuntu; Linux x86_64; rv:133.0) Gecko/20100101 Firefox/133.0"
162.0.237.182 - - [11/Jun/2026:19:54:34 +0100] "POST /wp-login.php HTTP/1.0" 301 285 "https://albatroz.engineering/wp-login.php" "Mozilla/5.0 (X11; Ubuntu; Linux x86_64; rv:133.0) Gecko/20100101 Firefox/133.0"
31.24.44.107 - - [11/Jun/2026:19:56:04 +0100] "GET /wp-login.php HTTP/1.0" 301 285 "-" "Mozilla/5.0 (Windows NT 10.0) AppleWebKit/537.36 (KHTML, like Gecko) Chrome/133.0.0.0 Safari/537.36"
32.196.198.163 - - [11/Jun/2026:19:58:22 +0100] "GET / HTTP/1.0" 301 273 "-" "Mozilla/5.0 (X11; Linux x86_64) AppleWebKit/537.36 (KHTML, like Gecko) Chrome/93.0.4577.82 Safari/537.36"
32.196.198.163 - - [11/Jun/2026:19:58:22 +0100] "GET / HTTP/1.0" 301 - "-" "Mozilla/5.0 (iPad; CPU OS 18_5_0 like Mac OS X) AppleWebKit/605.1.15 (KHTML, like Gecko) CriOS/138.0.7204.156 Mobile/15E148 Safari/604.1"
32.196.198.163 - - [11/Jun/2026:19:58:24 +0100] "GET / HTTP/1.0" 301 273 "-" "Mozilla/5.0 (iPad; CPU OS 18_5_0 like Mac OS X) AppleWebKit/605.1.15 (KHTML, like Gecko) CriOS/138.0.7204.156 Mobile/15E148 Safari/604.1"
80.225.214.212 - - [11/Jun/2026:19:58:57 +0100] "GET /wp-login.php HTTP/1.0" 301 285 "-" "Mozilla/5.0 (Windows NT 10.0; Win64; x64) AppleWebKit/537.36 (KHTML, like Gecko) Chrome/120.0.0.0 Safari/537.36"
203.190.11.3 - - [11/Jun/2026:20:00:51 +0100] "GET /wp-login.php HTTP/1.0" 200 8959 "-" "Mozilla/5.0 (Macintosh; Intel Mac OS X 10_15_7) AppleWebKit/537.36 (KHTML, like Gecko) Chrome/133.0.0.0 Safari/537.36"
203.190.11.3 - - [11/Jun/2026:20:00:55 +0100] "POST /wp-login.php HTTP/1.0" 200 9408 "https://albatroz.albatroz-eng.com/wp-login.php" "Mozilla/5.0 (Macintosh; Intel Mac OS X 10_15_7) AppleWebKit/537.36 (KHTML, like Gecko) Chrome/133.0.0.0 Safari/537.36"
34.89.211.220 - - [11/Jun/2026:20:03:51 +0100] "GET /internal/actuator/heapdump HTTP/1.0" 503 468 "-" "Opera/10.61 (J2ME/MIDP; Opera Mini/5.1.21219/19.999; en-US; rv:1.9.3a5) WebKit/534.5 Presto/2.6.30"
34.89.211.220 - - [11/Jun/2026:20:03:52 +0100] "GET /secrets/aws.json HTTP/1.0" 508 288 "-" "UCWEB/8.8 (iPhone; CPU OS_6; en-US)AppleWebKit/534.1 U3/3.0.0 Mobile"
34.89.211.220 - - [11/Jun/2026:20:03:52 +0100] "GET /deploy/service-account.json HTTP/1.0" 508 288 "-" "Mozilla/5.0 (Macintosh; Intel Mac OS X 10_14_6) AppleWebKit/537.36 (KHTML, like Gecko) Chrome/78.0.3889.0 Safari/537.36"
34.89.211.220 - - [11/Jun/2026:20:03:52 +0100] "GET /secrets/azure.json HTTP/1.0" 508 288 "-" "Mozilla/5.0 (Macintosh; U; PPC Mac OS X 10.5; en-US; rv:1.9.0.3) Gecko/2008092414 Firefox/3.0.3"
34.89.211.220 - - [11/Jun/2026:20:03:52 +0100] "GET /secrets/credentials.json HTTP/1.0" 508 288 "-" "Mozilla/5.0 (Linux; Android 7.1.1; CPH1801) AppleWebKit/537.36 (KHTML, like Gecko) Chrome/75.0.3770.101 Mobile Safari/537.36"
34.89.211.220 - - [11/Jun/2026:20:03:52 +0100] "GET /phpinfo.php HTTP/1.0" 508 288 "-" "iTunes/9.0.3 (Macintosh; U; Intel Mac OS X 10_6_2; en-ca)"
34.89.211.220 - - [11/Jun/2026:20:03:52 +0100] "GET /php.php HTTP/1.0" 508 288 "-" "Mozilla/5.0 (Windows NT 5.1) AppleWebKit/537.36 (KHTML, like Gecko) MxBrowser/4.5.10.7000 Chrome/30.0.1551.0 Safari/537.36"
34.89.211.220 - - [11/Jun/2026:20:03:52 +0100] "GET /info.php HTTP/1.0" 508 288 "-" "Mozilla/5.0 (Linux; Android 9; LG-H930) AppleWebKit/537.36 (KHTML, like Gecko) Chrome/76.0.3809.111 Mobile Safari/537.36"
34.89.211.220 - - [11/Jun/2026:20:03:53 +0100] "GET /test.php HTTP/1.0" 508 288 "-" "Mozilla/5.0 (X11; Linux i686) AppleWebKit/537.36 (KHTML, like Gecko) Ubuntu Chromium/51.0.2704.79 Chrome/51.0.2704.79 Safari/537.36"
34.89.211.220 - - [11/Jun/2026:20:03:53 +0100] "GET /debug.php HTTP/1.0" 508 288 "-" "Mozilla/5.0 (Windows NT 10.0; Win64; x64) AppleWebKit/537.36 (KHTML, like Gecko) Chrome/62.0.3202.94 Safari/537.36"
34.89.211.220 - - [11/Jun/2026:20:03:53 +0100] "GET /phptest.php HTTP/1.0" 508 288 "-" "Mozilla/5.0 (Linux; Android 5.0; SM-G900F Build/LRX21T; wv) AppleWebKit/537.36 (KHTML, like Gecko) Version/4.0 Chrome/45.0.2454.95 Mobile Safari/537.36"
34.89.211.220 - - [11/Jun/2026:20:03:53 +0100] "GET /_profiler/phpinfo HTTP/1.0" 508 288 "-" "Mozilla/5.0 (X11; U; Linux x86_64; sv-SE; rv:1.8.1.12) Gecko/20080207 Ubuntu/7.10 (gutsy) Firefox/2.0.0.12"
34.89.211.220 - - [11/Jun/2026:20:03:53 +0100] "GET /_profiler HTTP/1.0" 508 288 "-" "Mozilla/5.0 (Windows NT 10.0; WOW64) AppleWebKit/537.36 (KHTML, like Gecko) Chrome/69.0.3497.92 Safari/537.36"
34.89.211.220 - - [11/Jun/2026:20:03:53 +0100] "GET /_profiler/open HTTP/1.0" 508 288 "-" "Mozilla/5.0 (Linux; Android 9; moto g(7) power) AppleWebKit/537.36 (KHTML, like Gecko) Chrome/76.0.3809.89 Mobile Safari/537.36"
34.89.211.220 - - [11/Jun/2026:20:03:53 +0100] "GET /profiler HTTP/1.0" 508 288 "-" "Mozilla/5.0 (Linux; Android 9; LM-G710VM) AppleWebKit/537.36 (KHTML, like Gecko) Chrome/76.0.3809.111 Mobile Safari/537.36"
34.89.211.220 - - [11/Jun/2026:20:03:53 +0100] "GET /admin/phpinfo.php HTTP/1.0" 508 288 "-" "Mozilla/5.0 (X11; Linux x86_64) AppleWebKit/537.36 (KHTML, like Gecko) Ubuntu Chromium/65.0.3325.181 Chrome/65.0.3325.181 Safari/537.36"
34.89.211.220 - - [11/Jun/2026:20:03:53 +0100] "GET /profiler/phpinfo HTTP/1.0" 508 288 "-" "Mozilla/5.0 (compatible; Konqueror/4.4; Linux) KHTML/4.4.1 (like Gecko) Fedora/4.4.1-1.fc12"
34.89.211.220 - - [11/Jun/2026:20:03:53 +0100] "GET /api/phpinfo.php HTTP/1.0" 508 288 "-" "Mozilla/5.0 (SymbianOS/9.1; U; en-us) AppleWebKit/413 (KHTML, like Gecko) Safari/413 es50"
34.89.211.220 - - [11/Jun/2026:20:03:53 +0100] "GET /docker-compose.yml HTTP/1.0" 508 288 "-" "Mozilla/5.0 (iPad; CPU OS 6_0 like Mac OS X) AppleWebKit/536.26 (KHTML, like Gecko) Version/6.0 Mobile/10A5355d Safari/8536.25"
34.89.211.220 - - [11/Jun/2026:20:03:53 +0100] "GET /docker-compose.yaml HTTP/1.0" 508 288 "-" "Mozilla/5.0 (X11; Linux i686) AppleWebKit/537.36 (KHTML, like Gecko) Chrome/39.0.2166.2 Safari/537.36"
34.89.211.220 - - [11/Jun/2026:20:03:53 +0100] "GET /docker-compose.prod.yml HTTP/1.0" 508 288 "-" "Mozilla/5.0 (Linux; Android 8.0.0; G8441) AppleWebKit/537.36 (KHTML, like Gecko) Chrome/71.0.3578.99 YaBrowser/19.1.3.198.00 Mobile Safari/537.36"
34.89.211.220 - - [11/Jun/2026:20:03:53 +0100] "GET /docker-compose.prod.yaml HTTP/1.0" 508 288 "-" "Mozilla/5.0 (Macintosh; Intel Mac OS X 10_11_5) AppleWebKit/537.36 (KHTML, like Gecko) Chrome/51.0.2704.84 Safari/537.36"
34.89.211.220 - - [11/Jun/2026:20:03:53 +0100] "GET /docker-compose.production.yml HTTP/1.0" 508 288 "-" "facebookscraper/1.0( http://www.facebook.com/sharescraper_help.php)"
34.89.211.220 - - [11/Jun/2026:20:03:53 +0100] "GET /docker-compose.dev.yml HTTP/1.0" 508 288 "-" "Mozilla/5.0 (Macintosh; Intel Mac OS X 10_14_5) AppleWebKit/537.36 (KHTML, like Gecko) Chrome/74.0.3729.131 Safari/537.36"
34.89.211.220 - - [11/Jun/2026:20:03:53 +0100] "GET /docker-compose.staging.yml HTTP/1.0" 508 288 "-" "Mozilla/5.0 (Windows NT 10.0; Win64; x64) AppleWebKit/537.36 (KHTML, like Gecko) Chrome/62.0.3191.0 Safari/537.36"
34.89.211.220 - - [11/Jun/2026:20:03:53 +0100] "GET /docker-compose.override.yml HTTP/1.0" 508 288 "-" "Mozilla/5.0 (Macintosh; U; Intel Mac OS X 10_6_5; de-de) AppleWebKit/534.15 (KHTML, like Gecko) Version/5.0.3 Safari/533.19.4"
34.89.211.220 - - [11/Jun/2026:20:03:53 +0100] "GET /docker-compose.local.yml HTTP/1.0" 508 288 "-" "Mozilla/5.0 (X11; Linux x86_64) AppleWebKit/537.36 (KHTML, like Gecko) Chrome/58.0.3029.110 Safari/537.36"
34.89.211.220 - - [11/Jun/2026:20:03:53 +0100] "GET /Dockerfile HTTP/1.0" 508 288 "-" "Mozilla/5.0 (Linux; Android 7.1.1; Moto G Play) AppleWebKit/537.36 (KHTML, like Gecko) Chrome/75.0.3770.143 Mobile Safari/537.36"
34.89.211.220 - - [11/Jun/2026:20:03:53 +0100] "GET /.docker/config.json HTTP/1.0" 508 288 "-" "Mozilla/5.0 (Windows NT 6.1; Win64; x64) AppleWebKit/537.36 (KHTML, like Gecko) Chrome/69.0.3497.92 Safari/537.36"
34.89.211.220 - - [11/Jun/2026:20:03:53 +0100] "GET /api/docker-compose.yml HTTP/1.0" 508 288 "-" "Mozilla/5.0 (Windows NT 10.0; Win64; x64; rv:57.0) Gecko/20100101 Firefox/57.0"
34.89.211.220 - - [11/Jun/2026:20:03:53 +0100] "GET /api/docker-compose.prod.yml HTTP/1.0" 508 288 "-" "Mozilla/5.0 (Macintosh; Intel Mac OS X 10_14_2) AppleWebKit/605.1.15 (KHTML, like Gecko) Version/12.0.2 Safari/605.1.15"
34.89.211.220 - - [11/Jun/2026:20:03:53 +0100] "GET /app/docker-compose.yml HTTP/1.0" 508 288 "-" "Mozilla/4.0 (compatible; Dillo 3.0)"
34.89.211.220 - - [11/Jun/2026:20:03:53 +0100] "GET /app/docker-compose.prod.yml HTTP/1.0" 508 288 "-" "Mozilla/5.0 (Windows; U; Windows NT 6.0 x64; en-US; rv:1.9pre) Gecko/2008072421 Minefield/3.0.2pre"
34.89.211.220 - - [11/Jun/2026:20:03:53 +0100] "GET /backend/docker-compose.yml HTTP/1.0" 508 288 "-" "Mozilla/5.0 (X11; Linux i686; rv:40.0) Gecko/20100101 Firefox/40.0"
34.89.211.220 - - [11/Jun/2026:20:03:53 +0100] "GET /backend/docker-compose.prod.yml HTTP/1.0" 508 288 "-" "Mozilla/5.0 (X11; Linux x86_64) AppleWebKit/537.36 (KHTML, like Gecko) Ubuntu Chromium/76.0.3809.87 Chrome/76.0.3809.87 Safari/537.36"
34.89.211.220 - - [11/Jun/2026:20:03:53 +0100] "GET /deploy/docker-compose.yml HTTP/1.0" 508 288 "-" "Mozilla/5.0 (Windows NT 10.0; WOW64) AppleWebKit/537.36 (KHTML, like Gecko) Chrome/65.0.3325.181 Safari/537.36"
34.89.211.220 - - [11/Jun/2026:20:03:51 +0100] "GET /server/actuator/heapdump HTTP/1.0" 503 468 "-" "Mozilla/5.0 (Macintosh; Intel Mac OS X 10_14_3) AppleWebKit/537.36 (KHTML, like Gecko) Chrome/76.0.3809.100 Safari/537.36"
34.89.211.220 - - [11/Jun/2026:20:03:53 +0100] "GET /infra/docker-compose.yml HTTP/1.0" 508 288 "-" "Mozilla/5.0 (iPad; U; CPU OS 3_2 like Mac OS X; en-us) AppleWebKit/531.21.10 (KHTML, like Gecko) Version/4.0.4 Mobile/7B334b Safari/531.21.10"
34.89.211.220 - - [11/Jun/2026:20:03:53 +0100] "GET /infrastructure/docker-compose.yml HTTP/1.0" 508 288 "-" "WDG_Validator/1.6.2"
34.89.211.220 - - [11/Jun/2026:20:03:53 +0100] "GET /devops/docker-compose.yml HTTP/1.0" 508 288 "-" "Mozilla/5.0 (iPad; CPU OS 9_3_5 like Mac OS X) AppleWebKit/601.1.46 (KHTML, like Gecko) Version/9.0 Mobile/13G36 Safari/601.1"
34.89.211.220 - - [11/Jun/2026:20:03:53 +0100] "GET /services/docker-compose.yml HTTP/1.0" 508 288 "-" "Mozilla/5.0 (Linux; Android 9; Redmi Note 7 Pro Build/PKQ1.181203.001; wv) AppleWebKit/537.36 (KHTML, like Gecko) Version/4.0 Chrome/66.0.3359.126 MQQBrowser/6.2 TBS/044807 Mobile Safari/537.36 MMWEBID/7272 MicroMessenger/7.0.6.1460(0x27000634) Process/tools NetType/WIFI Language/zh_CN"
34.89.211.220 - - [11/Jun/2026:20:03:53 +0100] "GET /server/docker-compose.yml HTTP/1.0" 508 288 "-" "Mozilla/5.0 (X11; Ubuntu; Linux x86_64; rv:35.0) Gecko/20100101 Firefox/35.0"
34.89.211.220 - - [11/Jun/2026:20:03:53 +0100] "GET /internal/docker-compose.yml HTTP/1.0" 508 288 "-" "Mozilla/5.0 (X11; Linux x86_64) AppleWebKit/537.36 (KHTML, like Gecko) Ubuntu Chromium/69.0.3497.81 Chrome/69.0.3497.81 Safari/537.36"
34.89.211.220 - - [11/Jun/2026:20:03:53 +0100] "GET /config/docker-compose.yml HTTP/1.0" 508 288 "-" "Mozilla/5.0 (Linux; U; Android 9; en-US; RMX1851 Build/PKQ1.190101.001) AppleWebKit/537.36 (KHTML, like Gecko) Version/4.0 Chrome/57.0.2987.108 UCBrowser/12.12.8.1206 Mobile Safari/537.36"
34.89.211.220 - - [11/Jun/2026:20:03:53 +0100] "GET /docker/docker-compose.yml HTTP/1.0" 508 288 "-" "Mozilla/5.0 (Macintosh; Intel Mac OS X 10_7_2; rv:10.0.1) Gecko/20100101 Firefox/10.0.1"
34.89.211.220 - - [11/Jun/2026:20:03:51 +0100] "GET /server/actuator/env HTTP/1.0" 503 468 "-" "Mozilla/5.0 (Linux; U; Android 1.5; en-gb; T-Mobile_G2_Touch Build/CUPCAKE) AppleWebKit/528.5 (KHTML, like Gecko) Version/3.1.2 Mobile Safari/525.20.1"
34.89.211.220 - - [11/Jun/2026:20:03:53 +0100] "GET /kubernetes.yml HTTP/1.0" 508 288 "-" "Opera/9.80 (Android; Opera Mini/42.0.2254/150.36; U; en) Presto/2.12.423 Version/12.16"
34.89.211.220 - - [11/Jun/2026:20:03:53 +0100] "GET /kubernetes.yaml HTTP/1.0" 508 288 "-" "msnbot/1.1 ( http://search.msn.com/msnbot.htm)"
34.89.211.220 - - [11/Jun/2026:20:03:53 +0100] "GET /k8s.yml HTTP/1.0" 508 288 "-" "Mozilla/5.0 (Linux; Android 6.0.1; SM-N915T) AppleWebKit/537.36 (KHTML, like Gecko) Chrome/75.0.3770.143 Mobile Safari/537.36"
34.89.211.220 - - [11/Jun/2026:20:03:53 +0100] "GET /k8s.yaml HTTP/1.0" 508 288 "-" "Mozilla/5.0 (Linux; Android 4.4.2; LG-V410 Build/KOT49I.V41010d) AppleWebKit/537.36 (KHTML, like Gecko) Chrome/30.0.1599.103 Safari/537.36"
34.89.211.220 - - [11/Jun/2026:20:03:53 +0100] "GET /helm/values.yaml HTTP/1.0" 508 288 "-" "Mozilla/5.0 (X11; U; SunOS sun4m; en-US; rv:1.4b) Gecko/20030517 Mozilla Firebird/0.6"
34.89.211.220 - - [11/Jun/2026:20:03:53 +0100] "GET /helm/values.yml HTTP/1.0" 508 288 "-" "Mozilla/5.0 (Linux; Android 9; Mi MIX 2) AppleWebKit/537.36 (KHTML, like Gecko) Chrome/76.0.3809.111 Mobile Safari/537.36"
34.89.211.220 - - [11/Jun/2026:20:03:53 +0100] "GET /helm/values-production.yaml HTTP/1.0" 508 288 "-" "Mozilla/5.0 (X11; FreeBSD amd64) AppleWebKit/537.4 (KHTML like Gecko) Chrome/22.0.1229.79 Safari/537.4"
34.89.211.220 - - [11/Jun/2026:20:03:53 +0100] "GET /terraform.tfvars HTTP/1.0" 508 288 "-" "Mozilla/5.0 (Windows NT 6.1; Win64; x64) AppleWebKit/537.36 (KHTML, like Gecko) Chrome/63.0.3239.108 Safari/537.36"
