116.179.37.173 - - [11/Jun/2026:21:28:35 +0100] "GET /wp-content/plugins/contact-form-7/includes/js/index.js?ver=5.5.4 HTTP/1.0" 301 337 "https://albatroz.engineering/es/multilayer-visualisation-and-spatiotemporal-correlation-for-risk-based-asset-management/" "Mozilla/5.0 (compatible; Baiduspider-render/2.0; +http://www.baidu.com/search/spider.html)"
116.179.37.6 - - [11/Jun/2026:21:28:36 +0100] "GET /wp-content/plugins/vegas-fullscreen-background-slider/js/jquery.vegas.js HTTP/1.0" 301 345 "https://albatroz.engineering/es/multilayer-visualisation-and-spatiotemporal-correlation-for-risk-based-asset-management/" "Mozilla/5.0 (compatible; Baiduspider-render/2.0; +http://www.baidu.com/search/spider.html)"
116.179.37.154 - - [11/Jun/2026:21:28:36 +0100] "GET /wp-content/themes/flato/js/scripts.js?ver=5.9.5 HTTP/1.0" 301 320 "https://albatroz.engineering/es/multilayer-visualisation-and-spatiotemporal-correlation-for-risk-based-asset-management/" "Mozilla/5.0 (compatible; Baiduspider-render/2.0; +http://www.baidu.com/search/spider.html)"
116.179.37.223 - - [11/Jun/2026:21:28:37 +0100] "GET /wp-content/plugins/sitepress-multilingual-cms/res/js/sitepress.js?ver=5.9.5 HTTP/1.0" 301 348 "https://albatroz.engineering/es/multilayer-visualisation-and-spatiotemporal-correlation-for-risk-based-asset-management/" "Mozilla/5.0 (compatible; Baiduspider-render/2.0; +http://www.baidu.com/search/spider.html)"
116.179.37.207 - - [11/Jun/2026:21:28:38 +0100] "GET /wp-includes/js/wp-emoji-release.min.js?ver=5.9.5 HTTP/1.0" 301 321 "https://albatroz.engineering/es/multilayer-visualisation-and-spatiotemporal-correlation-for-risk-based-asset-management/" "Mozilla/5.0 (compatible; Baiduspider-render/2.0; +http://www.baidu.com/search/spider.html)"
209.42.18.223 - - [11/Jun/2026:21:29:03 +0100] "GET /wp-login.php HTTP/1.0" 301 285 "-" "Mozilla/5.0 (Windows NT 10.0; Win64; x64) AppleWebKit/537.36 (KHTML, like Gecko) Chrome/120.0.0.0 Safari/537.36"
210.211.99.176 - - [11/Jun/2026:21:30:00 +0100] "GET /wp-login.php HTTP/1.0" 301 285 "-" "Mozilla/5.0 (Macintosh; Intel Mac OS X 10_15_7) AppleWebKit/537.36 (KHTML, like Gecko) Chrome/133.0.0.0 Safari/537.36 Edg/133.0.0.0"
62.193.192.154 - - [11/Jun/2026:21:30:22 +0100] "POST /wp-cron.php?doing_wp_cron=1781209822.0085649490356445312500 HTTP/1.0" 301 332 "https://albatroz.engineering/wp-cron.php?doing_wp_cron=1781209822.0085649490356445312500" "WordPress/5.9.5; https://albatroz.engineering"
210.211.99.176 - - [11/Jun/2026:21:30:20 +0100] "GET /wp-json/wp/v2/users/me HTTP/1.0" 401 98 "-" "Mozilla/5.0 (Macintosh; Intel Mac OS X 10_15_7) AppleWebKit/537.36 (KHTML, like Gecko) Chrome/133.0.0.0 Safari/537.36 Edg/133.0.0.0"
101.249.61.228 - - [11/Jun/2026:21:30:31 +0100] "GET /sites/favicon.png HTTP/1.0" 404 90827 "-" "Mozilla/5.0184010163 Mozilla/5.0 (Windows NT 6.1; Win64; x64; rv:57.0) Gecko/20100101 Firefox/57.0"
118.212.121.185 - - [11/Jun/2026:21:30:37 +0100] "GET / HTTP/1.0" 301 273 "-" "Mozilla/5.0 (Linux; Android 6.0; Nexus 5 Build/MRA58N) AppleWebKit/537.36 (KHTML, like Gecko) Chrome/55.0.2883.87 Mobile Safari/537.36"
103.127.30.137 - - [11/Jun/2026:21:30:59 +0100] "GET /wp-login.php HTTP/1.0" 200 8959 "-" "Mozilla/5.0 (X11; Linux x86_64) AppleWebKit/537.36 (KHTML, like Gecko) Chrome/133.0.0.0 Safari/537.36 Edg/133.0.0.0"
103.127.30.137 - - [11/Jun/2026:21:31:03 +0100] "POST /wp-login.php HTTP/1.0" 200 9395 "https://albatroz.albatroz-eng.com/wp-login.php" "Mozilla/5.0 (X11; Linux x86_64) AppleWebKit/537.36 (KHTML, like Gecko) Chrome/133.0.0.0 Safari/537.36 Edg/133.0.0.0"
185.167.90.252 - - [11/Jun/2026:21:32:19 +0100] "GET /wp-login.php HTTP/1.0" 301 285 "-" "Mozilla/5.0 (Macintosh; Intel Mac OS X 11_7_10) AppleWebKit/537.36 (KHTML, like Gecko) Chrome/133.0.0.0 Safari/537.36"
185.167.90.252 - - [11/Jun/2026:21:32:28 +0100] "POST /wp-login.php HTTP/1.0" 301 285 "https://albatroz.engineering/wp-login.php" "Mozilla/5.0 (Macintosh; Intel Mac OS X 11_7_10) AppleWebKit/537.36 (KHTML, like Gecko) Chrome/133.0.0.0 Safari/537.36"
162.144.12.37 - - [11/Jun/2026:21:36:01 +0100] "GET /wp-login.php HTTP/1.0" 301 285 "-" "Mozilla/5.0 (Windows NT 10.0; Win64; x64) AppleWebKit/537.36 (KHTML, like Gecko) Chrome/120.0.0.0 Safari/537.36"
62.193.192.154 - - [11/Jun/2026:21:36:33 +0100] "POST /wp-cron.php?doing_wp_cron=1781210193.8234488964080810546875 HTTP/1.0" 301 332 "https://albatroz.engineering/wp-cron.php?doing_wp_cron=1781210193.8234488964080810546875" "WordPress/5.9.5; https://albatroz.engineering"
85.208.96.196 - - [11/Jun/2026:21:36:32 +0100] "GET /fr/ohl-assessment-and-risk-evaluation-based-on-environmental-and-inspection-data__trashed/ HTTP/1.0" 200 101392 "-" "Mozilla/5.0 (compatible; SemrushBot/7~bl; +http://www.semrush.com/bot.html)"
209.42.19.17 - - [11/Jun/2026:21:36:45 +0100] "GET /wp-login.php HTTP/1.0" 200 8959 "-" "Mozilla/5.0 (X11; CrOS x86_64 14541.0.0) AppleWebKit/537.36 (KHTML, like Gecko) Chrome/133.0.0.0 Safari/537.36"
209.42.19.17 - - [11/Jun/2026:21:36:46 +0100] "POST /wp-login.php HTTP/1.0" 200 9402 "https://albatroz.albatroz-eng.com/wp-login.php" "Mozilla/5.0 (X11; CrOS x86_64 14541.0.0) AppleWebKit/537.36 (KHTML, like Gecko) Chrome/133.0.0.0 Safari/537.36"
168.63.79.147 - - [11/Jun/2026:21:37:14 +0100] "GET /wp-login.php HTTP/1.0" 301 285 "-" "Mozilla/5.0 (X11; Fedora; Linux x86_64) AppleWebKit/537.36 (KHTML, like Gecko) Chrome/133.0.0.0 Safari/537.36"
62.193.192.154 - - [11/Jun/2026:21:37:34 +0100] "POST /wp-cron.php?doing_wp_cron=1781210254.6161589622497558593750 HTTP/1.0" 301 332 "https://albatroz.engineering/wp-cron.php?doing_wp_cron=1781210254.6161589622497558593750" "WordPress/5.9.5; https://albatroz.engineering"
168.63.79.147 - - [11/Jun/2026:21:37:32 +0100] "GET /wp-json/wp/v2/users/me HTTP/1.0" 401 98 "-" "Mozilla/5.0 (X11; Fedora; Linux x86_64) AppleWebKit/537.36 (KHTML, like Gecko) Chrome/133.0.0.0 Safari/537.36"
66.29.156.133 - - [11/Jun/2026:21:38:02 +0100] "GET /wp-login.php HTTP/1.0" 301 285 "-" "Mozilla/5.0 (Windows NT 10.0; Win64; x64) AppleWebKit/537.36 (KHTML, like Gecko) Chrome/133.0.0.0 Safari/537.36 Edg/133.0.0.0"
66.29.156.133 - - [11/Jun/2026:21:38:04 +0100] "POST /wp-login.php HTTP/1.0" 301 285 "https://albatroz.engineering/wp-login.php" "Mozilla/5.0 (Windows NT 10.0; Win64; x64) AppleWebKit/537.36 (KHTML, like Gecko) Chrome/133.0.0.0 Safari/537.36 Edg/133.0.0.0"
62.193.192.154 - - [11/Jun/2026:21:40:03 +0100] "POST /wp-cron.php?doing_wp_cron=1781210403.0333509445190429687500 HTTP/1.0" 301 332 "https://albatroz.engineering/wp-cron.php?doing_wp_cron=1781210403.0333509445190429687500" "WordPress/5.9.5; https://albatroz.engineering"
192.185.4.166 - - [11/Jun/2026:21:40:00 +0100] "GET /wp-login.php HTTP/1.0" 200 8959 "-" "Mozilla/5.0 (Windows NT 10.0; Win64; x64) AppleWebKit/537.36 (KHTML, like Gecko) Chrome/120.0.0.0 Safari/537.36"
192.185.4.166 - - [11/Jun/2026:21:40:04 +0100] "POST /wp-login.php HTTP/1.0" 200 9402 "https://albatroz.albatroz-eng.com/wp-login.php" "Mozilla/5.0 (Windows NT 10.0; Win64; x64) AppleWebKit/537.36 (KHTML, like Gecko) Chrome/120.0.0.0 Safari/537.36"
194.163.172.142 - - [11/Jun/2026:21:41:01 +0100] "GET /wp-login.php HTTP/1.0" 200 8959 "-" "Mozilla/5.0 (X11; Fedora; Linux x86_64) AppleWebKit/537.36 (KHTML, like Gecko) Chrome/133.0.0.0 Safari/537.36"
62.193.192.154 - - [11/Jun/2026:21:41:06 +0100] "POST /wp-cron.php?doing_wp_cron=1781210466.6166749000549316406250 HTTP/1.0" 301 332 "https://albatroz.engineering/wp-cron.php?doing_wp_cron=1781210466.6166749000549316406250" "WordPress/5.9.5; https://albatroz.engineering"
194.163.172.142 - - [11/Jun/2026:21:41:05 +0100] "POST /wp-login.php HTTP/1.0" 200 9395 "https://albatroz.albatroz-eng.com/wp-login.php" "Mozilla/5.0 (X11; Fedora; Linux x86_64) AppleWebKit/537.36 (KHTML, like Gecko) Chrome/133.0.0.0 Safari/537.36"
208.109.188.137 - - [11/Jun/2026:21:42:58 +0100] "GET /wp-login.php HTTP/1.0" 301 285 "-" "Mozilla/5.0 (X11; Linux x86_64) AppleWebKit/537.36 (KHTML, like Gecko) Chrome/133.0.0.0 Safari/537.36 Edg/133.0.0.0"
208.109.188.137 - - [11/Jun/2026:21:43:07 +0100] "POST /wp-login.php HTTP/1.0" 301 285 "https://albatroz.engineering/wp-login.php" "Mozilla/5.0 (X11; Linux x86_64) AppleWebKit/537.36 (KHTML, like Gecko) Chrome/133.0.0.0 Safari/537.36 Edg/133.0.0.0"
103.127.30.137 - - [11/Jun/2026:21:43:17 +0100] "GET /wp-login.php HTTP/1.0" 301 285 "-" "Mozilla/5.0 (Windows NT 10.0; Win64; x64) AppleWebKit/537.36 (KHTML, like Gecko) Chrome/133.0.0.0 Safari/537.36 Edg/133.0.0.0"
103.127.30.137 - - [11/Jun/2026:21:43:27 +0100] "POST /wp-login.php HTTP/1.0" 301 285 "https://albatroz.engineering/wp-login.php" "Mozilla/5.0 (Windows NT 10.0; Win64; x64) AppleWebKit/537.36 (KHTML, like Gecko) Chrome/133.0.0.0 Safari/537.36 Edg/133.0.0.0"
85.208.96.203 - - [11/Jun/2026:21:44:08 +0100] "GET /solucoes/plmi/ HTTP/1.0" 200 105978 "-" "Mozilla/5.0 (compatible; SemrushBot/7~bl; +http://www.semrush.com/bot.html)"
62.193.192.154 - - [11/Jun/2026:21:46:30 +0100] "POST /wp-cron.php?doing_wp_cron=1781210790.3124101161956787109375 HTTP/1.0" 301 332 "https://albatroz.engineering/wp-cron.php?doing_wp_cron=1781210790.3124101161956787109375" "WordPress/5.9.5; https://albatroz.engineering"
85.208.96.203 - - [11/Jun/2026:21:46:28 +0100] "GET /en/safe-flight-envelope-for-overhead-line-inspection/ HTTP/1.0" 200 101554 "-" "Mozilla/5.0 (compatible; SemrushBot/7~bl; +http://www.semrush.com/bot.html)"
85.208.96.212 - - [11/Jun/2026:21:46:31 +0100] "GET /en/safe-flight-envelope-for-overhead-line-inspection/ HTTP/1.0" 301 - "-" "Mozilla/5.0 (compatible; SemrushBot/7~bl; +http://www.semrush.com/bot.html)"
66.29.156.133 - - [11/Jun/2026:21:50:19 +0100] "GET /wp-login.php HTTP/1.0" 301 285 "-" "Mozilla/5.0 (Windows NT 10.0; Win64; x64; rv:133.0) Gecko/20100101 Firefox/133.0"
66.29.156.133 - - [11/Jun/2026:21:50:20 +0100] "POST /wp-login.php HTTP/1.0" 301 285 "https://albatroz.engineering/wp-login.php" "Mozilla/5.0 (Windows NT 10.0; Win64; x64; rv:133.0) Gecko/20100101 Firefox/133.0"
62.193.192.154 - - [11/Jun/2026:21:50:32 +0100] "POST /wp-cron.php?doing_wp_cron=1781211032.8282918930053710937500 HTTP/1.0" 301 332 "https://albatroz.engineering/wp-cron.php?doing_wp_cron=1781211032.8282918930053710937500" "WordPress/5.9.5; https://albatroz.engineering"
185.68.18.52 - - [11/Jun/2026:21:50:31 +0100] "GET /wp-login.php HTTP/1.0" 200 8959 "-" "Mozilla/5.0 (Windows NT 10.0; Win64; x64) AppleWebKit/537.36 (KHTML, like Gecko) Chrome/120.0.0.0 Safari/537.36"
185.68.18.52 - - [11/Jun/2026:21:50:33 +0100] "POST /wp-login.php HTTP/1.0" 200 9396 "https://albatroz.albatroz-eng.com/wp-login.php" "Mozilla/5.0 (Windows NT 10.0; Win64; x64) AppleWebKit/537.36 (KHTML, like Gecko) Chrome/120.0.0.0 Safari/537.36"
78.142.18.172 - - [11/Jun/2026:21:50:41 +0100] "GET /wp-login.php HTTP/1.0" 200 8959 "-" "Mozilla/5.0 (X11; Ubuntu; Linux x86_64; rv:133.0) Gecko/20100101 Firefox/133.0"
78.142.18.172 - - [11/Jun/2026:21:50:46 +0100] "POST /wp-login.php HTTP/1.0" 200 9395 "https://albatroz.albatroz-eng.com/wp-login.php" "Mozilla/5.0 (X11; Ubuntu; Linux x86_64; rv:133.0) Gecko/20100101 Firefox/133.0"
178.156.206.238 - - [11/Jun/2026:21:51:35 +0100] "GET /wp-login.php HTTP/1.0" 301 285 "-" "Mozilla/5.0 (Windows NT 10.0; Win64; x64; rv:133.0) Gecko/20100101 Firefox/133.0"
178.156.206.238 - - [11/Jun/2026:21:51:47 +0100] "POST /wp-login.php HTTP/1.0" 301 285 "https://albatroz.engineering/wp-login.php" "Mozilla/5.0 (Windows NT 10.0; Win64; x64; rv:133.0) Gecko/20100101 Firefox/133.0"
195.142.108.235 - - [11/Jun/2026:21:53:33 +0100] "GET /wp-login.php HTTP/1.0" 301 285 "-" "Mozilla/5.0 (Windows NT 10.0; Win64; x64; rv:133.0) Gecko/20100101 Firefox/133.0"
195.142.108.235 - - [11/Jun/2026:21:53:43 +0100] "POST /wp-login.php HTTP/1.0" 301 285 "https://albatroz.engineering/wp-login.php" "Mozilla/5.0 (Windows NT 10.0; Win64; x64; rv:133.0) Gecko/20100101 Firefox/133.0"
78.142.18.172 - - [11/Jun/2026:21:55:45 +0100] "GET /wp-login.php HTTP/1.0" 200 8959 "-" "Mozilla/5.0 (Windows NT 10.0) AppleWebKit/537.36 (KHTML, like Gecko) Chrome/133.0.0.0 Safari/537.36"
78.142.18.172 - - [11/Jun/2026:21:55:52 +0100] "POST /wp-login.php HTTP/1.0" 200 9402 "https://albatroz.albatroz-eng.com/wp-login.php" "Mozilla/5.0 (Windows NT 10.0) AppleWebKit/537.36 (KHTML, like Gecko) Chrome/133.0.0.0 Safari/537.36"
185.176.8.77 - - [11/Jun/2026:21:55:54 +0100] "GET /wp-login.php HTTP/1.0" 301 285 "-" "Mozilla/5.0 (Windows NT 10.0; Win64; x64) AppleWebKit/537.36 (KHTML, like Gecko) Chrome/120.0.0.0 Safari/537.36"
51.210.146.129 - - [11/Jun/2026:21:57:57 +0100] "GET /wp-login.php HTTP/1.0" 301 285 "-" "Mozilla/5.0 (Windows NT 10.0; WOW64) AppleWebKit/537.36 (KHTML, like Gecko) Chrome/133.0.0.0 Safari/537.36"
51.210.146.129 - - [11/Jun/2026:21:58:07 +0100] "POST /wp-login.php HTTP/1.0" 301 285 "https://albatroz.engineering/wp-login.php" "Mozilla/5.0 (Windows NT 10.0; WOW64) AppleWebKit/537.36 (KHTML, like Gecko) Chrome/133.0.0.0 Safari/537.36"
208.109.188.137 - - [11/Jun/2026:22:02:20 +0100] "GET /wp-login.php HTTP/1.0" 301 285 "-" "Mozilla/5.0 (Macintosh; Intel Mac OS X 11_7_10) AppleWebKit/537.36 (KHTML, like Gecko) Chrome/133.0.0.0 Safari/537.36"
208.109.188.137 - - [11/Jun/2026:22:02:21 +0100] "POST /wp-login.php HTTP/1.0" 301 285 "https://albatroz.engineering/wp-login.php" "Mozilla/5.0 (Macintosh; Intel Mac OS X 11_7_10) AppleWebKit/537.36 (KHTML, like Gecko) Chrome/133.0.0.0 Safari/537.36"
163.223.13.54 - - [11/Jun/2026:22:03:57 +0100] "GET /wp-login.php HTTP/1.0" 301 285 "-" "Mozilla/5.0 (X11; Ubuntu; Linux x86_64; rv:133.0) Gecko/20100101 Firefox/133.0"
163.223.13.54 - - [11/Jun/2026:22:04:00 +0100] "POST /wp-login.php HTTP/1.0" 301 285 "https://albatroz.engineering/wp-login.php" "Mozilla/5.0 (X11; Ubuntu; Linux x86_64; rv:133.0) Gecko/20100101 Firefox/133.0"
68.178.160.25 - - [11/Jun/2026:22:04:12 +0100] "GET /wp-login.php HTTP/1.0" 301 285 "-" "Mozilla/5.0 (Macintosh; Intel Mac OS X 14_7_4) AppleWebKit/537.36 (KHTML, like Gecko) Chrome/133.0.0.0 Safari/537.36"
62.193.192.154 - - [11/Jun/2026:22:04:23 +0100] "POST /wp-cron.php?doing_wp_cron=1781211863.7072501182556152343750 HTTP/1.0" 301 332 "https://albatroz.engineering/wp-cron.php?doing_wp_cron=1781211863.7072501182556152343750" "WordPress/5.9.5; https://albatroz.engineering"
144.16.144.93 - - [11/Jun/2026:22:04:22 +0100] "GET /wp-login.php HTTP/1.0" 200 8959 "-" "Mozilla/5.0 (Macintosh; Intel Mac OS X 10_15_7) AppleWebKit/537.36 (KHTML, like Gecko) Chrome/133.0.0.0 Safari/537.36 Edg/133.0.0.0"
144.16.144.93 - - [11/Jun/2026:22:04:24 +0100] "POST /wp-login.php HTTP/1.0" 200 9402 "https://albatroz.albatroz-eng.com/wp-login.php" "Mozilla/5.0 (Macintosh; Intel Mac OS X 10_15_7) AppleWebKit/537.36 (KHTML, like Gecko) Chrome/133.0.0.0 Safari/537.36 Edg/133.0.0.0"
68.178.160.25 - - [11/Jun/2026:22:04:31 +0100] "GET /wp-json/wp/v2/users/me HTTP/1.0" 401 98 "-" "Mozilla/5.0 (Macintosh; Intel Mac OS X 14_7_4) AppleWebKit/537.36 (KHTML, like Gecko) Chrome/133.0.0.0 Safari/537.36"
62.193.192.154 - - [11/Jun/2026:22:06:29 +0100] "POST /wp-cron.php?doing_wp_cron=1781211989.0110321044921875000000 HTTP/1.0" 301 332 "https://albatroz.engineering/wp-cron.php?doing_wp_cron=1781211989.0110321044921875000000" "WordPress/5.9.5; https://albatroz.engineering"
47.79.206.173 - - [11/Jun/2026:22:06:27 +0100] "HEAD /en/controlo2006 HTTP/1.0" 301 - "https://www.google.com/" "Mozilla/5.0 (Linux; Android 10; K) AppleWebKit/537.36 (KHTML, like Gecko) Chrome/132.0.0.0 Mobile Safari/537.36"
47.79.206.173 - - [11/Jun/2026:22:06:29 +0100] "HEAD /en/controlo2006/ HTTP/1.0" 200 - "https://www.google.com/" "Mozilla/5.0 (Linux; Android 10; K) AppleWebKit/537.36 (KHTML, like Gecko) Chrome/132.0.0.0 Mobile Safari/537.36"
47.79.206.173 - - [11/Jun/2026:22:06:30 +0100] "GET /en/controlo2006 HTTP/1.0" 301 - "https://www.google.com/" "Mozilla/5.0 (Linux; Android 10; K) AppleWebKit/537.36 (KHTML, like Gecko) Chrome/133.0.0.0 Mobile Safari/537.36"
47.79.206.173 - - [11/Jun/2026:22:06:32 +0100] "GET /en/controlo2006/ HTTP/1.0" 200 95322 "https://www.google.com/" "Mozilla/5.0 (Linux; Android 10; K) AppleWebKit/537.36 (KHTML, like Gecko) Chrome/133.0.0.0 Mobile Safari/537.36"
62.193.192.154 - - [11/Jun/2026:22:08:12 +0100] "POST /wp-cron.php?doing_wp_cron=1781212092.5233418941497802734375 HTTP/1.0" 301 332 "https://albatroz.engineering/wp-cron.php?doing_wp_cron=1781212092.5233418941497802734375" "WordPress/5.9.5; https://albatroz.engineering"
47.79.201.211 - - [11/Jun/2026:22:08:10 +0100] "GET /solucoes/equipamento-aeronautico HTTP/1.0" 301 - "https://www.google.com/" "Mozilla/5.0 (Linux; Android 10; K) AppleWebKit/537.36 (KHTML, like Gecko) Chrome/133.0.0.0 Mobile Safari/537.36"
47.79.201.211 - - [11/Jun/2026:22:08:12 +0100] "GET /solucoes/equipamento-aeronautico/ HTTP/1.0" 200 107217 "https://www.google.com/" "Mozilla/5.0 (Linux; Android 10; K) AppleWebKit/537.36 (KHTML, like Gecko) Chrome/133.0.0.0 Mobile Safari/537.36"
47.79.207.111 - - [11/Jun/2026:22:08:40 +0100] "GET /fr/challenges-and-benefits-of-integrated-over-head-line-inspections HTTP/1.0" 301 - "https://www.google.com/" "Mozilla/5.0 (Linux; Android 10; K) AppleWebKit/537.36 (KHTML, like Gecko) Chrome/132.0.0.0 Mobile Safari/537.36"
47.79.207.111 - - [11/Jun/2026:22:08:42 +0100] "GET /fr/challenges-and-benefits-of-integrated-over-head-line-inspections/ HTTP/1.0" 200 99186 "https://www.google.com/" "Mozilla/5.0 (Linux; Android 10; K) AppleWebKit/537.36 (KHTML, like Gecko) Chrome/132.0.0.0 Mobile Safari/537.36"
62.193.192.154 - - [11/Jun/2026:22:11:26 +0100] "POST /wp-cron.php?doing_wp_cron=1781212286.2112429141998291015625 HTTP/1.0" 301 332 "https://albatroz.engineering/wp-cron.php?doing_wp_cron=1781212286.2112429141998291015625" "WordPress/5.9.5; https://albatroz.engineering"
195.142.108.235 - - [11/Jun/2026:22:11:24 +0100] "GET /wp-login.php HTTP/1.0" 200 8959 "-" "Mozilla/5.0 (Windows NT 10.0; WOW64) AppleWebKit/537.36 (KHTML, like Gecko) Chrome/133.0.0.0 Safari/537.36"
195.142.108.235 - - [11/Jun/2026:22:11:26 +0100] "POST /wp-login.php HTTP/1.0" 200 9395 "https://albatroz.albatroz-eng.com/wp-login.php" "Mozilla/5.0 (Windows NT 10.0; WOW64) AppleWebKit/537.36 (KHTML, like Gecko) Chrome/133.0.0.0 Safari/537.36"
138.68.238.72 - - [11/Jun/2026:22:12:05 +0100] "GET /wp-json/wp/v2/users/me HTTP/1.0" 401 98 "-" "Mozilla/5.0 (Macintosh; Intel Mac OS X 14_7_4) AppleWebKit/537.36 (KHTML, like Gecko) Chrome/133.0.0.0 Safari/537.36"
62.193.192.154 - - [11/Jun/2026:22:14:07 +0100] "POST /wp-cron.php?doing_wp_cron=1781212447.3125209808349609375000 HTTP/1.0" 301 332 "https://albatroz.engineering/wp-cron.php?doing_wp_cron=1781212447.3125209808349609375000" "WordPress/5.9.5; https://albatroz.engineering"
171.244.34.150 - - [11/Jun/2026:22:14:05 +0100] "GET /wp-login.php HTTP/1.0" 200 8959 "-" "Mozilla/5.0 (Macintosh; Intel Mac OS X 10_15_7) AppleWebKit/605.1.15 (KHTML, like Gecko) Version/18.3 Safari/605.1.15"
171.244.34.150 - - [11/Jun/2026:22:14:08 +0100] "POST /wp-login.php HTTP/1.0" 200 9402 "https://albatroz.albatroz-eng.com/wp-login.php" "Mozilla/5.0 (Macintosh; Intel Mac OS X 10_15_7) AppleWebKit/605.1.15 (KHTML, like Gecko) Version/18.3 Safari/605.1.15"
164.90.178.220 - - [11/Jun/2026:22:14:18 +0100] "GET /wp-login.php HTTP/1.0" 301 285 "-" "Mozilla/5.0 (Windows NT 10.0; WOW64) AppleWebKit/537.36 (KHTML, like Gecko) Chrome/133.0.0.0 Safari/537.36"
164.90.178.220 - - [11/Jun/2026:22:14:27 +0100] "POST /wp-login.php HTTP/1.0" 301 285 "https://albatroz.engineering/wp-login.php" "Mozilla/5.0 (Windows NT 10.0; WOW64) AppleWebKit/537.36 (KHTML, like Gecko) Chrome/133.0.0.0 Safari/537.36"
168.63.79.147 - - [11/Jun/2026:22:14:33 +0100] "GET /wp-login.php HTTP/1.0" 301 285 "-" "Mozilla/5.0 (X11; Linux x86_64) AppleWebKit/537.36 (KHTML, like Gecko) Chrome/133.0.0.0 Safari/537.36"
168.63.79.147 - - [11/Jun/2026:22:14:43 +0100] "POST /wp-login.php HTTP/1.0" 301 285 "https://albatroz.engineering/wp-login.php" "Mozilla/5.0 (X11; Linux x86_64) AppleWebKit/537.36 (KHTML, like Gecko) Chrome/133.0.0.0 Safari/537.36"
168.63.79.147 - - [11/Jun/2026:22:14:57 +0100] "GET /wp-login.php HTTP/1.0" 301 285 "-" "Mozilla/5.0 (X11; Linux x86_64) AppleWebKit/537.36 (KHTML, like Gecko) Chrome/133.0.0.0 Safari/537.36"
168.63.79.147 - - [11/Jun/2026:22:15:03 +0100] "POST /wp-login.php HTTP/1.0" 301 285 "https://albatroz.engineering/wp-login.php" "Mozilla/5.0 (X11; Linux x86_64) AppleWebKit/537.36 (KHTML, like Gecko) Chrome/133.0.0.0 Safari/537.36"
62.193.192.154 - - [11/Jun/2026:22:15:09 +0100] "POST /wp-cron.php?doing_wp_cron=1781212509.1188409328460693359375 HTTP/1.0" 301 332 "https://albatroz.engineering/wp-cron.php?doing_wp_cron=1781212509.1188409328460693359375" "WordPress/5.9.5; https://albatroz.engineering"
186.234.80.82 - - [11/Jun/2026:22:15:07 +0100] "GET /wp-login.php HTTP/1.0" 200 8959 "-" "Mozilla/5.0 (Windows NT 10.0) AppleWebKit/537.36 (KHTML, like Gecko) Chrome/133.0.0.0 Safari/537.36"
186.234.80.82 - - [11/Jun/2026:22:15:11 +0100] "POST /wp-login.php HTTP/1.0" 200 9396 "https://albatroz.albatroz-eng.com/wp-login.php" "Mozilla/5.0 (Windows NT 10.0) AppleWebKit/537.36 (KHTML, like Gecko) Chrome/133.0.0.0 Safari/537.36"
62.193.192.154 - - [11/Jun/2026:22:17:01 +0100] "POST /wp-cron.php?doing_wp_cron=1781212621.4333090782165527343750 HTTP/1.0" 301 332 "https://albatroz.engineering/wp-cron.php?doing_wp_cron=1781212621.4333090782165527343750" "WordPress/5.9.5; https://albatroz.engineering"
185.191.171.11 - - [11/Jun/2026:22:16:59 +0100] "GET /en/implementation-of-line-inspection-systems-alternatives-to-the-helicopter/ HTTP/1.0" 200 101424 "-" "Mozilla/5.0 (compatible; SemrushBot/7~bl; +http://www.semrush.com/bot.html)"
209.38.251.46 - - [11/Jun/2026:22:17:04 +0100] "GET /wp-login.php HTTP/1.0" 301 285 "-" "Mozilla/5.0 (Macintosh; Intel Mac OS X 11_7_10) AppleWebKit/537.36 (KHTML, like Gecko) Chrome/133.0.0.0 Safari/537.36"
209.38.251.46 - - [11/Jun/2026:22:17:05 +0100] "POST /wp-login.php HTTP/1.0" 301 285 "https://albatroz.engineering/wp-login.php" "Mozilla/5.0 (Macintosh; Intel Mac OS X 11_7_10) AppleWebKit/537.36 (KHTML, like Gecko) Chrome/133.0.0.0 Safari/537.36"
62.193.192.154 - - [11/Jun/2026:22:18:30 +0100] "POST /wp-cron.php?doing_wp_cron=1781212710.0218920707702636718750 HTTP/1.0" 301 332 "https://albatroz.engineering/wp-cron.php?doing_wp_cron=1781212710.0218920707702636718750" "WordPress/5.9.5; https://albatroz.engineering"
162.144.12.37 - - [11/Jun/2026:22:18:28 +0100] "GET /wp-login.php HTTP/1.0" 200 8959 "-" "Mozilla/5.0 (Windows NT 10.0; Win64; x64) AppleWebKit/537.36 (KHTML, like Gecko) Chrome/120.0.0.0 Safari/537.36"
162.144.12.37 - - [11/Jun/2026:22:18:30 +0100] "POST /wp-login.php HTTP/1.0" 200 9396 "https://albatroz.albatroz-eng.com/wp-login.php" "Mozilla/5.0 (Windows NT 10.0; Win64; x64) AppleWebKit/537.36 (KHTML, like Gecko) Chrome/120.0.0.0 Safari/537.36"
13.135.117.64 - - [11/Jun/2026:22:19:21 +0100] "GET /wp-login.php HTTP/1.0" 301 285 "-" "Mozilla/5.0 (Windows NT 10.0; Win64; x64) AppleWebKit/537.36 (KHTML, like Gecko) Chrome/120.0.0.0 Safari/537.36"
66.29.156.133 - - [11/Jun/2026:22:22:38 +0100] "GET /wp-login.php HTTP/1.0" 301 285 "-" "Mozilla/5.0 (X11; Fedora; Linux x86_64) AppleWebKit/537.36 (KHTML, like Gecko) Chrome/133.0.0.0 Safari/537.36"
66.29.156.133 - - [11/Jun/2026:22:22:40 +0100] "POST /wp-login.php HTTP/1.0" 301 285 "https://albatroz.engineering/wp-login.php" "Mozilla/5.0 (X11; Fedora; Linux x86_64) AppleWebKit/537.36 (KHTML, like Gecko) Chrome/133.0.0.0 Safari/537.36"
62.193.192.154 - - [11/Jun/2026:22:23:13 +0100] "POST /wp-cron.php?doing_wp_cron=1781212993.7173779010772705078125 HTTP/1.0" 301 332 "https://albatroz.engineering/wp-cron.php?doing_wp_cron=1781212993.7173779010772705078125" "WordPress/5.9.5; https://albatroz.engineering"
208.109.240.82 - - [11/Jun/2026:22:23:12 +0100] "GET /wp-login.php HTTP/1.0" 200 8959 "-" "Mozilla/5.0 (Windows NT 10.0; Win64; x64) AppleWebKit/537.36 (KHTML, like Gecko) Chrome/120.0.0.0 Safari/537.36"
208.109.240.82 - - [11/Jun/2026:22:23:13 +0100] "POST /wp-login.php HTTP/1.0" 200 9402 "https://albatroz.albatroz-eng.com/wp-login.php" "Mozilla/5.0 (Windows NT 10.0; Win64; x64) AppleWebKit/537.36 (KHTML, like Gecko) Chrome/120.0.0.0 Safari/537.36"
62.193.192.154 - - [11/Jun/2026:22:24:15 +0100] "POST /wp-cron.php?doing_wp_cron=1781213055.6114308834075927734375 HTTP/1.0" 301 332 "https://albatroz.engineering/wp-cron.php?doing_wp_cron=1781213055.6114308834075927734375" "WordPress/5.9.5; https://albatroz.engineering"
104.155.29.73 - - [11/Jun/2026:22:24:14 +0100] "GET /wp-login.php HTTP/1.0" 200 8959 "-" "Mozilla/5.0 (X11; Linux i686) AppleWebKit/537.36 (KHTML, like Gecko) Chrome/133.0.0.0 Safari/537.36"
104.155.29.73 - - [11/Jun/2026:22:24:15 +0100] "POST /wp-login.php HTTP/1.0" 200 9402 "https://albatroz.albatroz-eng.com/wp-login.php" "Mozilla/5.0 (X11; Linux i686) AppleWebKit/537.36 (KHTML, like Gecko) Chrome/133.0.0.0 Safari/537.36"
103.127.30.137 - - [11/Jun/2026:22:24:33 +0100] "GET /wp-login.php HTTP/1.0" 301 285 "-" "Mozilla/5.0 (Macintosh; Intel Mac OS X 10_15_7) AppleWebKit/537.36 (KHTML, like Gecko) Chrome/133.0.0.0 Safari/537.36"
115.78.9.138 - - [11/Jun/2026:22:24:36 +0100] "GET /wp-login.php HTTP/1.0" 200 8959 "-" "Mozilla/5.0 (Macintosh; Intel Mac OS X 10_15_7) AppleWebKit/537.36 (KHTML, like Gecko) Chrome/133.0.0.0 Safari/537.36 Edg/133.0.0.0"
115.78.9.138 - - [11/Jun/2026:22:24:38 +0100] "POST /wp-login.php HTTP/1.0" 200 9396 "https://albatroz.albatroz-eng.com/wp-login.php" "Mozilla/5.0 (Macintosh; Intel Mac OS X 10_15_7) AppleWebKit/537.36 (KHTML, like Gecko) Chrome/133.0.0.0 Safari/537.36 Edg/133.0.0.0"
103.127.30.137 - - [11/Jun/2026:22:24:47 +0100] "GET /wp-json/wp/v2/users/me HTTP/1.0" 401 98 "-" "Mozilla/5.0 (Macintosh; Intel Mac OS X 10_15_7) AppleWebKit/537.36 (KHTML, like Gecko) Chrome/133.0.0.0 Safari/537.36"
167.94.146.55 - - [11/Jun/2026:22:24:55 +0100] "GET / HTTP/1.0" 301 273 "-" "Mozilla/5.0 (compatible; CensysInspect/1.1; +https://about.censys.io/)"
62.193.192.154 - - [11/Jun/2026:22:26:34 +0100] "POST /wp-cron.php?doing_wp_cron=1781213194.9272930622100830078125 HTTP/1.0" 301 332 "https://albatroz.engineering/wp-cron.php?doing_wp_cron=1781213194.9272930622100830078125" "WordPress/5.9.5; https://albatroz.engineering"
161.248.200.172 - - [11/Jun/2026:22:26:33 +0100] "GET /wp-login.php HTTP/1.0" 200 8959 "-" "Mozilla/5.0 (Windows NT 10.0; Win64; x64) AppleWebKit/537.36 (KHTML, like Gecko) Chrome/120.0.0.0 Safari/537.36"
161.248.200.172 - - [11/Jun/2026:22:26:35 +0100] "POST /wp-login.php HTTP/1.0" 200 9408 "https://albatroz.albatroz-eng.com/wp-login.php" "Mozilla/5.0 (Windows NT 10.0; Win64; x64) AppleWebKit/537.36 (KHTML, like Gecko) Chrome/120.0.0.0 Safari/537.36"
68.178.160.25 - - [11/Jun/2026:22:31:34 +0100] "GET /wp-login.php HTTP/1.0" 301 285 "-" "Mozilla/5.0 (Windows NT 10.0; Win64; x64) AppleWebKit/537.36 (KHTML, like Gecko) Chrome/133.0.0.0 Safari/537.36"
68.178.160.25 - - [11/Jun/2026:22:31:38 +0100] "POST /wp-login.php HTTP/1.0" 301 285 "https://albatroz.engineering/wp-login.php" "Mozilla/5.0 (Windows NT 10.0; Win64; x64) AppleWebKit/537.36 (KHTML, like Gecko) Chrome/133.0.0.0 Safari/537.36"
193.32.162.60 - - [11/Jun/2026:22:32:09 +0100] "GET /wp-json/gravitysmtp/v1/tests/mock-data?page=gravitysmtp-settings HTTP/1.0" 404 143 "-" "Mozilla/5.0 (compatible; SecurityResearch/1.0; )"
193.32.162.60 - - [11/Jun/2026:22:32:10 +0100] "GET /wp-json/ HTTP/1.0" 200 198667 "-" "Mozilla/5.0 (compatible; SecurityResearch/1.0; )"
62.193.192.154 - - [11/Jun/2026:22:33:38 +0100] "POST /wp-cron.php?doing_wp_cron=1781213618.5174000263214111328125 HTTP/1.0" 301 332 "https://albatroz.engineering/wp-cron.php?doing_wp_cron=1781213618.5174000263214111328125" "WordPress/5.9.5; https://albatroz.engineering"
78.142.18.172 - - [11/Jun/2026:22:33:37 +0100] "GET /wp-login.php HTTP/1.0" 200 8959 "-" "Mozilla/5.0 (Macintosh; Intel Mac OS X 10_15_7) AppleWebKit/605.1.15 (KHTML, like Gecko) Version/18.3 Safari/605.1.15"
78.142.18.172 - - [11/Jun/2026:22:33:38 +0100] "POST /wp-login.php HTTP/1.0" 200 9396 "https://albatroz.albatroz-eng.com/wp-login.php" "Mozilla/5.0 (Macintosh; Intel Mac OS X 10_15_7) AppleWebKit/605.1.15 (KHTML, like Gecko) Version/18.3 Safari/605.1.15"
192.185.4.147 - - [11/Jun/2026:22:34:13 +0100] "GET /wp-login.php HTTP/1.0" 301 285 "-" "Mozilla/5.0 (Windows NT 10.0; Win64; x64) AppleWebKit/537.36 (KHTML, like Gecko) Chrome/120.0.0.0 Safari/537.36"
115.78.9.138 - - [11/Jun/2026:22:34:28 +0100] "GET /wp-login.php HTTP/1.0" 301 285 "-" "Mozilla/5.0 (X11; Linux x86_64; rv:133.0) Gecko/20100101 Firefox/133.0"
62.193.192.154 - - [11/Jun/2026:22:34:45 +0100] "POST /wp-cron.php?doing_wp_cron=1781213685.9239020347595214843750 HTTP/1.0" 301 332 "https://albatroz.engineering/wp-cron.php?doing_wp_cron=1781213685.9239020347595214843750" "WordPress/5.9.5; https://albatroz.engineering"
115.78.9.138 - - [11/Jun/2026:22:34:44 +0100] "GET /wp-json/wp/v2/users/me HTTP/1.0" 401 98 "-" "Mozilla/5.0 (X11; Linux x86_64; rv:133.0) Gecko/20100101 Firefox/133.0"
17.241.75.14 - - [11/Jun/2026:22:34:53 +0100] "GET /robots.txt HTTP/1.0" 200 67 "-" "Mozilla/5.0 (Macintosh; Intel Mac OS X 10_15_7) AppleWebKit/605.1.15 (KHTML, like Gecko) Version/17.4 Safari/605.1.15 (Applebot/0.1; +http://www.apple.com/go/applebot)"
17.241.75.14 - - [11/Jun/2026:22:34:55 +0100] "GET /category/publicacoes-tecnicas-2013/ HTTP/1.0" 200 103660 "-" "Mozilla/5.0 (Macintosh; Intel Mac OS X 10_15_7) AppleWebKit/605.1.15 (KHTML, like Gecko) Version/17.4 Safari/605.1.15 (Applebot/0.1; +http://www.apple.com/go/applebot)"
195.250.23.247 - - [11/Jun/2026:22:39:33 +0100] "GET /wp-login.php HTTP/1.0" 301 285 "-" "Mozilla/5.0 (Windows NT 10.0; Win64; x64) AppleWebKit/537.36 (KHTML, like Gecko) Chrome/120.0.0.0 Safari/537.36"
62.193.192.154 - - [11/Jun/2026:22:41:04 +0100] "POST /wp-cron.php?doing_wp_cron=1781214064.5168089866638183593750 HTTP/1.0" 301 332 "https://albatroz.engineering/wp-cron.php?doing_wp_cron=1781214064.5168089866638183593750" "WordPress/5.9.5; https://albatroz.engineering"
31.24.155.180 - - [11/Jun/2026:22:41:02 +0100] "GET /wp-login.php HTTP/1.0" 200 8959 "-" "Mozilla/5.0 (X11; Linux x86_64; rv:133.0) Gecko/20100101 Firefox/133.0"
31.24.155.180 - - [11/Jun/2026:22:41:16 +0100] "POST /wp-login.php HTTP/1.0" 200 9395 "https://albatroz.albatroz-eng.com/wp-login.php" "Mozilla/5.0 (X11; Linux x86_64; rv:133.0) Gecko/20100101 Firefox/133.0"
62.193.192.154 - - [11/Jun/2026:22:42:52 +0100] "POST /wp-cron.php?doing_wp_cron=1781214172.2181789875030517578125 HTTP/1.0" 301 332 "https://albatroz.engineering/wp-cron.php?doing_wp_cron=1781214172.2181789875030517578125" "WordPress/5.9.5; https://albatroz.engineering"
103.127.30.137 - - [11/Jun/2026:22:42:50 +0100] "GET /wp-login.php HTTP/1.0" 200 8959 "-" "Mozilla/5.0 (Windows NT 10.0; Win64; x64) AppleWebKit/537.36 (KHTML, like Gecko) Chrome/133.0.0.0 Safari/537.36"
17.241.219.157 - - [11/Jun/2026:22:42:53 +0100] "GET /wp-content/plugins/wp-backgrounds-lite/includes/wp-backgrounds.css?ver=5.9.5 HTTP/1.0" 301 349 "https://albatroz.engineering/category/publicacoes-tecnicas-2013/" "Mozilla/5.0 (Macintosh; Intel Mac OS X 10_15_7) AppleWebKit/605.1.15 (KHTML, like Gecko) Version/17.4 Safari/605.1.15 (Applebot/0.1; +http://www.apple.com/go/applebot)"
103.127.30.137 - - [11/Jun/2026:22:42:53 +0100] "POST /wp-login.php HTTP/1.0" 200 9402 "https://albatroz.albatroz-eng.com/wp-login.php" "Mozilla/5.0 (Windows NT 10.0; Win64; x64) AppleWebKit/537.36 (KHTML, like Gecko) Chrome/133.0.0.0 Safari/537.36"
78.142.18.172 - - [11/Jun/2026:22:42:54 +0100] "GET /wp-login.php HTTP/1.0" 301 285 "-" "Mozilla/5.0 (X11; Ubuntu; Linux x86_64; rv:133.0) Gecko/20100101 Firefox/133.0"
17.241.219.157 - - [11/Jun/2026:22:42:54 +0100] "GET /wp-content/plugins/vegas-fullscreen-background-slider/css/jquery.vegas.css HTTP/1.0" 301 347 "https://albatroz.engineering/category/publicacoes-tecnicas-2013/" "Mozilla/5.0 (Macintosh; Intel Mac OS X 10_15_7) AppleWebKit/605.1.15 (KHTML, like Gecko) Version/17.4 Safari/605.1.15 (Applebot/0.1; +http://www.apple.com/go/applebot)"
17.241.219.157 - - [11/Jun/2026:22:42:55 +0100] "GET /wp-content/plugins/contact-form-7/includes/css/styles.css?ver=5.5.4 HTTP/1.0" 301 340 "https://albatroz.engineering/category/publicacoes-tecnicas-2013/" "Mozilla/5.0 (Macintosh; Intel Mac OS X 10_15_7) AppleWebKit/605.1.15 (KHTML, like Gecko) Version/17.4 Safari/605.1.15 (Applebot/0.1; +http://www.apple.com/go/applebot)"
17.241.219.157 - - [11/Jun/2026:22:42:57 +0100] "GET /wp-content/plugins/wp-simple-anchors-links/css/styles.css?ver=1.0.0 HTTP/1.0" 301 340 "https://albatroz.engineering/category/publicacoes-tecnicas-2013/" "Mozilla/5.0 (Macintosh; Intel Mac OS X 10_15_7) AppleWebKit/605.1.15 (KHTML, like Gecko) Version/17.4 Safari/605.1.15 (Applebot/0.1; +http://www.apple.com/go/applebot)"
17.241.219.157 - - [11/Jun/2026:22:42:58 +0100] "GET /wp-includes/css/dist/block-library/style.min.css?ver=5.9.5 HTTP/1.0" 301 331 "https://albatroz.engineering/category/publicacoes-tecnicas-2013/" "Mozilla/5.0 (Macintosh; Intel Mac OS X 10_15_7) AppleWebKit/605.1.15 (KHTML, like Gecko) Version/17.4 Safari/605.1.15 (Applebot/0.1; +http://www.apple.com/go/applebot)"
17.241.219.157 - - [11/Jun/2026:22:43:00 +0100] "GET /wp-content/plugins/sitepress-multilingual-cms/res/css/language-selector.css?v=3.1.9.7 HTTP/1.0" 301 358 "https://albatroz.engineering/category/publicacoes-tecnicas-2013/" "Mozilla/5.0 (Macintosh; Intel Mac OS X 10_15_7) AppleWebKit/605.1.15 (KHTML, like Gecko) Version/17.4 Safari/605.1.15 (Applebot/0.1; +http://www.apple.com/go/applebot)"
17.241.219.157 - - [11/Jun/2026:22:43:01 +0100] "GET /wp-content/themes/flato/css/base.css?ver=5.9.5 HTTP/1.0" 301 319 "https://albatroz.engineering/category/publicacoes-tecnicas-2013/" "Mozilla/5.0 (Macintosh; Intel Mac OS X 10_15_7) AppleWebKit/605.1.15 (KHTML, like Gecko) Version/17.4 Safari/605.1.15 (Applebot/0.1; +http://www.apple.com/go/applebot)"
17.241.219.157 - - [11/Jun/2026:22:43:03 +0100] "GET /wp-content/themes/flato/css/font-awesome.min.css?ver=5.9.5 HTTP/1.0" 301 331 "https://albatroz.engineering/category/publicacoes-tecnicas-2013/" "Mozilla/5.0 (Macintosh; Intel Mac OS X 10_15_7) AppleWebKit/605.1.15 (KHTML, like Gecko) Version/17.4 Safari/605.1.15 (Applebot/0.1; +http://www.apple.com/go/applebot)"
17.241.219.157 - - [11/Jun/2026:22:43:04 +0100] "GET /wp-content/themes/flato/style.css?ver=5.9.5 HTTP/1.0" 301 316 "https://albatroz.engineering/category/publicacoes-tecnicas-2013/" "Mozilla/5.0 (Macintosh; Intel Mac OS X 10_15_7) AppleWebKit/605.1.15 (KHTML, like Gecko) Version/17.4 Safari/605.1.15 (Applebot/0.1; +http://www.apple.com/go/applebot)"
17.241.219.157 - - [11/Jun/2026:22:43:06 +0100] "GET /wp-content/plugins/better-anchor-links/css/mwm-aal.css?ver=1.2.0 HTTP/1.0" 301 337 "https://albatroz.engineering/category/publicacoes-tecnicas-2013/" "Mozilla/5.0 (Macintosh; Intel Mac OS X 10_15_7) AppleWebKit/605.1.15 (KHTML, like Gecko) Version/17.4 Safari/605.1.15 (Applebot/0.1; +http://www.apple.com/go/applebot)"
17.241.219.157 - - [11/Jun/2026:22:43:07 +0100] "GET /wp-includes/js/jquery/jquery.min.js?ver=3.6.0 HTTP/1.0" 301 318 "https://albatroz.engineering/category/publicacoes-tecnicas-2013/" "Mozilla/5.0 (Macintosh; Intel Mac OS X 10_15_7) AppleWebKit/605.1.15 (KHTML, like Gecko) Version/17.4 Safari/605.1.15 (Applebot/0.1; +http://www.apple.com/go/applebot)"
17.241.219.157 - - [11/Jun/2026:22:43:09 +0100] "GET /wp-includes/js/jquery/jquery-migrate.min.js?ver=3.3.2 HTTP/1.0" 301 326 "https://albatroz.engineering/category/publicacoes-tecnicas-2013/" "Mozilla/5.0 (Macintosh; Intel Mac OS X 10_15_7) AppleWebKit/605.1.15 (KHTML, like Gecko) Version/17.4 Safari/605.1.15 (Applebot/0.1; +http://www.apple.com/go/applebot)"
17.241.219.157 - - [11/Jun/2026:22:43:11 +0100] "GET /wp-content/plugins/google-analytics-for-wordpress/assets/js/frontend-gtag.min.js?ver=8.10.0 HTTP/1.0" 301 364 "https://albatroz.engineering/category/publicacoes-tecnicas-2013/" "Mozilla/5.0 (Macintosh; Intel Mac OS X 10_15_7) AppleWebKit/605.1.15 (KHTML, like Gecko) Version/17.4 Safari/605.1.15 (Applebot/0.1; +http://www.apple.com/go/applebot)"
17.241.219.157 - - [11/Jun/2026:22:43:12 +0100] "GET /wp-content/themes/flato/js/jquery.dropkick.min.js?ver=5.9.5 HTTP/1.0" 301 332 "https://albatroz.engineering/category/publicacoes-tecnicas-2013/" "Mozilla/5.0 (Macintosh; Intel Mac OS X 10_15_7) AppleWebKit/605.1.15 (KHTML, like Gecko) Version/17.4 Safari/605.1.15 (Applebot/0.1; +http://www.apple.com/go/applebot)"
17.241.219.157 - - [11/Jun/2026:22:43:14 +0100] "GET /wp-content/plugins/siteorigin-panels/css/front-flex.min.css?ver=2.16.1 HTTP/1.0" 301 343 "https://albatroz.engineering/category/publicacoes-tecnicas-2013/" "Mozilla/5.0 (Macintosh; Intel Mac OS X 10_15_7) AppleWebKit/605.1.15 (KHTML, like Gecko) Version/17.4 Safari/605.1.15 (Applebot/0.1; +http://www.apple.com/go/applebot)"
17.241.219.157 - - [11/Jun/2026:22:43:15 +0100] "GET /wp-includes/js/dist/vendor/regenerator-runtime.min.js?ver=0.13.9 HTTP/1.0" 301 337 "https://albatroz.engineering/category/publicacoes-tecnicas-2013/" "Mozilla/5.0 (Macintosh; Intel Mac OS X 10_15_7) AppleWebKit/605.1.15 (KHTML, like Gecko) Version/17.4 Safari/605.1.15 (Applebot/0.1; +http://www.apple.com/go/applebot)"
17.241.219.157 - - [11/Jun/2026:22:43:17 +0100] "GET /wp-includes/js/dist/vendor/wp-polyfill.min.js?ver=3.15.0 HTTP/1.0" 301 329 "https://albatroz.engineering/category/publicacoes-tecnicas-2013/" "Mozilla/5.0 (Macintosh; Intel Mac OS X 10_15_7) AppleWebKit/605.1.15 (KHTML, like Gecko) Version/17.4 Safari/605.1.15 (Applebot/0.1; +http://www.apple.com/go/applebot)"
17.241.219.157 - - [11/Jun/2026:22:43:18 +0100] "GET /wp-content/plugins/contact-form-7/includes/js/index.js?ver=5.5.4 HTTP/1.0" 301 337 "https://albatroz.engineering/category/publicacoes-tecnicas-2013/" "Mozilla/5.0 (Macintosh; Intel Mac OS X 10_15_7) AppleWebKit/605.1.15 (KHTML, like Gecko) Version/17.4 Safari/605.1.15 (Applebot/0.1; +http://www.apple.com/go/applebot)"
17.241.219.157 - - [11/Jun/2026:22:43:20 +0100] "GET /wp-content/plugins/vegas-fullscreen-background-slider/js/jquery.vegas.js HTTP/1.0" 301 345 "https://albatroz.engineering/category/publicacoes-tecnicas-2013/" "Mozilla/5.0 (Macintosh; Intel Mac OS X 10_15_7) AppleWebKit/605.1.15 (KHTML, like Gecko) Version/17.4 Safari/605.1.15 (Applebot/0.1; +http://www.apple.com/go/applebot)"
17.241.219.157 - - [11/Jun/2026:22:43:21 +0100] "GET /wp-content/themes/flato/js/scripts.js?ver=5.9.5 HTTP/1.0" 301 320 "https://albatroz.engineering/category/publicacoes-tecnicas-2013/" "Mozilla/5.0 (Macintosh; Intel Mac OS X 10_15_7) AppleWebKit/605.1.15 (KHTML, like Gecko) Version/17.4 Safari/605.1.15 (Applebot/0.1; +http://www.apple.com/go/applebot)"
17.241.219.157 - - [11/Jun/2026:22:43:23 +0100] "GET /wp-content/plugins/sitepress-multilingual-cms/res/js/sitepress.js?ver=5.9.5 HTTP/1.0" 301 348 "https://albatroz.engineering/category/publicacoes-tecnicas-2013/" "Mozilla/5.0 (Macintosh; Intel Mac OS X 10_15_7) AppleWebKit/605.1.15 (KHTML, like Gecko) Version/17.4 Safari/605.1.15 (Applebot/0.1; +http://www.apple.com/go/applebot)"
17.241.219.157 - - [11/Jun/2026:22:43:24 +0100] "GET /wp-includes/js/wp-emoji-release.min.js?ver=5.9.5 HTTP/1.0" 301 321 "https://albatroz.engineering/category/publicacoes-tecnicas-2013/" "Mozilla/5.0 (Macintosh; Intel Mac OS X 10_15_7) AppleWebKit/605.1.15 (KHTML, like Gecko) Version/17.4 Safari/605.1.15 (Applebot/0.1; +http://www.apple.com/go/applebot)"
62.193.192.154 - - [11/Jun/2026:22:47:24 +0100] "POST /wp-cron.php?doing_wp_cron=1781214444.3233299255371093750000 HTTP/1.0" 301 332 "https://albatroz.engineering/wp-cron.php?doing_wp_cron=1781214444.3233299255371093750000" "WordPress/5.9.5; https://albatroz.engineering"
209.42.19.17 - - [11/Jun/2026:22:47:22 +0100] "GET /wp-login.php HTTP/1.0" 200 8959 "-" "Mozilla/5.0 (Windows NT 10.0; Win64; x64) AppleWebKit/537.36 (KHTML, like Gecko) Chrome/120.0.0.0 Safari/537.36"
209.42.19.17 - - [11/Jun/2026:22:47:24 +0100] "POST /wp-login.php HTTP/1.0" 200 9396 "https://albatroz.albatroz-eng.com/wp-login.php" "Mozilla/5.0 (Windows NT 10.0; Win64; x64) AppleWebKit/537.36 (KHTML, like Gecko) Chrome/120.0.0.0 Safari/537.36"
62.193.192.154 - - [11/Jun/2026:22:51:04 +0100] "POST /wp-cron.php?doing_wp_cron=1781214663.9214210510253906250000 HTTP/1.0" 301 332 "https://albatroz.engineering/wp-cron.php?doing_wp_cron=1781214663.9214210510253906250000" "WordPress/5.9.5; https://albatroz.engineering"
194.163.172.142 - - [11/Jun/2026:22:51:02 +0100] "GET /wp-login.php HTTP/1.0" 200 8959 "-" "Mozilla/5.0 (Windows NT 10.0; Win64; x64) AppleWebKit/537.36 (KHTML, like Gecko) Chrome/133.0.0.0 Safari/537.36 Edg/133.0.0.0"
194.163.172.142 - - [11/Jun/2026:22:51:04 +0100] "POST /wp-login.php HTTP/1.0" 200 9395 "https://albatroz.albatroz-eng.com/wp-login.php" "Mozilla/5.0 (Windows NT 10.0; Win64; x64) AppleWebKit/537.36 (KHTML, like Gecko) Chrome/133.0.0.0 Safari/537.36 Edg/133.0.0.0"
37.27.234.213 - - [11/Jun/2026:22:51:44 +0100] "GET /wp-login.php HTTP/1.0" 200 8959 "-" "Mozilla/5.0 (Macintosh; Intel Mac OS X 11_7_10) AppleWebKit/537.36 (KHTML, like Gecko) Chrome/133.0.0.0 Safari/537.36"
37.27.234.213 - - [11/Jun/2026:22:51:45 +0100] "POST /wp-login.php HTTP/1.0" 200 9408 "https://albatroz.albatroz-eng.com/wp-login.php" "Mozilla/5.0 (Macintosh; Intel Mac OS X 11_7_10) AppleWebKit/537.36 (KHTML, like Gecko) Chrome/133.0.0.0 Safari/537.36"
97.74.87.194 - - [11/Jun/2026:22:52:30 +0100] "GET /wp-login.php HTTP/1.0" 301 285 "-" "Mozilla/5.0 (Windows NT 10.0; WOW64) AppleWebKit/537.36 (KHTML, like Gecko) Chrome/133.0.0.0 Safari/537.36"
97.74.87.194 - - [11/Jun/2026:22:52:41 +0100] "POST /wp-login.php HTTP/1.0" 301 285 "https://albatroz.engineering/wp-login.php" "Mozilla/5.0 (Windows NT 10.0; WOW64) AppleWebKit/537.36 (KHTML, like Gecko) Chrome/133.0.0.0 Safari/537.36"
62.193.192.154 - - [11/Jun/2026:22:52:43 +0100] "POST /wp-cron.php?doing_wp_cron=1781214763.0166668891906738281250 HTTP/1.0" 301 332 "https://albatroz.engineering/wp-cron.php?doing_wp_cron=1781214763.0166668891906738281250" "WordPress/5.9.5; https://albatroz.engineering"
104.244.79.40 - - [11/Jun/2026:22:52:41 +0100] "GET /wp-login.php HTTP/1.0" 200 8959 "-" "Mozilla/5.0 (Windows NT 10.0) AppleWebKit/537.36 (KHTML, like Gecko) Chrome/133.0.0.0 Safari/537.36"
104.244.79.40 - - [11/Jun/2026:22:52:43 +0100] "POST /wp-login.php HTTP/1.0" 200 9402 "https://albatroz.albatroz-eng.com/wp-login.php" "Mozilla/5.0 (Windows NT 10.0) AppleWebKit/537.36 (KHTML, like Gecko) Chrome/133.0.0.0 Safari/537.36"
62.193.192.154 - - [11/Jun/2026:22:53:50 +0100] "POST /wp-cron.php?doing_wp_cron=1781214830.1297008991241455078125 HTTP/1.0" 301 332 "https://albatroz.engineering/wp-cron.php?doing_wp_cron=1781214830.1297008991241455078125" "WordPress/5.9.5; https://albatroz.engineering"
121.200.216.56 - - [11/Jun/2026:22:53:48 +0100] "GET /wp-login.php HTTP/1.0" 200 8959 "-" "Mozilla/5.0 (X11; CrOS x86_64 14541.0.0) AppleWebKit/537.36 (KHTML, like Gecko) Chrome/133.0.0.0 Safari/537.36"
121.200.216.56 - - [11/Jun/2026:22:53:53 +0100] "POST /wp-login.php HTTP/1.0" 200 9396 "https://albatroz.albatroz-eng.com/wp-login.php" "Mozilla/5.0 (X11; CrOS x86_64 14541.0.0) AppleWebKit/537.36 (KHTML, like Gecko) Chrome/133.0.0.0 Safari/537.36"
185.43.207.46 - - [11/Jun/2026:22:54:11 +0100] "GET /wp-login.php HTTP/1.0" 301 285 "-" "Mozilla/5.0 (Macintosh; Intel Mac OS X 11_7_10) AppleWebKit/537.36 (KHTML, like Gecko) Chrome/133.0.0.0 Safari/537.36"
185.43.207.46 - - [11/Jun/2026:22:54:16 +0100] "POST /wp-login.php HTTP/1.0" 301 285 "https://albatroz.engineering/wp-login.php" "Mozilla/5.0 (Macintosh; Intel Mac OS X 11_7_10) AppleWebKit/537.36 (KHTML, like Gecko) Chrome/133.0.0.0 Safari/537.36"
121.200.216.56 - - [11/Jun/2026:22:54:28 +0100] "GET /wp-login.php HTTP/1.0" 301 285 "-" "Mozilla/5.0 (Windows NT 10.0) AppleWebKit/537.36 (KHTML, like Gecko) Chrome/133.0.0.0 Safari/537.36"
121.200.216.56 - - [11/Jun/2026:22:54:41 +0100] "GET /wp-json/wp/v2/users/me HTTP/1.0" 401 98 "-" "Mozilla/5.0 (Windows NT 10.0) AppleWebKit/537.36 (KHTML, like Gecko) Chrome/133.0.0.0 Safari/537.36"
208.109.240.82 - - [11/Jun/2026:22:55:02 +0100] "GET /wp-login.php HTTP/1.0" 301 285 "-" "Mozilla/5.0 (Windows NT 10.0; Win64; x64) AppleWebKit/537.36 (KHTML, like Gecko) Chrome/120.0.0.0 Safari/537.36"
62.193.192.154 - - [11/Jun/2026:22:56:44 +0100] "POST /wp-cron.php?doing_wp_cron=1781215004.1095619201660156250000 HTTP/1.0" 301 332 "https://albatroz.engineering/wp-cron.php?doing_wp_cron=1781215004.1095619201660156250000" "WordPress/5.9.5; https://albatroz.engineering"
46.224.76.22 - - [11/Jun/2026:22:56:42 +0100] "GET /wp-login.php HTTP/1.0" 200 8959 "-" "Mozilla/5.0 (Windows NT 10.0; Win64; x64) AppleWebKit/537.36 (KHTML, like Gecko) Chrome/120.0.0.0 Safari/537.36"
46.224.76.22 - - [11/Jun/2026:22:56:44 +0100] "POST /wp-login.php HTTP/1.0" 200 9408 "https://albatroz.albatroz-eng.com/wp-login.php" "Mozilla/5.0 (Windows NT 10.0; Win64; x64) AppleWebKit/537.36 (KHTML, like Gecko) Chrome/120.0.0.0 Safari/537.36"
185.68.18.52 - - [11/Jun/2026:22:57:23 +0100] "GET /wp-login.php HTTP/1.0" 301 285 "-" "Mozilla/5.0 (Windows NT 10.0; Win64; x64) AppleWebKit/537.36 (KHTML, like Gecko) Chrome/120.0.0.0 Safari/537.36"
62.193.192.154 - - [11/Jun/2026:23:03:04 +0100] "POST /wp-cron.php?doing_wp_cron=1781215384.2213621139526367187500 HTTP/1.0" 301 332 "https://albatroz.engineering/wp-cron.php?doing_wp_cron=1781215384.2213621139526367187500" "WordPress/5.9.5; https://albatroz.engineering"
103.127.30.137 - - [11/Jun/2026:23:03:02 +0100] "GET /wp-json/wp/v2/users/me HTTP/1.0" 401 98 "-" "Mozilla/5.0 (X11; Ubuntu; Linux x86_64; rv:133.0) Gecko/20100101 Firefox/133.0"
47.79.207.241 - - [11/Jun/2026:23:03:22 +0100] "GET /en/careers/education-research-development HTTP/1.0" 301 - "https://www.google.com/" "Mozilla/5.0 (Linux; Android 10; K) AppleWebKit/537.36 (KHTML, like Gecko) Chrome/132.0.0.0 Mobile Safari/537.36"
47.79.207.241 - - [11/Jun/2026:23:03:23 +0100] "GET /en/careers/education-research-development/ HTTP/1.0" 200 107857 "https://www.google.com/" "Mozilla/5.0 (Linux; Android 10; K) AppleWebKit/537.36 (KHTML, like Gecko) Chrome/132.0.0.0 Mobile Safari/537.36"
185.43.207.46 - - [11/Jun/2026:23:04:13 +0100] "GET /wp-login.php HTTP/1.0" 301 285 "-" "Mozilla/5.0 (X11; Linux x86_64) AppleWebKit/537.36 (KHTML, like Gecko) Chrome/133.0.0.0 Safari/537.36 Edg/133.0.0.0"
62.193.192.154 - - [11/Jun/2026:23:04:15 +0100] "POST /wp-cron.php?doing_wp_cron=1781215455.3248410224914550781250 HTTP/1.0" 301 332 "https://albatroz.engineering/wp-cron.php?doing_wp_cron=1781215455.3248410224914550781250" "WordPress/5.9.5; https://albatroz.engineering"
82.165.2.98 - - [11/Jun/2026:23:04:13 +0100] "GET /wp-login.php HTTP/1.0" 200 8959 "-" "Mozilla/5.0 (Windows NT 10.0; Win64; x64) AppleWebKit/537.36 (KHTML, like Gecko) Chrome/133.0.0.0 Safari/537.36"
82.165.2.98 - - [11/Jun/2026:23:04:15 +0100] "POST /wp-login.php HTTP/1.0" 200 9396 "https://albatroz.albatroz-eng.com/wp-login.php" "Mozilla/5.0 (Windows NT 10.0; Win64; x64) AppleWebKit/537.36 (KHTML, like Gecko) Chrome/133.0.0.0 Safari/537.36"
185.43.207.46 - - [11/Jun/2026:23:04:23 +0100] "POST /wp-login.php HTTP/1.0" 301 285 "https://albatroz.engineering/wp-login.php" "Mozilla/5.0 (X11; Linux x86_64) AppleWebKit/537.36 (KHTML, like Gecko) Chrome/133.0.0.0 Safari/537.36 Edg/133.0.0.0"
62.193.192.154 - - [11/Jun/2026:23:05:28 +0100] "POST /wp-cron.php?doing_wp_cron=1781215528.3231480121612548828125 HTTP/1.0" 301 332 "https://albatroz.engineering/wp-cron.php?doing_wp_cron=1781215528.3231480121612548828125" "WordPress/5.9.5; https://albatroz.engineering"
186.80.54.67 - - [11/Jun/2026:23:05:26 +0100] "GET /es/quienes-somos/conexiones-institucionales/ HTTP/1.0" 200 105711 "-" "Mozilla/5.0 (Windows NT 6.1; Win64; x64) AppleWebKit/537.36 (KHTML, like Gecko) Chrome/79.0.3945.88 Safari/537.36"
185.162.127.214 - - [11/Jun/2026:23:06:11 +0100] "GET /wp-login.php HTTP/1.0" 301 285 "-" "Mozilla/5.0 (Windows NT 10.0; Win64; x64) AppleWebKit/537.36 (KHTML, like Gecko) Chrome/120.0.0.0 Safari/537.36"
123.19.13.191 - - [11/Jun/2026:23:06:18 +0100] "GET /fr/august-2014-newsletter/ HTTP/1.0" 200 96134 "-" "Mozilla/5.0 (Macintosh; Intel Mac OS X 10_14_4) AppleWebKit/537.36 (KHTML, like Gecko) Chrome/101.0.4951.54 Safari/537.36"
62.193.192.154 - - [11/Jun/2026:23:09:09 +0100] "POST /wp-cron.php?doing_wp_cron=1781215749.1286740303039550781250 HTTP/1.0" 301 332 "https://albatroz.engineering/wp-cron.php?doing_wp_cron=1781215749.1286740303039550781250" "WordPress/5.9.5; https://albatroz.engineering"
185.191.171.17 - - [11/Jun/2026:23:09:07 +0100] "GET /en/tag/ground-station-en/ HTTP/1.0" 200 94259 "-" "Mozilla/5.0 (compatible; SemrushBot/7~bl; +http://www.semrush.com/bot.html)"
85.208.96.193 - - [11/Jun/2026:23:09:10 +0100] "GET /en/tag/ground-station-en/ HTTP/1.0" 301 - "-" "Mozilla/5.0 (compatible; SemrushBot/7~bl; +http://www.semrush.com/bot.html)"
34.187.227.17 - - [11/Jun/2026:23:09:58 +0100] "GET /wp-login.php HTTP/1.0" 200 8959 "-" "Mozilla/5.0 (X11; Fedora; Linux x86_64) AppleWebKit/537.36 (KHTML, like Gecko) Chrome/133.0.0.0 Safari/537.36"
34.187.227.17 - - [11/Jun/2026:23:10:01 +0100] "POST /wp-login.php HTTP/1.0" 200 9408 "https://albatroz.albatroz-eng.com/wp-login.php" "Mozilla/5.0 (X11; Fedora; Linux x86_64) AppleWebKit/537.36 (KHTML, like Gecko) Chrome/133.0.0.0 Safari/537.36"
62.193.192.154 - - [11/Jun/2026:23:10:24 +0100] "POST /wp-cron.php?doing_wp_cron=1781215824.4319028854370117187500 HTTP/1.0" 301 332 "https://albatroz.engineering/wp-cron.php?doing_wp_cron=1781215824.4319028854370117187500" "WordPress/5.9.5; https://albatroz.engineering"
47.79.206.115 - - [11/Jun/2026:23:10:23 +0100] "GET /solucoes/monumentos-virtuais/galerias-romanas-lisboa HTTP/1.0" 301 - "https://www.google.com/" "Mozilla/5.0 (Windows NT 10.0; Win64; x64) AppleWebKit/537.36 (KHTML, like Gecko) Chrome/132.0.0.0 Safari/537.36"
