139.212.68.105 - - [11/Jun/2026:20:32:49 +0100] "GET /api/v1/guest/comm/config HTTP/1.0" 404 90828 "https://duckduckgo.com/" "Mozilla/5.0 (Windows NT 10.0; Win64; x64) AppleWebKit/537.36 (KHTML, like Gecko) Chrome/119.0.0.0 Safari/537.36"
139.212.68.105 - - [11/Jun/2026:20:32:51 +0100] "GET / HTTP/1.0" 301 273 "-" "Mozilla/5.0 (Windows NT 10.0; Win64; x64) AppleWebKit/537.36 (KHTML, like Gecko) Chrome/121.0.0.0 Safari/537.36"
139.212.68.105 - - [11/Jun/2026:20:32:52 +0100] "GET / HTTP/1.0" 301 273 "-" "Mozilla/5.0 (Windows NT 10.0; Win64; x64; rv:122.0) Gecko/20100101 Firefox/122.0"
112.94.253.93 - - [11/Jun/2026:20:32:53 +0100] "GET / HTTP/1.0" 301 273 "https://www.baidu.com/" "Mozilla/5.0 (Windows NT 10.0; Win64; x64) AppleWebKit/537.36 (KHTML, like Gecko) Chrome/120.0.0.0 Safari/537.36"
112.94.253.93 - - [11/Jun/2026:20:32:58 +0100] "GET /theme/default/assets/compoments.js HTTP/1.0" 301 - "-" "Mozilla/5.0 (Windows NT 10.0; Win64; x64; rv:121.0) Gecko/20100101 Firefox/121.0"
139.212.68.105 - - [11/Jun/2026:20:32:58 +0100] "GET /theme/default/assets/compoments.js HTTP/1.0" 404 90827 "https://duckduckgo.com/" "Mozilla/5.0 (Windows NT 10.0; Win64; x64; rv:122.0) Gecko/20100101 Firefox/122.0"
139.212.68.105 - - [11/Jun/2026:20:33:01 +0100] "GET /theme/default/assets/umi.js HTTP/1.0" 404 90828 "-" "Mozilla/5.0 (Macintosh; Intel Mac OS X 10_15_7) AppleWebKit/537.36 (KHTML, like Gecko) Chrome/121.0.0.0 Safari/537.36"
112.94.253.93 - - [11/Jun/2026:20:33:01 +0100] "GET /theme/default/assets/umi.js HTTP/1.0" 301 - "-" "Mozilla/5.0 (X11; Linux x86_64) AppleWebKit/537.36 (KHTML, like Gecko) Chrome/121.0.0.0 Safari/537.36"
112.94.253.93 - - [11/Jun/2026:20:33:05 +0100] "GET /user/umi.min.js HTTP/1.0" 301 - "-" "Mozilla/5.0 (Macintosh; Intel Mac OS X 10_15_7) AppleWebKit/605.1.15 (KHTML, like Gecko) Version/17.2.1 Safari/605.1.15"
139.212.68.105 - - [11/Jun/2026:20:33:05 +0100] "GET /user/umi.min.js HTTP/1.0" 404 90827 "-" "Mozilla/5.0 (Windows NT 10.0; Win64; x64; rv:122.0) Gecko/20100101 Firefox/122.0"
165.245.185.54 - - [11/Jun/2026:20:33:09 +0100] "GET /wp-login.php HTTP/1.0" 200 8959 "-" "Mozilla/5.0 (Macintosh; Intel Mac OS X 10_15_7) AppleWebKit/537.36 (KHTML, like Gecko) Chrome/133.0.0.0 Safari/537.36 Edg/133.0.0.0"
165.245.185.54 - - [11/Jun/2026:20:33:11 +0100] "POST /wp-login.php HTTP/1.0" 200 9396 "https://albatroz.albatroz-eng.com/wp-login.php" "Mozilla/5.0 (Macintosh; Intel Mac OS X 10_15_7) AppleWebKit/537.36 (KHTML, like Gecko) Chrome/133.0.0.0 Safari/537.36 Edg/133.0.0.0"
62.193.192.154 - - [11/Jun/2026:20:33:23 +0100] "POST /wp-cron.php?doing_wp_cron=1781206403.2214660644531250000000 HTTP/1.0" 301 332 "https://albatroz.engineering/wp-cron.php?doing_wp_cron=1781206403.2214660644531250000000" "WordPress/5.9.5; https://albatroz.engineering"
87.192.224.131 - - [11/Jun/2026:20:33:22 +0100] "GET /wp-json/wp/v2/users/me HTTP/1.0" 401 98 "-" "Mozilla/5.0 (Macintosh; Intel Mac OS X 10_15_7) AppleWebKit/605.1.15 (KHTML, like Gecko) Version/18.3 Safari/605.1.15"
103.127.30.137 - - [11/Jun/2026:20:33:49 +0100] "GET /wp-json/wp/v2/users/me HTTP/1.0" 401 98 "-" "Mozilla/5.0 (Windows NT 10.0) AppleWebKit/537.36 (KHTML, like Gecko) Chrome/133.0.0.0 Safari/537.36"
50.201.58.218 - - [11/Jun/2026:20:37:14 +0100] "GET /wp-login.php HTTP/1.0" 301 285 "-" "Mozilla/5.0 (X11; Ubuntu; Linux x86_64) AppleWebKit/537.36 (KHTML, like Gecko) Chrome/133.0.0.0 Safari/537.36"
50.201.58.218 - - [11/Jun/2026:20:37:21 +0100] "POST /wp-login.php HTTP/1.0" 301 285 "https://albatroz.engineering/wp-login.php" "Mozilla/5.0 (X11; Ubuntu; Linux x86_64) AppleWebKit/537.36 (KHTML, like Gecko) Chrome/133.0.0.0 Safari/537.36"
62.193.192.154 - - [11/Jun/2026:20:38:00 +0100] "POST /wp-cron.php?doing_wp_cron=1781206680.9102640151977539062500 HTTP/1.0" 301 332 "https://albatroz.engineering/wp-cron.php?doing_wp_cron=1781206680.9102640151977539062500" "WordPress/5.9.5; https://albatroz.engineering"
192.250.239.252 - - [11/Jun/2026:20:37:59 +0100] "GET /wp-login.php HTTP/1.0" 200 8959 "-" "Mozilla/5.0 (Windows NT 10.0; Win64; x64; rv:133.0) Gecko/20100101 Firefox/133.0"
192.250.239.252 - - [11/Jun/2026:20:38:03 +0100] "POST /wp-login.php HTTP/1.0" 200 9396 "https://albatroz.albatroz-eng.com/wp-login.php" "Mozilla/5.0 (Windows NT 10.0; Win64; x64; rv:133.0) Gecko/20100101 Firefox/133.0"
141.98.11.117 - - [11/Jun/2026:20:40:13 +0100] "GET /wp-login.php HTTP/1.0" 301 285 "-" "Mozilla/5.0 (Windows NT 10.0; Win64; x64) AppleWebKit/537.36 (KHTML, like Gecko) Chrome/120.0.0.0 Safari/537.36"
185.176.8.77 - - [11/Jun/2026:20:43:46 +0100] "GET /wp-login.php HTTP/1.0" 301 285 "-" "Mozilla/5.0 (Windows NT 10.0; Win64; x64) AppleWebKit/537.36 (KHTML, like Gecko) Chrome/120.0.0.0 Safari/537.36"
67.20.114.187 - - [11/Jun/2026:20:43:47 +0100] "GET /wp-login.php HTTP/1.0" 301 285 "-" "Mozilla/5.0 (Windows NT 10.0; Win64; x64) AppleWebKit/537.36 (KHTML, like Gecko) Chrome/120.0.0.0 Safari/537.36"
62.193.192.154 - - [11/Jun/2026:20:46:25 +0100] "POST /wp-cron.php?doing_wp_cron=1781207185.5199749469757080078125 HTTP/1.0" 301 332 "https://albatroz.engineering/wp-cron.php?doing_wp_cron=1781207185.5199749469757080078125" "WordPress/5.9.5; https://albatroz.engineering"
82.221.141.229 - - [11/Jun/2026:20:46:23 +0100] "GET /wp-login.php HTTP/1.0" 200 8959 "-" "Mozilla/5.0 (Windows NT 10.0; Win64; x64) AppleWebKit/537.36 (KHTML, like Gecko) Chrome/120.0.0.0 Safari/537.36"
82.221.141.229 - - [11/Jun/2026:20:46:26 +0100] "POST /wp-login.php HTTP/1.0" 200 9395 "https://albatroz.albatroz-eng.com/wp-login.php" "Mozilla/5.0 (Windows NT 10.0; Win64; x64) AppleWebKit/537.36 (KHTML, like Gecko) Chrome/120.0.0.0 Safari/537.36"
62.193.192.154 - - [11/Jun/2026:20:48:13 +0100] "POST /wp-cron.php?doing_wp_cron=1781207293.6185619831085205078125 HTTP/1.0" 301 332 "https://albatroz.engineering/wp-cron.php?doing_wp_cron=1781207293.6185619831085205078125" "WordPress/5.9.5; https://albatroz.engineering"
209.42.18.223 - - [11/Jun/2026:20:48:11 +0100] "GET /wp-login.php HTTP/1.0" 200 8959 "-" "Mozilla/5.0 (X11; CrOS x86_64 14541.0.0) AppleWebKit/537.36 (KHTML, like Gecko) Chrome/133.0.0.0 Safari/537.36"
209.42.18.223 - - [11/Jun/2026:20:48:13 +0100] "POST /wp-login.php HTTP/1.0" 200 9402 "https://albatroz.albatroz-eng.com/wp-login.php" "Mozilla/5.0 (X11; CrOS x86_64 14541.0.0) AppleWebKit/537.36 (KHTML, like Gecko) Chrome/133.0.0.0 Safari/537.36"
103.119.139.118 - - [11/Jun/2026:20:48:44 +0100] "GET /wp-login.php HTTP/1.0" 301 285 "-" "Mozilla/5.0 (Windows NT 10.0; Win64; x64) AppleWebKit/537.36 (KHTML, like Gecko) Chrome/133.0.0.0 Safari/537.36 Edg/133.0.0.0"
121.200.216.56 - - [11/Jun/2026:20:49:04 +0100] "GET /wp-login.php HTTP/1.0" 200 8959 "-" "Mozilla/5.0 (X11; Linux x86_64) AppleWebKit/537.36 (KHTML, like Gecko) Chrome/133.0.0.0 Safari/537.36"
121.200.216.56 - - [11/Jun/2026:20:49:07 +0100] "POST /wp-login.php HTTP/1.0" 200 9396 "https://albatroz.albatroz-eng.com/wp-login.php" "Mozilla/5.0 (X11; Linux x86_64) AppleWebKit/537.36 (KHTML, like Gecko) Chrome/133.0.0.0 Safari/537.36"
62.193.192.154 - - [11/Jun/2026:20:51:26 +0100] "POST /wp-cron.php?doing_wp_cron=1781207486.7167379856109619140625 HTTP/1.0" 301 332 "https://albatroz.engineering/wp-cron.php?doing_wp_cron=1781207486.7167379856109619140625" "WordPress/5.9.5; https://albatroz.engineering"
191.237.248.153 - - [11/Jun/2026:20:51:25 +0100] "GET /inputs.php HTTP/1.0" 404 90904 "-" "Mozilla/5.0 (Windows NT 10.0; Win64; x64) AppleWebKit/537.36 (KHTML, like Gecko) Chrome/120.0.0.0 Safari/537.36"
191.237.248.153 - - [11/Jun/2026:20:51:27 +0100] "GET /admin.php HTTP/1.0" 404 90904 "-" "Mozilla/5.0 (Windows NT 10.0; Win64; x64) AppleWebKit/537.36 (KHTML, like Gecko) Chrome/120.0.0.0 Safari/537.36"
191.237.248.153 - - [11/Jun/2026:20:51:29 +0100] "GET /goods.php HTTP/1.0" 404 90904 "-" "Mozilla/5.0 (Windows NT 10.0; Win64; x64) AppleWebKit/537.36 (KHTML, like Gecko) Chrome/120.0.0.0 Safari/537.36"
191.237.248.153 - - [11/Jun/2026:20:51:31 +0100] "GET /file.php HTTP/1.0" 404 90904 "-" "Mozilla/5.0 (Windows NT 10.0; Win64; x64) AppleWebKit/537.36 (KHTML, like Gecko) Chrome/120.0.0.0 Safari/537.36"
191.237.248.153 - - [11/Jun/2026:20:51:33 +0100] "GET /adminfuns.php HTTP/1.0" 404 90904 "-" "Mozilla/5.0 (Windows NT 10.0; Win64; x64) AppleWebKit/537.36 (KHTML, like Gecko) Chrome/120.0.0.0 Safari/537.36"
191.237.248.153 - - [11/Jun/2026:20:51:35 +0100] "GET /404.php HTTP/1.0" 404 90904 "-" "Mozilla/5.0 (Windows NT 10.0; Win64; x64) AppleWebKit/537.36 (KHTML, like Gecko) Chrome/120.0.0.0 Safari/537.36"
191.237.248.153 - - [11/Jun/2026:20:51:37 +0100] "GET /wk/index.php HTTP/1.0" 301 - "-" "Mozilla/5.0 (Windows NT 10.0; Win64; x64) AppleWebKit/537.36 (KHTML, like Gecko) Chrome/120.0.0.0 Safari/537.36"
191.237.248.153 - - [11/Jun/2026:20:51:38 +0100] "GET /about.php HTTP/1.0" 404 90904 "-" "Mozilla/5.0 (Windows NT 10.0; Win64; x64) AppleWebKit/537.36 (KHTML, like Gecko) Chrome/120.0.0.0 Safari/537.36"
191.237.248.153 - - [11/Jun/2026:20:51:40 +0100] "GET /term.php HTTP/1.0" 404 90904 "-" "Mozilla/5.0 (Windows NT 10.0; Win64; x64) AppleWebKit/537.36 (KHTML, like Gecko) Chrome/120.0.0.0 Safari/537.36"
191.237.248.153 - - [11/Jun/2026:20:51:42 +0100] "GET /ioxi-o.php HTTP/1.0" 404 90904 "-" "Mozilla/5.0 (Windows NT 10.0; Win64; x64) AppleWebKit/537.36 (KHTML, like Gecko) Chrome/120.0.0.0 Safari/537.36"
191.237.248.153 - - [11/Jun/2026:20:51:44 +0100] "GET /1.php HTTP/1.0" 404 90904 "-" "Mozilla/5.0 (Windows NT 10.0; Win64; x64) AppleWebKit/537.36 (KHTML, like Gecko) Chrome/120.0.0.0 Safari/537.36"
191.237.248.153 - - [11/Jun/2026:20:51:46 +0100] "GET /alfa.php HTTP/1.0" 404 90904 "-" "Mozilla/5.0 (Windows NT 10.0; Win64; x64) AppleWebKit/537.36 (KHTML, like Gecko) Chrome/120.0.0.0 Safari/537.36"
191.237.248.153 - - [11/Jun/2026:20:51:48 +0100] "GET /edit.php HTTP/1.0" 404 90904 "-" "Mozilla/5.0 (Windows NT 10.0; Win64; x64) AppleWebKit/537.36 (KHTML, like Gecko) Chrome/120.0.0.0 Safari/537.36"
191.237.248.153 - - [11/Jun/2026:20:51:50 +0100] "GET /elp.php HTTP/1.0" 404 90904 "-" "Mozilla/5.0 (Windows NT 10.0; Win64; x64) AppleWebKit/537.36 (KHTML, like Gecko) Chrome/120.0.0.0 Safari/537.36"
191.237.248.153 - - [11/Jun/2026:20:51:52 +0100] "GET /classwithtostring.php HTTP/1.0" 404 90904 "-" "Mozilla/5.0 (Windows NT 10.0; Win64; x64) AppleWebKit/537.36 (KHTML, like Gecko) Chrome/120.0.0.0 Safari/537.36"
191.237.248.153 - - [11/Jun/2026:20:51:54 +0100] "GET /666.php HTTP/1.0" 404 90904 "-" "Mozilla/5.0 (Windows NT 10.0; Win64; x64) AppleWebKit/537.36 (KHTML, like Gecko) Chrome/120.0.0.0 Safari/537.36"
191.237.248.153 - - [11/Jun/2026:20:51:57 +0100] "GET /wp-admin/ HTTP/1.0" 302 - "-" "Mozilla/5.0 (Windows NT 10.0; Win64; x64) AppleWebKit/537.36 (KHTML, like Gecko) Chrome/120.0.0.0 Safari/537.36"
191.237.248.153 - - [11/Jun/2026:20:51:59 +0100] "GET /ws54.php HTTP/1.0" 404 90904 "-" "Mozilla/5.0 (Windows NT 10.0; Win64; x64) AppleWebKit/537.36 (KHTML, like Gecko) Chrome/120.0.0.0 Safari/537.36"
191.237.248.153 - - [11/Jun/2026:20:52:02 +0100] "GET /deepseek_d.php HTTP/1.0" 404 90904 "-" "Mozilla/5.0 (Windows NT 10.0; Win64; x64) AppleWebKit/537.36 (KHTML, like Gecko) Chrome/120.0.0.0 Safari/537.36"
191.237.248.153 - - [11/Jun/2026:20:52:03 +0100] "GET /function/function.php HTTP/1.0" 404 90904 "-" "Mozilla/5.0 (Windows NT 10.0; Win64; x64) AppleWebKit/537.36 (KHTML, like Gecko) Chrome/120.0.0.0 Safari/537.36"
191.237.248.153 - - [11/Jun/2026:20:52:06 +0100] "GET /nw.php HTTP/1.0" 404 90904 "-" "Mozilla/5.0 (Windows NT 10.0; Win64; x64) AppleWebKit/537.36 (KHTML, like Gecko) Chrome/120.0.0.0 Safari/537.36"
191.237.248.153 - - [11/Jun/2026:20:52:08 +0100] "GET /xleet.php HTTP/1.0" 404 90904 "-" "Mozilla/5.0 (Windows NT 10.0; Win64; x64) AppleWebKit/537.36 (KHTML, like Gecko) Chrome/120.0.0.0 Safari/537.36"
191.237.248.153 - - [11/Jun/2026:20:52:10 +0100] "GET /wp.php HTTP/1.0" 404 90904 "-" "Mozilla/5.0 (Windows NT 10.0; Win64; x64) AppleWebKit/537.36 (KHTML, like Gecko) Chrome/120.0.0.0 Safari/537.36"
191.237.248.153 - - [11/Jun/2026:20:52:11 +0100] "GET /155.php HTTP/1.0" 404 90904 "-" "Mozilla/5.0 (Windows NT 10.0; Win64; x64) AppleWebKit/537.36 (KHTML, like Gecko) Chrome/120.0.0.0 Safari/537.36"
191.237.248.153 - - [11/Jun/2026:20:52:13 +0100] "GET /96i.php HTTP/1.0" 404 90904 "-" "Mozilla/5.0 (Windows NT 10.0; Win64; x64) AppleWebKit/537.36 (KHTML, like Gecko) Chrome/120.0.0.0 Safari/537.36"
191.237.248.153 - - [11/Jun/2026:20:52:15 +0100] "GET /as.php HTTP/1.0" 404 90904 "-" "Mozilla/5.0 (Windows NT 10.0; Win64; x64) AppleWebKit/537.36 (KHTML, like Gecko) Chrome/120.0.0.0 Safari/537.36"
191.237.248.153 - - [11/Jun/2026:20:52:17 +0100] "GET /min.php HTTP/1.0" 404 90904 "-" "Mozilla/5.0 (Windows NT 10.0; Win64; x64) AppleWebKit/537.36 (KHTML, like Gecko) Chrome/120.0.0.0 Safari/537.36"
191.237.248.153 - - [11/Jun/2026:20:52:19 +0100] "GET /.well-known/ HTTP/1.0" 200 1707 "-" "Mozilla/5.0 (Windows NT 10.0; Win64; x64) AppleWebKit/537.36 (KHTML, like Gecko) Chrome/120.0.0.0 Safari/537.36"
191.237.248.153 - - [11/Jun/2026:20:52:19 +0100] "GET /php8.php HTTP/1.0" 404 90904 "-" "Mozilla/5.0 (Windows NT 10.0; Win64; x64) AppleWebKit/537.36 (KHTML, like Gecko) Chrome/120.0.0.0 Safari/537.36"
191.237.248.153 - - [11/Jun/2026:20:52:21 +0100] "GET /wp-content/admin.php HTTP/1.0" 404 90904 "-" "Mozilla/5.0 (Windows NT 10.0; Win64; x64) AppleWebKit/537.36 (KHTML, like Gecko) Chrome/120.0.0.0 Safari/537.36"
191.237.248.153 - - [11/Jun/2026:20:52:23 +0100] "GET /222.php HTTP/1.0" 404 90904 "-" "Mozilla/5.0 (Windows NT 10.0; Win64; x64) AppleWebKit/537.36 (KHTML, like Gecko) Chrome/120.0.0.0 Safari/537.36"
191.237.248.153 - - [11/Jun/2026:20:52:25 +0100] "GET /wp-content/themes/pridmag/il.php HTTP/1.0" 404 90904 "-" "Mozilla/5.0 (Windows NT 10.0; Win64; x64) AppleWebKit/537.36 (KHTML, like Gecko) Chrome/120.0.0.0 Safari/537.36"
62.193.192.154 - - [11/Jun/2026:20:52:28 +0100] "POST /wp-cron.php?doing_wp_cron=1781207548.3042209148406982421875 HTTP/1.0" 301 332 "https://albatroz.engineering/wp-cron.php?doing_wp_cron=1781207548.3042209148406982421875" "WordPress/5.9.5; https://albatroz.engineering"
191.237.248.153 - - [11/Jun/2026:20:52:27 +0100] "GET /info.php HTTP/1.0" 404 90904 "-" "Mozilla/5.0 (Windows NT 10.0; Win64; x64) AppleWebKit/537.36 (KHTML, like Gecko) Chrome/120.0.0.0 Safari/537.36"
191.237.248.153 - - [11/Jun/2026:20:52:29 +0100] "GET /a.php HTTP/1.0" 404 90904 "-" "Mozilla/5.0 (Windows NT 10.0; Win64; x64) AppleWebKit/537.36 (KHTML, like Gecko) Chrome/120.0.0.0 Safari/537.36"
191.237.248.153 - - [11/Jun/2026:20:52:31 +0100] "GET /chosen.php HTTP/1.0" 404 90904 "-" "Mozilla/5.0 (Windows NT 10.0; Win64; x64) AppleWebKit/537.36 (KHTML, like Gecko) Chrome/120.0.0.0 Safari/537.36"
191.237.248.153 - - [11/Jun/2026:20:52:33 +0100] "GET /wp-content/index.php HTTP/1.0" 200 - "-" "Mozilla/5.0 (Windows NT 10.0; Win64; x64) AppleWebKit/537.36 (KHTML, like Gecko) Chrome/120.0.0.0 Safari/537.36"
191.237.248.153 - - [11/Jun/2026:20:52:33 +0100] "GET /vx.php HTTP/1.0" 404 90904 "-" "Mozilla/5.0 (Windows NT 10.0; Win64; x64) AppleWebKit/537.36 (KHTML, like Gecko) Chrome/120.0.0.0 Safari/537.36"
191.237.248.153 - - [11/Jun/2026:20:52:35 +0100] "GET /admin/controller/extension/ HTTP/1.0" 404 90904 "-" "Mozilla/5.0 (Windows NT 10.0; Win64; x64) AppleWebKit/537.36 (KHTML, like Gecko) Chrome/120.0.0.0 Safari/537.36"
191.237.248.153 - - [11/Jun/2026:20:52:37 +0100] "GET /wap.php HTTP/1.0" 404 90904 "-" "Mozilla/5.0 (Windows NT 10.0; Win64; x64) AppleWebKit/537.36 (KHTML, like Gecko) Chrome/120.0.0.0 Safari/537.36"
191.237.248.153 - - [11/Jun/2026:20:52:39 +0100] "GET /wp-admin/wp.php HTTP/1.0" 404 90904 "-" "Mozilla/5.0 (Windows NT 10.0; Win64; x64) AppleWebKit/537.36 (KHTML, like Gecko) Chrome/120.0.0.0 Safari/537.36"
191.237.248.153 - - [11/Jun/2026:20:52:41 +0100] "GET /bgymj.php HTTP/1.0" 404 90904 "-" "Mozilla/5.0 (Windows NT 10.0; Win64; x64) AppleWebKit/537.36 (KHTML, like Gecko) Chrome/120.0.0.0 Safari/537.36"
191.237.248.153 - - [11/Jun/2026:20:52:43 +0100] "GET /aa.php HTTP/1.0" 404 90904 "-" "Mozilla/5.0 (Windows NT 10.0; Win64; x64) AppleWebKit/537.36 (KHTML, like Gecko) Chrome/120.0.0.0 Safari/537.36"
191.237.248.153 - - [11/Jun/2026:20:52:45 +0100] "GET /wp-mail.php HTTP/1.0" 403 2586 "-" "Mozilla/5.0 (Windows NT 10.0; Win64; x64) AppleWebKit/537.36 (KHTML, like Gecko) Chrome/120.0.0.0 Safari/537.36"
191.237.248.153 - - [11/Jun/2026:20:52:47 +0100] "GET /bolt.php HTTP/1.0" 404 90904 "-" "Mozilla/5.0 (Windows NT 10.0; Win64; x64) AppleWebKit/537.36 (KHTML, like Gecko) Chrome/120.0.0.0 Safari/537.36"
191.237.248.153 - - [11/Jun/2026:20:52:49 +0100] "GET /bthil.php HTTP/1.0" 404 90904 "-" "Mozilla/5.0 (Windows NT 10.0; Win64; x64) AppleWebKit/537.36 (KHTML, like Gecko) Chrome/120.0.0.0 Safari/537.36"
191.237.248.153 - - [11/Jun/2026:20:52:51 +0100] "GET /cgi-bin/ HTTP/1.0" 404 90904 "-" "Mozilla/5.0 (Windows NT 10.0; Win64; x64) AppleWebKit/537.36 (KHTML, like Gecko) Chrome/120.0.0.0 Safari/537.36"
191.237.248.153 - - [11/Jun/2026:20:52:53 +0100] "GET /x.php HTTP/1.0" 404 90904 "-" "Mozilla/5.0 (Windows NT 10.0; Win64; x64) AppleWebKit/537.36 (KHTML, like Gecko) Chrome/120.0.0.0 Safari/537.36"
191.237.248.153 - - [11/Jun/2026:20:52:55 +0100] "GET /index/function.php HTTP/1.0" 404 90904 "-" "Mozilla/5.0 (Windows NT 10.0; Win64; x64) AppleWebKit/537.36 (KHTML, like Gecko) Chrome/120.0.0.0 Safari/537.36"
191.237.248.153 - - [11/Jun/2026:20:52:57 +0100] "GET /aaa.php HTTP/1.0" 404 90904 "-" "Mozilla/5.0 (Windows NT 10.0; Win64; x64) AppleWebKit/537.36 (KHTML, like Gecko) Chrome/120.0.0.0 Safari/537.36"
191.237.248.153 - - [11/Jun/2026:20:52:59 +0100] "GET /abcd.php HTTP/1.0" 404 90904 "-" "Mozilla/5.0 (Windows NT 10.0; Win64; x64) AppleWebKit/537.36 (KHTML, like Gecko) Chrome/120.0.0.0 Safari/537.36"
191.237.248.153 - - [11/Jun/2026:20:53:00 +0100] "GET /wp-good.php HTTP/1.0" 404 90904 "-" "Mozilla/5.0 (Windows NT 10.0; Win64; x64) AppleWebKit/537.36 (KHTML, like Gecko) Chrome/120.0.0.0 Safari/537.36"
191.237.248.153 - - [11/Jun/2026:20:53:02 +0100] "GET /simple.php HTTP/1.0" 404 90904 "-" "Mozilla/5.0 (Windows NT 10.0; Win64; x64) AppleWebKit/537.36 (KHTML, like Gecko) Chrome/120.0.0.0 Safari/537.36"
191.237.248.153 - - [11/Jun/2026:20:53:04 +0100] "GET /edit-tags.php HTTP/1.0" 404 90904 "-" "Mozilla/5.0 (Windows NT 10.0; Win64; x64) AppleWebKit/537.36 (KHTML, like Gecko) Chrome/120.0.0.0 Safari/537.36"
191.237.248.153 - - [11/Jun/2026:20:53:06 +0100] "GET /u.php HTTP/1.0" 404 90904 "-" "Mozilla/5.0 (Windows NT 10.0; Win64; x64) AppleWebKit/537.36 (KHTML, like Gecko) Chrome/120.0.0.0 Safari/537.36"
191.237.248.153 - - [11/Jun/2026:20:53:08 +0100] "GET /wp-content/themes/admin.php HTTP/1.0" 404 90904 "-" "Mozilla/5.0 (Windows NT 10.0; Win64; x64) AppleWebKit/537.36 (KHTML, like Gecko) Chrome/120.0.0.0 Safari/537.36"
191.237.248.153 - - [11/Jun/2026:20:53:10 +0100] "GET /h.php HTTP/1.0" 404 90904 "-" "Mozilla/5.0 (Windows NT 10.0; Win64; x64) AppleWebKit/537.36 (KHTML, like Gecko) Chrome/120.0.0.0 Safari/537.36"
191.237.248.153 - - [11/Jun/2026:20:53:12 +0100] "GET /ms-edit.php HTTP/1.0" 404 90904 "-" "Mozilla/5.0 (Windows NT 10.0; Win64; x64) AppleWebKit/537.36 (KHTML, like Gecko) Chrome/120.0.0.0 Safari/537.36"
191.237.248.153 - - [11/Jun/2026:20:53:13 +0100] "GET /a7.php HTTP/1.0" 404 90904 "-" "Mozilla/5.0 (Windows NT 10.0; Win64; x64) AppleWebKit/537.36 (KHTML, like Gecko) Chrome/120.0.0.0 Safari/537.36"
191.237.248.153 - - [11/Jun/2026:20:53:15 +0100] "GET /manager.php HTTP/1.0" 404 90904 "-" "Mozilla/5.0 (Windows NT 10.0; Win64; x64) AppleWebKit/537.36 (KHTML, like Gecko) Chrome/120.0.0.0 Safari/537.36"
191.237.248.153 - - [11/Jun/2026:20:53:17 +0100] "GET /w1.php HTTP/1.0" 404 90904 "-" "Mozilla/5.0 (Windows NT 10.0; Win64; x64) AppleWebKit/537.36 (KHTML, like Gecko) Chrome/120.0.0.0 Safari/537.36"
191.237.248.153 - - [11/Jun/2026:20:53:19 +0100] "GET /wp-includes/fonts/ HTTP/1.0" 200 1579 "-" "Mozilla/5.0 (Windows NT 10.0; Win64; x64) AppleWebKit/537.36 (KHTML, like Gecko) Chrome/120.0.0.0 Safari/537.36"
191.237.248.153 - - [11/Jun/2026:20:53:19 +0100] "GET /wp-login.php HTTP/1.0" 200 8959 "-" "Mozilla/5.0 (Windows NT 10.0; Win64; x64) AppleWebKit/537.36 (KHTML, like Gecko) Chrome/120.0.0.0 Safari/537.36"
191.237.248.153 - - [11/Jun/2026:20:53:21 +0100] "GET /default.php HTTP/1.0" 404 90904 "-" "Mozilla/5.0 (Windows NT 10.0; Win64; x64) AppleWebKit/537.36 (KHTML, like Gecko) Chrome/120.0.0.0 Safari/537.36"
191.237.248.153 - - [11/Jun/2026:20:53:23 +0100] "GET /i.php HTTP/1.0" 404 90904 "-" "Mozilla/5.0 (Windows NT 10.0; Win64; x64) AppleWebKit/537.36 (KHTML, like Gecko) Chrome/120.0.0.0 Safari/537.36"
191.237.248.153 - - [11/Jun/2026:20:53:25 +0100] "GET /wp-content/uploads/ HTTP/1.0" 200 3281 "-" "Mozilla/5.0 (Windows NT 10.0; Win64; x64) AppleWebKit/537.36 (KHTML, like Gecko) Chrome/120.0.0.0 Safari/537.36"
191.237.248.153 - - [11/Jun/2026:20:53:25 +0100] "GET /wp-includes/Requests/library/index.php HTTP/1.0" 301 - "-" "Mozilla/5.0 (Windows NT 10.0; Win64; x64) AppleWebKit/537.36 (KHTML, like Gecko) Chrome/120.0.0.0 Safari/537.36"
191.237.248.153 - - [11/Jun/2026:20:53:27 +0100] "GET /wp-content/themes/index.php HTTP/1.0" 200 - "-" "Mozilla/5.0 (Windows NT 10.0; Win64; x64) AppleWebKit/537.36 (KHTML, like Gecko) Chrome/120.0.0.0 Safari/537.36"
62.193.192.154 - - [11/Jun/2026:20:53:28 +0100] "POST /wp-cron.php?doing_wp_cron=1781207608.8179819583892822265625 HTTP/1.0" 301 332 "https://albatroz.engineering/wp-cron.php?doing_wp_cron=1781207608.8179819583892822265625" "WordPress/5.9.5; https://albatroz.engineering"
191.237.248.153 - - [11/Jun/2026:20:53:27 +0100] "GET /gecko-new.php HTTP/1.0" 404 90904 "-" "Mozilla/5.0 (Windows NT 10.0; Win64; x64) AppleWebKit/537.36 (KHTML, like Gecko) Chrome/120.0.0.0 Safari/537.36"
191.237.248.153 - - [11/Jun/2026:20:53:29 +0100] "GET /NewFile.php HTTP/1.0" 404 90904 "-" "Mozilla/5.0 (Windows NT 10.0; Win64; x64) AppleWebKit/537.36 (KHTML, like Gecko) Chrome/120.0.0.0 Safari/537.36"
191.237.248.153 - - [11/Jun/2026:20:53:31 +0100] "GET /wp-Blogs.php HTTP/1.0" 404 90904 "-" "Mozilla/5.0 (Windows NT 10.0; Win64; x64) AppleWebKit/537.36 (KHTML, like Gecko) Chrome/120.0.0.0 Safari/537.36"
191.237.248.153 - - [11/Jun/2026:20:53:33 +0100] "GET /wp-includes/fonts/index.php HTTP/1.0" 301 - "-" "Mozilla/5.0 (Windows NT 10.0; Win64; x64) AppleWebKit/537.36 (KHTML, like Gecko) Chrome/120.0.0.0 Safari/537.36"
191.237.248.153 - - [11/Jun/2026:20:53:35 +0100] "GET /themes.php HTTP/1.0" 404 90904 "-" "Mozilla/5.0 (Windows NT 10.0; Win64; x64) AppleWebKit/537.36 (KHTML, like Gecko) Chrome/120.0.0.0 Safari/537.36"
191.237.248.153 - - [11/Jun/2026:20:53:36 +0100] "GET /cv.php HTTP/1.0" 404 90904 "-" "Mozilla/5.0 (Windows NT 10.0; Win64; x64) AppleWebKit/537.36 (KHTML, like Gecko) Chrome/120.0.0.0 Safari/537.36"
191.237.248.153 - - [11/Jun/2026:20:53:39 +0100] "GET /wp-admin/js/ HTTP/1.0" 200 17978 "-" "Mozilla/5.0 (Windows NT 10.0; Win64; x64) AppleWebKit/537.36 (KHTML, like Gecko) Chrome/120.0.0.0 Safari/537.36"
191.237.248.153 - - [11/Jun/2026:20:53:39 +0100] "GET /wp-content/uploads/index.php HTTP/1.0" 301 - "-" "Mozilla/5.0 (Windows NT 10.0; Win64; x64) AppleWebKit/537.36 (KHTML, like Gecko) Chrome/120.0.0.0 Safari/537.36"
191.237.248.153 - - [11/Jun/2026:20:53:41 +0100] "GET /ws83.php HTTP/1.0" 404 90904 "-" "Mozilla/5.0 (Windows NT 10.0; Win64; x64) AppleWebKit/537.36 (KHTML, like Gecko) Chrome/120.0.0.0 Safari/537.36"
191.237.248.153 - - [11/Jun/2026:20:53:43 +0100] "GET /atex1.php HTTP/1.0" 404 90904 "-" "Mozilla/5.0 (Windows NT 10.0; Win64; x64) AppleWebKit/537.36 (KHTML, like Gecko) Chrome/120.0.0.0 Safari/537.36"
191.237.248.153 - - [11/Jun/2026:20:53:45 +0100] "GET /class-t.api.php HTTP/1.0" 404 90904 "-" "Mozilla/5.0 (Windows NT 10.0; Win64; x64) AppleWebKit/537.36 (KHTML, like Gecko) Chrome/120.0.0.0 Safari/537.36"
191.237.248.153 - - [11/Jun/2026:20:53:47 +0100] "GET /w.php HTTP/1.0" 404 90904 "-" "Mozilla/5.0 (Windows NT 10.0; Win64; x64) AppleWebKit/537.36 (KHTML, like Gecko) Chrome/120.0.0.0 Safari/537.36"
191.237.248.153 - - [11/Jun/2026:20:53:49 +0100] "GET /archive.php HTTP/1.0" 404 90904 "-" "Mozilla/5.0 (Windows NT 10.0; Win64; x64) AppleWebKit/537.36 (KHTML, like Gecko) Chrome/120.0.0.0 Safari/537.36"
191.237.248.153 - - [11/Jun/2026:20:53:51 +0100] "GET /bless.php HTTP/1.0" 404 90904 "-" "Mozilla/5.0 (Windows NT 10.0; Win64; x64) AppleWebKit/537.36 (KHTML, like Gecko) Chrome/120.0.0.0 Safari/537.36"
191.237.248.153 - - [11/Jun/2026:20:53:53 +0100] "GET /sagax1.php HTTP/1.0" 404 90904 "-" "Mozilla/5.0 (Windows NT 10.0; Win64; x64) AppleWebKit/537.36 (KHTML, like Gecko) Chrome/120.0.0.0 Safari/537.36"
191.237.248.153 - - [11/Jun/2026:20:53:55 +0100] "GET /wpc.php HTTP/1.0" 404 90904 "-" "Mozilla/5.0 (Windows NT 10.0; Win64; x64) AppleWebKit/537.36 (KHTML, like Gecko) Chrome/120.0.0.0 Safari/537.36"
191.237.248.153 - - [11/Jun/2026:20:53:57 +0100] "GET /fone1.php HTTP/1.0" 404 90904 "-" "Mozilla/5.0 (Windows NT 10.0; Win64; x64) AppleWebKit/537.36 (KHTML, like Gecko) Chrome/120.0.0.0 Safari/537.36"
191.237.248.153 - - [11/Jun/2026:20:53:59 +0100] "GET /ncx.php HTTP/1.0" 404 90904 "-" "Mozilla/5.0 (Windows NT 10.0; Win64; x64) AppleWebKit/537.36 (KHTML, like Gecko) Chrome/120.0.0.0 Safari/537.36"
191.237.248.153 - - [11/Jun/2026:20:54:01 +0100] "GET /wp-admin/js/index.php HTTP/1.0" 301 - "-" "Mozilla/5.0 (Windows NT 10.0; Win64; x64) AppleWebKit/537.36 (KHTML, like Gecko) Chrome/120.0.0.0 Safari/537.36"
104.236.222.1 - - [11/Jun/2026:20:54:01 +0100] "GET /wp-json/wp/v2/users/me HTTP/1.0" 401 98 "-" "Mozilla/5.0 (X11; CrOS x86_64 14541.0.0) AppleWebKit/537.36 (KHTML, like Gecko) Chrome/133.0.0.0 Safari/537.36"
191.237.248.153 - - [11/Jun/2026:20:54:03 +0100] "GET /wso.php HTTP/1.0" 404 90904 "-" "Mozilla/5.0 (Windows NT 10.0; Win64; x64) AppleWebKit/537.36 (KHTML, like Gecko) Chrome/120.0.0.0 Safari/537.36"
191.237.248.153 - - [11/Jun/2026:20:54:05 +0100] "GET /zup.php73 HTTP/1.0" 404 90904 "-" "Mozilla/5.0 (Windows NT 10.0; Win64; x64) AppleWebKit/537.36 (KHTML, like Gecko) Chrome/120.0.0.0 Safari/537.36"
191.237.248.153 - - [11/Jun/2026:20:54:08 +0100] "GET /k.php HTTP/1.0" 404 90904 "-" "Mozilla/5.0 (Windows NT 10.0; Win64; x64) AppleWebKit/537.36 (KHTML, like Gecko) Chrome/120.0.0.0 Safari/537.36"
191.237.248.153 - - [11/Jun/2026:20:54:10 +0100] "GET /wp-blink.php HTTP/1.0" 404 90904 "-" "Mozilla/5.0 (Windows NT 10.0; Win64; x64) AppleWebKit/537.36 (KHTML, like Gecko) Chrome/120.0.0.0 Safari/537.36"
191.237.248.153 - - [11/Jun/2026:20:54:12 +0100] "GET /randkeyword.PhP7 HTTP/1.0" 404 90904 "-" "Mozilla/5.0 (Windows NT 10.0; Win64; x64) AppleWebKit/537.36 (KHTML, like Gecko) Chrome/120.0.0.0 Safari/537.36"
191.237.248.153 - - [11/Jun/2026:20:54:14 +0100] "GET /wp-admin/css/colors/ectoplasm/ HTTP/1.0" 200 1610 "-" "Mozilla/5.0 (Windows NT 10.0; Win64; x64) AppleWebKit/537.36 (KHTML, like Gecko) Chrome/120.0.0.0 Safari/537.36"
191.237.248.153 - - [11/Jun/2026:20:54:14 +0100] "GET /wp-content/ HTTP/1.0" 200 - "-" "Mozilla/5.0 (Windows NT 10.0; Win64; x64) AppleWebKit/537.36 (KHTML, like Gecko) Chrome/120.0.0.0 Safari/537.36"
178.238.208.153 - - [11/Jun/2026:20:54:14 +0100] "GET /wp-login.php HTTP/1.0" 200 8959 "-" "Mozilla/5.0 (X11; Ubuntu; Linux x86_64; rv:133.0) Gecko/20100101 Firefox/133.0"
191.237.248.153 - - [11/Jun/2026:20:54:14 +0100] "GET /ww5.php HTTP/1.0" 404 90904 "-" "Mozilla/5.0 (Windows NT 10.0; Win64; x64) AppleWebKit/537.36 (KHTML, like Gecko) Chrome/120.0.0.0 Safari/537.36"
191.237.248.153 - - [11/Jun/2026:20:54:17 +0100] "GET /2.php HTTP/1.0" 404 90904 "-" "Mozilla/5.0 (Windows NT 10.0; Win64; x64) AppleWebKit/537.36 (KHTML, like Gecko) Chrome/120.0.0.0 Safari/537.36"
191.237.248.153 - - [11/Jun/2026:20:54:19 +0100] "GET /wp-admin/classwithtostring.php HTTP/1.0" 404 90904 "-" "Mozilla/5.0 (Windows NT 10.0; Win64; x64) AppleWebKit/537.36 (KHTML, like Gecko) Chrome/120.0.0.0 Safari/537.36"
178.238.208.153 - - [11/Jun/2026:20:54:19 +0100] "POST /wp-login.php HTTP/1.0" 200 9395 "https://albatroz.albatroz-eng.com/wp-login.php" "Mozilla/5.0 (X11; Ubuntu; Linux x86_64; rv:133.0) Gecko/20100101 Firefox/133.0"
191.237.248.153 - - [11/Jun/2026:20:54:21 +0100] "GET /atomlib.php HTTP/1.0" 404 90904 "-" "Mozilla/5.0 (Windows NT 10.0; Win64; x64) AppleWebKit/537.36 (KHTML, like Gecko) Chrome/120.0.0.0 Safari/537.36"
191.237.248.153 - - [11/Jun/2026:20:54:24 +0100] "GET /rip.php HTTP/1.0" 404 90904 "-" "Mozilla/5.0 (Windows NT 10.0; Win64; x64) AppleWebKit/537.36 (KHTML, like Gecko) Chrome/120.0.0.0 Safari/537.36"
191.237.248.153 - - [11/Jun/2026:20:54:26 +0100] "GET /p.php HTTP/1.0" 404 90904 "-" "Mozilla/5.0 (Windows NT 10.0; Win64; x64) AppleWebKit/537.36 (KHTML, like Gecko) Chrome/120.0.0.0 Safari/537.36"
62.193.192.154 - - [11/Jun/2026:20:54:29 +0100] "POST /wp-cron.php?doing_wp_cron=1781207669.4184670448303222656250 HTTP/1.0" 301 332 "https://albatroz.engineering/wp-cron.php?doing_wp_cron=1781207669.4184670448303222656250" "WordPress/5.9.5; https://albatroz.engineering"
191.237.248.153 - - [11/Jun/2026:20:54:28 +0100] "GET /php.php HTTP/1.0" 404 90904 "-" "Mozilla/5.0 (Windows NT 10.0; Win64; x64) AppleWebKit/537.36 (KHTML, like Gecko) Chrome/120.0.0.0 Safari/537.36"
20.153.140.50 - - [11/Jun/2026:20:55:49 +0100] "GET /wp-login.php HTTP/1.0" 301 285 "-" "Mozilla/5.0 (Macintosh; Intel Mac OS X 14_7_4) AppleWebKit/537.36 (KHTML, like Gecko) Chrome/133.0.0.0 Safari/537.36"
62.193.192.154 - - [11/Jun/2026:20:56:13 +0100] "POST /wp-cron.php?doing_wp_cron=1781207772.9274179935455322265625 HTTP/1.0" 301 332 "https://albatroz.engineering/wp-cron.php?doing_wp_cron=1781207772.9274179935455322265625" "WordPress/5.9.5; https://albatroz.engineering"
121.200.216.56 - - [11/Jun/2026:20:56:11 +0100] "GET /wp-login.php HTTP/1.0" 200 8959 "-" "Mozilla/5.0 (X11; Ubuntu; Linux x86_64) AppleWebKit/537.36 (KHTML, like Gecko) Chrome/133.0.0.0 Safari/537.36"
121.200.216.56 - - [11/Jun/2026:20:56:14 +0100] "POST /wp-login.php HTTP/1.0" 200 9396 "https://albatroz.albatroz-eng.com/wp-login.php" "Mozilla/5.0 (X11; Ubuntu; Linux x86_64) AppleWebKit/537.36 (KHTML, like Gecko) Chrome/133.0.0.0 Safari/537.36"
62.193.192.154 - - [11/Jun/2026:20:58:02 +0100] "POST /wp-cron.php?doing_wp_cron=1781207882.0554149150848388671875 HTTP/1.0" 301 332 "https://albatroz.engineering/wp-cron.php?doing_wp_cron=1781207882.0554149150848388671875" "WordPress/5.9.5; https://albatroz.engineering"
78.142.18.172 - - [11/Jun/2026:20:58:00 +0100] "GET /wp-login.php HTTP/1.0" 200 8959 "-" "Mozilla/5.0 (Windows NT 10.0; Win64; x64) AppleWebKit/537.36 (KHTML, like Gecko) Chrome/133.0.0.0 Safari/537.36"
78.142.18.172 - - [11/Jun/2026:20:58:02 +0100] "POST /wp-login.php HTTP/1.0" 200 9402 "https://albatroz.albatroz-eng.com/wp-login.php" "Mozilla/5.0 (Windows NT 10.0; Win64; x64) AppleWebKit/537.36 (KHTML, like Gecko) Chrome/133.0.0.0 Safari/537.36"
209.74.93.184 - - [11/Jun/2026:20:58:13 +0100] "GET /wp-login.php HTTP/1.0" 301 285 "-" "Mozilla/5.0 (X11; Ubuntu; Linux x86_64) AppleWebKit/537.36 (KHTML, like Gecko) Chrome/133.0.0.0 Safari/537.36"
202.172.25.51 - - [11/Jun/2026:20:58:19 +0100] "GET /wp-login.php HTTP/1.0" 200 8959 "-" "Mozilla/5.0 (Windows NT 10.0; Win64; x64) AppleWebKit/537.36 (KHTML, like Gecko) Chrome/120.0.0.0 Safari/537.36"
202.172.25.51 - - [11/Jun/2026:20:58:20 +0100] "POST /wp-login.php HTTP/1.0" 200 9402 "https://albatroz.albatroz-eng.com/wp-login.php" "Mozilla/5.0 (Windows NT 10.0; Win64; x64) AppleWebKit/537.36 (KHTML, like Gecko) Chrome/120.0.0.0 Safari/537.36"
62.193.192.154 - - [11/Jun/2026:21:00:14 +0100] "POST /wp-cron.php?doing_wp_cron=1781208014.7119269371032714843750 HTTP/1.0" 301 332 "https://albatroz.engineering/wp-cron.php?doing_wp_cron=1781208014.7119269371032714843750" "WordPress/5.9.5; https://albatroz.engineering"
47.79.206.39 - - [11/Jun/2026:21:00:12 +0100] "GET /fr/carriere/education-recherche-developpement HTTP/1.0" 301 - "https://www.google.com/" "Mozilla/5.0 (Windows NT 10.0; Win64; x64) AppleWebKit/537.36 (KHTML, like Gecko) Chrome/133.0.0.0 Safari/537.36"
47.79.206.39 - - [11/Jun/2026:21:00:15 +0100] "GET /fr/carriere/education-recherche-developpement/ HTTP/1.0" 200 108240 "https://www.google.com/" "Mozilla/5.0 (Windows NT 10.0; Win64; x64) AppleWebKit/537.36 (KHTML, like Gecko) Chrome/133.0.0.0 Safari/537.36"
171.244.34.150 - - [11/Jun/2026:21:00:37 +0100] "GET /wp-login.php HTTP/1.0" 301 285 "-" "Mozilla/5.0 (Windows NT 10.0; Win64; x64) AppleWebKit/537.36 (KHTML, like Gecko) Chrome/133.0.0.0 Safari/537.36"
62.193.192.154 - - [11/Jun/2026:21:01:43 +0100] "POST /wp-cron.php?doing_wp_cron=1781208103.4042329788208007812500 HTTP/1.0" 301 332 "https://albatroz.engineering/wp-cron.php?doing_wp_cron=1781208103.4042329788208007812500" "WordPress/5.9.5; https://albatroz.engineering"
47.79.201.136 - - [11/Jun/2026:21:01:41 +0100] "GET /en/solutions/gmi HTTP/1.0" 301 - "https://www.google.com/" "Mozilla/5.0 (Linux; Android 10; K) AppleWebKit/537.36 (KHTML, like Gecko) Chrome/132.0.0.0 Mobile Safari/537.36"
47.79.201.136 - - [11/Jun/2026:21:01:43 +0100] "GET /en/solutions/gmi/ HTTP/1.0" 200 96550 "https://www.google.com/" "Mozilla/5.0 (Linux; Android 10; K) AppleWebKit/537.36 (KHTML, like Gecko) Chrome/132.0.0.0 Mobile Safari/537.36"
217.217.254.45 - - [11/Jun/2026:21:03:16 +0100] "GET /wp-login.php HTTP/1.0" 301 285 "-" "Mozilla/5.0 (Macintosh; Intel Mac OS X 14_7_4) AppleWebKit/537.36 (KHTML, like Gecko) Chrome/133.0.0.0 Safari/537.36"
217.217.254.45 - - [11/Jun/2026:21:03:19 +0100] "POST /wp-login.php HTTP/1.0" 301 285 "https://albatroz.engineering/wp-login.php" "Mozilla/5.0 (Macintosh; Intel Mac OS X 14_7_4) AppleWebKit/537.36 (KHTML, like Gecko) Chrome/133.0.0.0 Safari/537.36"
141.98.11.117 - - [11/Jun/2026:21:03:48 +0100] "GET /wp-login.php HTTP/1.0" 301 285 "-" "Mozilla/5.0 (Windows NT 10.0; Win64; x64) AppleWebKit/537.36 (KHTML, like Gecko) Chrome/120.0.0.0 Safari/537.36"
62.193.192.154 - - [11/Jun/2026:21:03:57 +0100] "POST /wp-cron.php?doing_wp_cron=1781208237.0039839744567871093750 HTTP/1.0" 301 332 "https://albatroz.engineering/wp-cron.php?doing_wp_cron=1781208237.0039839744567871093750" "WordPress/5.9.5; https://albatroz.engineering"
2.56.111.20 - - [11/Jun/2026:21:03:55 +0100] "GET /wp-login.php HTTP/1.0" 200 8959 "-" "Mozilla/5.0 (Windows NT 10.0; Win64; x64) AppleWebKit/537.36 (KHTML, like Gecko) Chrome/120.0.0.0 Safari/537.36"
2.56.111.20 - - [11/Jun/2026:21:03:57 +0100] "POST /wp-login.php HTTP/1.0" 200 9408 "https://albatroz.albatroz-eng.com/wp-login.php" "Mozilla/5.0 (Windows NT 10.0; Win64; x64) AppleWebKit/537.36 (KHTML, like Gecko) Chrome/120.0.0.0 Safari/537.36"
62.193.192.154 - - [11/Jun/2026:21:06:37 +0100] "POST /wp-cron.php?doing_wp_cron=1781208397.6194341182708740234375 HTTP/1.0" 301 332 "https://albatroz.engineering/wp-cron.php?doing_wp_cron=1781208397.6194341182708740234375" "WordPress/5.9.5; https://albatroz.engineering"
216.73.216.215 - - [11/Jun/2026:21:06:35 +0100] "GET /robots.txt HTTP/1.0" 200 67 "-" "Mozilla/5.0 AppleWebKit/537.36 (KHTML, like Gecko; compatible; ClaudeBot/1.0; +claudebot@anthropic.com)"
216.73.216.215 - - [11/Jun/2026:21:06:38 +0100] "GET /sitemap.xml HTTP/1.0" 301 - "-" "Mozilla/5.0 AppleWebKit/537.36 (KHTML, like Gecko; compatible; ClaudeBot/1.0; +claudebot@anthropic.com)"
216.73.216.215 - - [11/Jun/2026:21:06:39 +0100] "GET /sitemap_index.xml HTTP/1.0" 200 938 "https://albatroz.engineering/sitemap.xml" "Mozilla/5.0 AppleWebKit/537.36 (KHTML, like Gecko; compatible; ClaudeBot/1.0; +claudebot@anthropic.com)"
62.193.192.154 - - [11/Jun/2026:21:08:08 +0100] "POST /wp-cron.php?doing_wp_cron=1781208488.5343739986419677734375 HTTP/1.0" 301 332 "https://albatroz.engineering/wp-cron.php?doing_wp_cron=1781208488.5343739986419677734375" "WordPress/5.9.5; https://albatroz.engineering"
203.190.11.3 - - [11/Jun/2026:21:08:06 +0100] "GET /wp-login.php HTTP/1.0" 200 8959 "-" "Mozilla/5.0 (X11; Fedora; Linux x86_64) AppleWebKit/537.36 (KHTML, like Gecko) Chrome/133.0.0.0 Safari/537.36"
203.190.11.3 - - [11/Jun/2026:21:08:12 +0100] "POST /wp-login.php HTTP/1.0" 200 9408 "https://albatroz.albatroz-eng.com/wp-login.php" "Mozilla/5.0 (X11; Fedora; Linux x86_64) AppleWebKit/537.36 (KHTML, like Gecko) Chrome/133.0.0.0 Safari/537.36"
208.109.188.137 - - [11/Jun/2026:21:08:36 +0100] "GET /wp-login.php HTTP/1.0" 301 285 "-" "Mozilla/5.0 (Windows NT 10.0; Win64; x64) AppleWebKit/537.36 (KHTML, like Gecko) Chrome/120.0.0.0 Safari/537.36"
185.85.241.123 - - [11/Jun/2026:21:09:28 +0100] "GET /wp-login.php HTTP/1.0" 301 285 "-" "Mozilla/5.0 (Windows NT 10.0) AppleWebKit/537.36 (KHTML, like Gecko) Chrome/133.0.0.0 Safari/537.36"
185.85.241.123 - - [11/Jun/2026:21:09:40 +0100] "POST /wp-login.php HTTP/1.0" 301 285 "https://albatroz.engineering/wp-login.php" "Mozilla/5.0 (Windows NT 10.0) AppleWebKit/537.36 (KHTML, like Gecko) Chrome/133.0.0.0 Safari/537.36"
193.164.5.58 - - [11/Jun/2026:21:10:00 +0100] "GET /wp-login.php HTTP/1.0" 301 285 "-" "Mozilla/5.0 (Windows NT 10.0; Win64; x64) AppleWebKit/537.36 (KHTML, like Gecko) Chrome/120.0.0.0 Safari/537.36"
62.193.192.154 - - [11/Jun/2026:21:10:15 +0100] "POST /wp-cron.php?doing_wp_cron=1781208615.5096220970153808593750 HTTP/1.0" 301 332 "https://albatroz.engineering/wp-cron.php?doing_wp_cron=1781208615.5096220970153808593750" "WordPress/5.9.5; https://albatroz.engineering"
141.98.11.117 - - [11/Jun/2026:21:10:13 +0100] "GET /wp-login.php HTTP/1.0" 200 8959 "-" "Mozilla/5.0 (Windows NT 10.0; Win64; x64) AppleWebKit/537.36 (KHTML, like Gecko) Chrome/120.0.0.0 Safari/537.36"
141.98.11.117 - - [11/Jun/2026:21:10:16 +0100] "POST /wp-login.php HTTP/1.0" 200 9395 "https://albatroz.albatroz-eng.com/wp-login.php" "Mozilla/5.0 (Windows NT 10.0; Win64; x64) AppleWebKit/537.36 (KHTML, like Gecko) Chrome/120.0.0.0 Safari/537.36"
62.193.192.154 - - [11/Jun/2026:21:13:06 +0100] "POST /wp-cron.php?doing_wp_cron=1781208786.3140099048614501953125 HTTP/1.0" 301 332 "https://albatroz.engineering/wp-cron.php?doing_wp_cron=1781208786.3140099048614501953125" "WordPress/5.9.5; https://albatroz.engineering"
47.79.201.141 - - [11/Jun/2026:21:13:04 +0100] "GET /fr/albatroz-engenharia-dans-les-medias HTTP/1.0" 301 - "https://www.google.com/" "Mozilla/5.0 (Linux; Android 10; K) AppleWebKit/537.36 (KHTML, like Gecko) Chrome/133.0.0.0 Mobile Safari/537.36"
47.79.201.141 - - [11/Jun/2026:21:13:06 +0100] "GET /fr/albatroz-engenharia-dans-les-medias/ HTTP/1.0" 200 97662 "https://www.google.com/" "Mozilla/5.0 (Linux; Android 10; K) AppleWebKit/537.36 (KHTML, like Gecko) Chrome/133.0.0.0 Mobile Safari/537.36"
47.79.201.228 - - [11/Jun/2026:21:13:45 +0100] "GET /portugal-air-summit-18 HTTP/1.0" 301 - "https://www.google.com/" "Mozilla/5.0 (Linux; Android 10; K) AppleWebKit/537.36 (KHTML, like Gecko) Chrome/133.0.0.0 Safari/537.36"
47.79.201.228 - - [11/Jun/2026:21:13:47 +0100] "GET /portugal-air-summit-18/ HTTP/1.0" 200 95755 "https://www.google.com/" "Mozilla/5.0 (Linux; Android 10; K) AppleWebKit/537.36 (KHTML, like Gecko) Chrome/133.0.0.0 Safari/537.36"
62.193.192.154 - - [11/Jun/2026:21:18:07 +0100] "POST /wp-cron.php?doing_wp_cron=1781209087.7159919738769531250000 HTTP/1.0" 301 332 "https://albatroz.engineering/wp-cron.php?doing_wp_cron=1781209087.7159919738769531250000" "WordPress/5.9.5; https://albatroz.engineering"
49.151.132.28 - - [11/Jun/2026:21:18:05 +0100] "GET /robots.txt HTTP/1.0" 200 67 "-" "Mozilla/5.0 (Macintosh; Intel Mac OS X 12_7_2) AppleWebKit/537.36 (KHTML, like Gecko) Chrome/130.0.6723.191 Safari/537.36"
113.190.40.93 - - [11/Jun/2026:21:18:08 +0100] "GET /wp-login.php HTTP/1.0" 200 8959 "-" "Mozilla/5.0 (X11; Ubuntu; Linux x86_64; rv:133.0) Gecko/20100101 Firefox/133.0"
103.127.30.137 - - [11/Jun/2026:21:18:12 +0100] "GET /wp-login.php HTTP/1.0" 301 285 "-" "Mozilla/5.0 (Windows NT 10.0) AppleWebKit/537.36 (KHTML, like Gecko) Chrome/133.0.0.0 Safari/537.36"
113.190.40.93 - - [11/Jun/2026:21:18:14 +0100] "POST /wp-login.php HTTP/1.0" 200 9408 "https://albatroz.albatroz-eng.com/wp-login.php" "Mozilla/5.0 (X11; Ubuntu; Linux x86_64; rv:133.0) Gecko/20100101 Firefox/133.0"
47.79.201.25 - - [11/Jun/2026:21:18:19 +0100] "GET /en/solutions/virtual-monuments/roman-galleries-lisbon HTTP/1.0" 301 - "https://www.google.com/" "Mozilla/5.0 (Linux; Android 10; K) AppleWebKit/537.36 (KHTML, like Gecko) Chrome/132.0.0.0 Mobile Safari/537.36"
47.79.201.25 - - [11/Jun/2026:21:18:20 +0100] "GET /en/solutions/virtual-monuments/roman-galleries-lisbon/ HTTP/1.0" 200 138097 "https://www.google.com/" "Mozilla/5.0 (Linux; Android 10; K) AppleWebKit/537.36 (KHTML, like Gecko) Chrome/132.0.0.0 Mobile Safari/537.36"
220.181.108.90 - - [11/Jun/2026:21:18:24 +0100] "GET /es/multilayer-visualisation-and-spatiotemporal-correlation-for-risk-based-asset-management/ HTTP/1.0" 200 100809 "-" "Mozilla/5.0 (compatible; Baiduspider/2.0; +http://www.baidu.com/search/spider.html)"
103.127.30.137 - - [11/Jun/2026:21:18:28 +0100] "GET /wp-json/wp/v2/users/me HTTP/1.0" 401 98 "-" "Mozilla/5.0 (Windows NT 10.0) AppleWebKit/537.36 (KHTML, like Gecko) Chrome/133.0.0.0 Safari/537.36"
62.193.192.154 - - [11/Jun/2026:21:20:02 +0100] "POST /wp-cron.php?doing_wp_cron=1781209202.5271608829498291015625 HTTP/1.0" 301 332 "https://albatroz.engineering/wp-cron.php?doing_wp_cron=1781209202.5271608829498291015625" "WordPress/5.9.5; https://albatroz.engineering"
209.74.93.184 - - [11/Jun/2026:21:20:00 +0100] "GET /wp-login.php HTTP/1.0" 200 8959 "-" "Mozilla/5.0 (Macintosh; Intel Mac OS X 11_7_10) AppleWebKit/537.36 (KHTML, like Gecko) Chrome/133.0.0.0 Safari/537.36"
209.74.93.184 - - [11/Jun/2026:21:20:03 +0100] "POST /wp-login.php HTTP/1.0" 200 9395 "https://albatroz.albatroz-eng.com/wp-login.php" "Mozilla/5.0 (Macintosh; Intel Mac OS X 11_7_10) AppleWebKit/537.36 (KHTML, like Gecko) Chrome/133.0.0.0 Safari/537.36"
119.195.102.159 - - [11/Jun/2026:21:20:32 +0100] "GET /wp-login.php HTTP/1.0" 301 285 "-" "Mozilla/5.0 (X11; Ubuntu; Linux x86_64) AppleWebKit/537.36 (KHTML, like Gecko) Chrome/133.0.0.0 Safari/537.36"
119.195.102.159 - - [11/Jun/2026:21:20:50 +0100] "GET /wp-json/wp/v2/users/me HTTP/1.0" 401 98 "-" "Mozilla/5.0 (X11; Ubuntu; Linux x86_64) AppleWebKit/537.36 (KHTML, like Gecko) Chrome/133.0.0.0 Safari/537.36"
40.88.21.235 - - [11/Jun/2026:21:21:51 +0100] "GET /wp-content/uploads/2014/08/cropped-logo-simples-45x45.png HTTP/1.0" 301 330 "http://albatroz.engineering/favicon.ico" "DuckDuckBot/1.1; (+http://duckduckgo.com/duckduckbot.html)"
90.248.60.10 - - [11/Jun/2026:21:22:00 +0100] "POST /xmlrpc.php HTTP/1.0" 301 283 "-" "Mozilla/5.0 (X11; Ubuntu; Linux x86_64; x64) AppleWebKit/537.36 (KHTML, like Gecko) Chrome/112.0.0.0 Safari/537.36"
185.176.8.77 - - [11/Jun/2026:21:23:13 +0100] "GET /wp-login.php HTTP/1.0" 200 8959 "-" "Mozilla/5.0 (Windows NT 10.0; Win64; x64; rv:133.0) Gecko/20100101 Firefox/133.0"
185.176.8.77 - - [11/Jun/2026:21:23:17 +0100] "POST /wp-login.php HTTP/1.0" 200 9396 "https://albatroz.albatroz-eng.com/wp-login.php" "Mozilla/5.0 (Windows NT 10.0; Win64; x64; rv:133.0) Gecko/20100101 Firefox/133.0"
62.193.192.154 - - [11/Jun/2026:21:27:37 +0100] "POST /wp-cron.php?doing_wp_cron=1781209657.1070559024810791015625 HTTP/1.0" 301 332 "https://albatroz.engineering/wp-cron.php?doing_wp_cron=1781209657.1070559024810791015625" "WordPress/5.9.5; https://albatroz.engineering"
139.99.172.140 - - [11/Jun/2026:21:27:35 +0100] "GET /wp-json/wp/v2/users/me HTTP/1.0" 401 98 "-" "Mozilla/5.0 (Macintosh; Intel Mac OS X 10_15_7) AppleWebKit/605.1.15 (KHTML, like Gecko) Version/18.3 Safari/605.1.15"
116.179.37.16 - - [11/Jun/2026:21:28:34 +0100] "GET /wp-content/themes/flato/css/font-awesome.min.css?ver=5.9.5 HTTP/1.0" 301 331 "https://albatroz.engineering/es/multilayer-visualisation-and-spatiotemporal-correlation-for-risk-based-asset-management/" "Mozilla/5.0 (compatible; Baiduspider-render/2.0; +http://www.baidu.com/search/spider.html)"
116.179.37.213 - - [11/Jun/2026:21:28:34 +0100] "GET /wp-content/plugins/better-anchor-links/css/mwm-aal.css?ver=1.2.0 HTTP/1.0" 301 337 "https://albatroz.engineering/es/multilayer-visualisation-and-spatiotemporal-correlation-for-risk-based-asset-management/" "Mozilla/5.0 (compatible; Baiduspider-render/2.0; +http://www.baidu.com/search/spider.html)"
116.179.37.154 - - [11/Jun/2026:21:28:34 +0100] "GET /wp-content/themes/flato/css/base.css?ver=5.9.5 HTTP/1.0" 301 319 "https://albatroz.engineering/es/multilayer-visualisation-and-spatiotemporal-correlation-for-risk-based-asset-management/" "Mozilla/5.0 (compatible; Baiduspider-render/2.0; +http://www.baidu.com/search/spider.html)"
116.179.37.53 - - [11/Jun/2026:21:28:34 +0100] "GET /wp-content/plugins/siteorigin-panels/css/front-flex.min.css?ver=2.16.1 HTTP/1.0" 301 343 "https://albatroz.engineering/es/multilayer-visualisation-and-spatiotemporal-correlation-for-risk-based-asset-management/" "Mozilla/5.0 (compatible; Baiduspider-render/2.0; +http://www.baidu.com/search/spider.html)"
116.179.37.136 - - [11/Jun/2026:21:28:34 +0100] "GET /wp-content/plugins/contact-form-7/includes/css/styles.css?ver=5.5.4 HTTP/1.0" 301 340 "https://albatroz.engineering/es/multilayer-visualisation-and-spatiotemporal-correlation-for-risk-based-asset-management/" "Mozilla/5.0 (compatible; Baiduspider-render/2.0; +http://www.baidu.com/search/spider.html)"
116.179.37.237 - - [11/Jun/2026:21:28:34 +0100] "GET /wp-includes/js/jquery/jquery.min.js?ver=3.6.0 HTTP/1.0" 301 318 "https://albatroz.engineering/es/multilayer-visualisation-and-spatiotemporal-correlation-for-risk-based-asset-management/" "Mozilla/5.0 (compatible; Baiduspider-render/2.0; +http://www.baidu.com/search/spider.html)"
116.179.37.189 - - [11/Jun/2026:21:28:34 +0100] "GET /wp-content/plugins/vegas-fullscreen-background-slider/css/jquery.vegas.css HTTP/1.0" 301 347 "https://albatroz.engineering/es/multilayer-visualisation-and-spatiotemporal-correlation-for-risk-based-asset-management/" "Mozilla/5.0 (compatible; Baiduspider-render/2.0; +http://www.baidu.com/search/spider.html)"
116.179.37.222 - - [11/Jun/2026:21:28:34 +0100] "GET /wp-includes/css/dist/block-library/style.min.css?ver=5.9.5 HTTP/1.0" 301 331 "https://albatroz.engineering/es/multilayer-visualisation-and-spatiotemporal-correlation-for-risk-based-asset-management/" "Mozilla/5.0 (compatible; Baiduspider-render/2.0; +http://www.baidu.com/search/spider.html)"
116.179.37.232 - - [11/Jun/2026:21:28:34 +0100] "GET /wp-content/themes/flato/style.css?ver=5.9.5 HTTP/1.0" 301 316 "https://albatroz.engineering/es/multilayer-visualisation-and-spatiotemporal-correlation-for-risk-based-asset-management/" "Mozilla/5.0 (compatible; Baiduspider-render/2.0; +http://www.baidu.com/search/spider.html)"
116.179.37.136 - - [11/Jun/2026:21:28:34 +0100] "GET /wp-includes/js/jquery/jquery-migrate.min.js?ver=3.3.2 HTTP/1.0" 301 326 "https://albatroz.engineering/es/multilayer-visualisation-and-spatiotemporal-correlation-for-risk-based-asset-management/" "Mozilla/5.0 (compatible; Baiduspider-render/2.0; +http://www.baidu.com/search/spider.html)"
116.179.37.43 - - [11/Jun/2026:21:28:34 +0100] "GET /wp-content/plugins/wp-simple-anchors-links/css/styles.css?ver=1.0.0 HTTP/1.0" 301 340 "https://albatroz.engineering/es/multilayer-visualisation-and-spatiotemporal-correlation-for-risk-based-asset-management/" "Mozilla/5.0 (compatible; Baiduspider-render/2.0; +http://www.baidu.com/search/spider.html)"
116.179.37.180 - - [11/Jun/2026:21:28:34 +0100] "GET /wp-content/plugins/wp-backgrounds-lite/includes/wp-backgrounds.css?ver=5.9.5 HTTP/1.0" 301 349 "https://albatroz.engineering/es/multilayer-visualisation-and-spatiotemporal-correlation-for-risk-based-asset-management/" "Mozilla/5.0 (compatible; Baiduspider-render/2.0; +http://www.baidu.com/search/spider.html)"
116.179.37.39 - - [11/Jun/2026:21:28:34 +0100] "GET /wp-content/plugins/sitepress-multilingual-cms/res/css/language-selector.css?v=3.1.9.7 HTTP/1.0" 301 358 "https://albatroz.engineering/es/multilayer-visualisation-and-spatiotemporal-correlation-for-risk-based-asset-management/" "Mozilla/5.0 (compatible; Baiduspider-render/2.0; +http://www.baidu.com/search/spider.html)"
116.179.37.228 - - [11/Jun/2026:21:28:34 +0100] "GET /wp-content/themes/flato/js/jquery.dropkick.min.js?ver=5.9.5 HTTP/1.0" 301 332 "https://albatroz.engineering/es/multilayer-visualisation-and-spatiotemporal-correlation-for-risk-based-asset-management/" "Mozilla/5.0 (compatible; Baiduspider-render/2.0; +http://www.baidu.com/search/spider.html)"
116.179.37.49 - - [11/Jun/2026:21:28:34 +0100] "GET /wp-includes/js/dist/vendor/regenerator-runtime.min.js?ver=0.13.9 HTTP/1.0" 301 337 "https://albatroz.engineering/es/multilayer-visualisation-and-spatiotemporal-correlation-for-risk-based-asset-management/" "Mozilla/5.0 (compatible; Baiduspider-render/2.0; +http://www.baidu.com/search/spider.html)"
116.179.37.110 - - [11/Jun/2026:21:28:34 +0100] "GET /wp-content/uploads/2014/08/logo-simples.png HTTP/1.0" 301 316 "https://albatroz.engineering/" "Mozilla/5.0 (compatible; Baiduspider-render/2.0; +http://www.baidu.com/search/spider.html)"
116.179.37.186 - - [11/Jun/2026:21:28:35 +0100] "GET /wp-content/plugins/google-analytics-for-wordpress/assets/js/frontend-gtag.min.js?ver=8.10.0 HTTP/1.0" 301 364 "https://albatroz.engineering/es/multilayer-visualisation-and-spatiotemporal-correlation-for-risk-based-asset-management/" "Mozilla/5.0 (compatible; Baiduspider-render/2.0; +http://www.baidu.com/search/spider.html)"
116.179.37.151 - - [11/Jun/2026:21:28:35 +0100] "GET /wp-includes/js/dist/vendor/wp-polyfill.min.js?ver=3.15.0 HTTP/1.0" 301 329 "https://albatroz.engineering/es/multilayer-visualisation-and-spatiotemporal-correlation-for-risk-based-asset-management/" "Mozilla/5.0 (compatible; Baiduspider-render/2.0; +http://www.baidu.com/search/spider.html)"
