62.193.192.154 - - [11/Jun/2026:15:08:04 +0100] "POST /wp-cron.php?doing_wp_cron=1781186884.7189059257507324218750 HTTP/1.0" 301 332 "https://albatroz.engineering/wp-cron.php?doing_wp_cron=1781186884.7189059257507324218750" "WordPress/5.9.5; https://albatroz.engineering"
103.127.30.137 - - [11/Jun/2026:15:08:02 +0100] "GET /wp-json/wp/v2/users/me HTTP/1.0" 401 98 "-" "Mozilla/5.0 (Windows NT 10.0; WOW64) AppleWebKit/537.36 (KHTML, like Gecko) Chrome/133.0.0.0 Safari/537.36"
47.79.205.242 - - [11/Jun/2026:15:08:45 +0100] "GET /es/carreras/educacion-investigacion-desarrollo HTTP/1.0" 301 - "https://www.google.com/" "Mozilla/5.0 (Windows NT 10.0; Win64; x64) AppleWebKit/537.36 (KHTML, like Gecko) Chrome/132.0.0.0 Safari/537.36"
47.79.205.242 - - [11/Jun/2026:15:08:47 +0100] "GET /es/carreras/educacion-investigacion-desarrollo/ HTTP/1.0" 200 107602 "https://www.google.com/" "Mozilla/5.0 (Windows NT 10.0; Win64; x64) AppleWebKit/537.36 (KHTML, like Gecko) Chrome/132.0.0.0 Safari/537.36"
121.200.216.55 - - [11/Jun/2026:15:08:58 +0100] "GET /wp-login.php HTTP/1.0" 200 8959 "-" "Mozilla/5.0 (Macintosh; Intel Mac OS X 10_15_7) AppleWebKit/537.36 (KHTML, like Gecko) Chrome/133.0.0.0 Safari/537.36 Edg/133.0.0.0"
121.200.216.55 - - [11/Jun/2026:15:09:00 +0100] "POST /wp-login.php HTTP/1.0" 200 9395 "https://albatroz.albatroz-eng.com/wp-login.php" "Mozilla/5.0 (Macintosh; Intel Mac OS X 10_15_7) AppleWebKit/537.36 (KHTML, like Gecko) Chrome/133.0.0.0 Safari/537.36 Edg/133.0.0.0"
62.193.192.154 - - [11/Jun/2026:15:09:43 +0100] "POST /wp-cron.php?doing_wp_cron=1781186983.2197198867797851562500 HTTP/1.0" 301 332 "https://albatroz.engineering/wp-cron.php?doing_wp_cron=1781186983.2197198867797851562500" "WordPress/5.9.5; https://albatroz.engineering"
162.144.12.37 - - [11/Jun/2026:15:09:41 +0100] "GET /wp-login.php HTTP/1.0" 200 8959 "-" "Mozilla/5.0 (Windows NT 10.0; Win64; x64) AppleWebKit/537.36 (KHTML, like Gecko) Chrome/120.0.0.0 Safari/537.36"
162.144.12.37 - - [11/Jun/2026:15:09:43 +0100] "POST /wp-login.php HTTP/1.0" 200 9408 "https://albatroz.albatroz-eng.com/wp-login.php" "Mozilla/5.0 (Windows NT 10.0; Win64; x64) AppleWebKit/537.36 (KHTML, like Gecko) Chrome/120.0.0.0 Safari/537.36"
79.169.42.33 - - [11/Jun/2026:15:09:50 +0100] "GET / HTTP/1.0" 301 273 "https://cp240.webserver.pt:2083/" "Mozilla/5.0 (Windows NT 10.0; Win64; x64) AppleWebKit/537.36 (KHTML, like Gecko) Chrome/148.0.0.0 Safari/537.36"
62.193.192.154 - - [11/Jun/2026:15:14:27 +0100] "POST /wp-cron.php?doing_wp_cron=1781187267.1269578933715820312500 HTTP/1.0" 301 332 "https://albatroz.engineering/wp-cron.php?doing_wp_cron=1781187267.1269578933715820312500" "WordPress/5.9.5; https://albatroz.engineering"
47.79.200.34 - - [11/Jun/2026:15:14:25 +0100] "GET /en/careers/spontaneous-applications HTTP/1.0" 301 - "https://www.google.com/" "Mozilla/5.0 (Linux; Android 10; K) AppleWebKit/537.36 (KHTML, like Gecko) Chrome/133.0.0.0 Mobile Safari/537.36"
47.79.200.34 - - [11/Jun/2026:15:14:27 +0100] "GET /en/careers/spontaneous-applications/ HTTP/1.0" 200 96232 "https://www.google.com/" "Mozilla/5.0 (Linux; Android 10; K) AppleWebKit/537.36 (KHTML, like Gecko) Chrome/133.0.0.0 Mobile Safari/537.36"
152.228.213.32 - - [11/Jun/2026:15:14:43 +0100] "GET /wp-login.php HTTP/1.0" 200 8959 "-" "Mozilla/5.0 (Macintosh; Intel Mac OS X 10_15_7) AppleWebKit/605.1.15 (KHTML, like Gecko) Version/18.3 Safari/605.1.15"
185.68.18.52 - - [11/Jun/2026:15:14:47 +0100] "GET /wp-login.php HTTP/1.0" 301 285 "-" "Mozilla/5.0 (Windows NT 10.0; Win64; x64) AppleWebKit/537.36 (KHTML, like Gecko) Chrome/120.0.0.0 Safari/537.36"
152.228.213.32 - - [11/Jun/2026:15:14:47 +0100] "POST /wp-login.php HTTP/1.0" 200 9395 "https://albatroz.albatroz-eng.com/wp-login.php" "Mozilla/5.0 (Macintosh; Intel Mac OS X 10_15_7) AppleWebKit/605.1.15 (KHTML, like Gecko) Version/18.3 Safari/605.1.15"
62.193.192.154 - - [11/Jun/2026:15:16:09 +0100] "POST /wp-cron.php?doing_wp_cron=1781187368.9311339855194091796875 HTTP/1.0" 301 332 "https://albatroz.engineering/wp-cron.php?doing_wp_cron=1781187368.9311339855194091796875" "WordPress/5.9.5; https://albatroz.engineering"
104.155.29.73 - - [11/Jun/2026:15:16:07 +0100] "GET /wp-login.php HTTP/1.0" 200 8959 "-" "Mozilla/5.0 (X11; CrOS x86_64 14541.0.0) AppleWebKit/537.36 (KHTML, like Gecko) Chrome/133.0.0.0 Safari/537.36"
62.193.192.154 - - [11/Jun/2026:15:20:37 +0100] "POST /wp-cron.php?doing_wp_cron=1781187637.6130669116973876953125 HTTP/1.0" 301 332 "https://albatroz.engineering/wp-cron.php?doing_wp_cron=1781187637.6130669116973876953125" "WordPress/5.9.5; https://albatroz.engineering"
47.79.206.173 - - [11/Jun/2026:15:20:35 +0100] "GET /fr/how-environment-factors-impact-line-performance HTTP/1.0" 301 - "https://www.google.com/" "Mozilla/5.0 (Linux; Android 10; K) AppleWebKit/537.36 (KHTML, like Gecko) Chrome/133.0.0.0 Mobile Safari/537.36"
47.79.206.173 - - [11/Jun/2026:15:20:38 +0100] "GET /fr/how-environment-factors-impact-line-performance/ HTTP/1.0" 200 95814 "https://www.google.com/" "Mozilla/5.0 (Linux; Android 10; K) AppleWebKit/537.36 (KHTML, like Gecko) Chrome/133.0.0.0 Mobile Safari/537.36"
119.195.102.159 - - [11/Jun/2026:15:21:26 +0100] "GET /wp-login.php HTTP/1.0" 200 8959 "-" "Mozilla/5.0 (X11; Linux x86_64; rv:133.0) Gecko/20100101 Firefox/133.0"
119.195.102.159 - - [11/Jun/2026:15:21:32 +0100] "POST /wp-login.php HTTP/1.0" 200 9408 "https://albatroz.albatroz-eng.com/wp-login.php" "Mozilla/5.0 (X11; Linux x86_64; rv:133.0) Gecko/20100101 Firefox/133.0"
194.163.172.142 - - [11/Jun/2026:15:21:33 +0100] "GET /wp-login.php HTTP/1.0" 200 8959 "-" "Mozilla/5.0 (Windows NT 10.0; Win64; x64) AppleWebKit/537.36 (KHTML, like Gecko) Chrome/120.0.0.0 Safari/537.36"
62.193.192.154 - - [11/Jun/2026:15:21:39 +0100] "POST /wp-cron.php?doing_wp_cron=1781187699.4172399044036865234375 HTTP/1.0" 301 332 "https://albatroz.engineering/wp-cron.php?doing_wp_cron=1781187699.4172399044036865234375" "WordPress/5.9.5; https://albatroz.engineering"
194.163.172.142 - - [11/Jun/2026:15:21:38 +0100] "POST /wp-login.php HTTP/1.0" 200 9402 "https://albatroz.albatroz-eng.com/wp-login.php" "Mozilla/5.0 (Windows NT 10.0; Win64; x64) AppleWebKit/537.36 (KHTML, like Gecko) Chrome/120.0.0.0 Safari/537.36"
62.193.192.154 - - [11/Jun/2026:15:22:44 +0100] "POST /wp-cron.php?doing_wp_cron=1781187764.0301909446716308593750 HTTP/1.0" 301 332 "https://albatroz.engineering/wp-cron.php?doing_wp_cron=1781187764.0301909446716308593750" "WordPress/5.9.5; https://albatroz.engineering"
185.176.8.77 - - [11/Jun/2026:15:22:42 +0100] "GET /wp-login.php HTTP/1.0" 200 8959 "-" "Mozilla/5.0 (Windows NT 10.0; Win64; x64) AppleWebKit/537.36 (KHTML, like Gecko) Chrome/133.0.0.0 Safari/537.36"
185.176.8.77 - - [11/Jun/2026:15:22:44 +0100] "POST /wp-login.php HTTP/1.0" 200 9402 "https://albatroz.albatroz-eng.com/wp-login.php" "Mozilla/5.0 (Windows NT 10.0; Win64; x64) AppleWebKit/537.36 (KHTML, like Gecko) Chrome/133.0.0.0 Safari/537.36"
121.200.216.55 - - [11/Jun/2026:15:23:49 +0100] "GET /wp-login.php HTTP/1.0" 301 285 "-" "Mozilla/5.0 (Windows NT 10.0; Win64; x64) AppleWebKit/537.36 (KHTML, like Gecko) Chrome/133.0.0.0 Safari/537.36"
121.200.216.55 - - [11/Jun/2026:15:23:52 +0100] "POST /wp-login.php HTTP/1.0" 301 285 "https://albatroz.engineering/wp-login.php" "Mozilla/5.0 (Windows NT 10.0; Win64; x64) AppleWebKit/537.36 (KHTML, like Gecko) Chrome/133.0.0.0 Safari/537.36"
47.79.206.96 - - [11/Jun/2026:15:25:13 +0100] "GET /es/noticias/publicaciones-tecnicas-y-cientificas HTTP/1.0" 301 - "https://www.google.com/" "Mozilla/5.0 (Linux; Android 10; K) AppleWebKit/537.36 (KHTML, like Gecko) Chrome/133.0.0.0 Mobile Safari/537.36"
47.79.206.96 - - [11/Jun/2026:15:25:17 +0100] "GET /es/noticias/publicaciones-tecnicas-y-cientificas/ HTTP/1.0" 200 158961 "https://www.google.com/" "Mozilla/5.0 (Linux; Android 10; K) AppleWebKit/537.36 (KHTML, like Gecko) Chrome/133.0.0.0 Mobile Safari/537.36"
213.55.96.152 - - [11/Jun/2026:15:26:13 +0100] "GET /wp-login.php HTTP/1.0" 301 285 "-" "Mozilla/5.0 (Windows NT 10.0; Win64; x64) AppleWebKit/537.36 (KHTML, like Gecko) Chrome/120.0.0.0 Safari/537.36"
62.193.192.154 - - [11/Jun/2026:15:28:18 +0100] "POST /wp-cron.php?doing_wp_cron=1781188098.2095749378204345703125 HTTP/1.0" 301 332 "https://albatroz.engineering/wp-cron.php?doing_wp_cron=1781188098.2095749378204345703125" "WordPress/5.9.5; https://albatroz.engineering"
185.68.18.52 - - [11/Jun/2026:15:28:16 +0100] "GET /wp-login.php HTTP/1.0" 200 8959 "-" "Mozilla/5.0 (Windows NT 10.0; Win64; x64) AppleWebKit/537.36 (KHTML, like Gecko) Chrome/120.0.0.0 Safari/537.36"
185.68.18.52 - - [11/Jun/2026:15:28:20 +0100] "POST /wp-login.php HTTP/1.0" 200 9396 "https://albatroz.albatroz-eng.com/wp-login.php" "Mozilla/5.0 (Windows NT 10.0; Win64; x64) AppleWebKit/537.36 (KHTML, like Gecko) Chrome/120.0.0.0 Safari/537.36"
62.193.192.154 - - [11/Jun/2026:15:30:11 +0100] "POST /wp-cron.php?doing_wp_cron=1781188211.4296720027923583984375 HTTP/1.0" 301 332 "https://albatroz.engineering/wp-cron.php?doing_wp_cron=1781188211.4296720027923583984375" "WordPress/5.9.5; https://albatroz.engineering"
121.200.216.55 - - [11/Jun/2026:15:30:10 +0100] "GET /wp-login.php HTTP/1.0" 200 8959 "-" "Mozilla/5.0 (Windows NT 10.0) AppleWebKit/537.36 (KHTML, like Gecko) Chrome/133.0.0.0 Safari/537.36"
121.200.216.55 - - [11/Jun/2026:15:30:17 +0100] "POST /wp-login.php HTTP/1.0" 200 9402 "https://albatroz.albatroz-eng.com/wp-login.php" "Mozilla/5.0 (Windows NT 10.0) AppleWebKit/537.36 (KHTML, like Gecko) Chrome/133.0.0.0 Safari/537.36"
103.127.30.137 - - [11/Jun/2026:15:30:39 +0100] "GET /wp-login.php HTTP/1.0" 301 285 "-" "Mozilla/5.0 (Macintosh; Intel Mac OS X 10_15_7) AppleWebKit/537.36 (KHTML, like Gecko) Chrome/133.0.0.0 Safari/537.36 Edg/133.0.0.0"
103.127.30.137 - - [11/Jun/2026:15:31:03 +0100] "GET /wp-json/wp/v2/users/me HTTP/1.0" 401 98 "-" "Mozilla/5.0 (Macintosh; Intel Mac OS X 10_15_7) AppleWebKit/537.36 (KHTML, like Gecko) Chrome/133.0.0.0 Safari/537.36 Edg/133.0.0.0"
45.63.58.116 - - [11/Jun/2026:15:32:09 +0100] "GET /wp-login.php HTTP/1.0" 301 285 "-" "Mozilla/5.0 (Windows NT 10.0; Win64; x64) AppleWebKit/537.36 (KHTML, like Gecko) Chrome/120.0.0.0 Safari/537.36"
104.155.29.73 - - [11/Jun/2026:15:32:23 +0100] "GET /wp-login.php HTTP/1.0" 301 285 "-" "Mozilla/5.0 (Windows NT 10.0) AppleWebKit/537.36 (KHTML, like Gecko) Chrome/133.0.0.0 Safari/537.36"
180.93.137.9 - - [11/Jun/2026:15:35:09 +0100] "GET /wp-login.php HTTP/1.0" 301 285 "-" "Mozilla/5.0 (Windows NT 10.0; Win64; x64) AppleWebKit/537.36 (KHTML, like Gecko) Chrome/120.0.0.0 Safari/537.36"
103.127.30.137 - - [11/Jun/2026:15:35:51 +0100] "GET /wp-login.php HTTP/1.0" 301 285 "-" "Mozilla/5.0 (X11; Linux x86_64) AppleWebKit/537.36 (KHTML, like Gecko) Chrome/133.0.0.0 Safari/537.36 Edg/133.0.0.0"
103.127.30.137 - - [11/Jun/2026:15:36:00 +0100] "POST /wp-login.php HTTP/1.0" 301 285 "https://albatroz.engineering/wp-login.php" "Mozilla/5.0 (X11; Linux x86_64) AppleWebKit/537.36 (KHTML, like Gecko) Chrome/133.0.0.0 Safari/537.36 Edg/133.0.0.0"
62.193.192.154 - - [11/Jun/2026:15:37:53 +0100] "POST /wp-cron.php?doing_wp_cron=1781188673.0193428993225097656250 HTTP/1.0" 301 332 "https://albatroz.engineering/wp-cron.php?doing_wp_cron=1781188673.0193428993225097656250" "WordPress/5.9.5; https://albatroz.engineering"
192.185.4.81 - - [11/Jun/2026:15:37:51 +0100] "GET /wp-login.php HTTP/1.0" 200 8959 "-" "Mozilla/5.0 (Windows NT 10.0; Win64; x64) AppleWebKit/537.36 (KHTML, like Gecko) Chrome/120.0.0.0 Safari/537.36"
192.185.4.81 - - [11/Jun/2026:15:37:54 +0100] "POST /wp-login.php HTTP/1.0" 200 9408 "https://albatroz.albatroz-eng.com/wp-login.php" "Mozilla/5.0 (Windows NT 10.0; Win64; x64) AppleWebKit/537.36 (KHTML, like Gecko) Chrome/120.0.0.0 Safari/537.36"
121.200.216.56 - - [11/Jun/2026:15:37:56 +0100] "GET /wp-login.php HTTP/1.0" 200 8959 "-" "Mozilla/5.0 (X11; Ubuntu; Linux x86_64; rv:133.0) Gecko/20100101 Firefox/133.0"
121.200.216.56 - - [11/Jun/2026:15:38:00 +0100] "POST /wp-login.php HTTP/1.0" 200 9408 "https://albatroz.albatroz-eng.com/wp-login.php" "Mozilla/5.0 (X11; Ubuntu; Linux x86_64; rv:133.0) Gecko/20100101 Firefox/133.0"
185.68.18.52 - - [11/Jun/2026:15:39:47 +0100] "GET /wp-login.php HTTP/1.0" 301 285 "-" "Mozilla/5.0 (Windows NT 10.0; Win64; x64) AppleWebKit/537.36 (KHTML, like Gecko) Chrome/120.0.0.0 Safari/537.36"
185.177.9.148 - - [11/Jun/2026:15:41:14 +0100] "GET /wp-login.php HTTP/1.0" 301 285 "-" "Mozilla/5.0 (Macintosh; Intel Mac OS X 10_15_7) AppleWebKit/537.36 (KHTML, like Gecko) Chrome/133.0.0.0 Safari/537.36 Edg/133.0.0.0"
91.98.140.41 - - [11/Jun/2026:15:43:17 +0100] "GET /wp-login.php HTTP/1.0" 301 285 "-" "Mozilla/5.0 (Windows NT 10.0; Win64; x64) AppleWebKit/537.36 (KHTML, like Gecko) Chrome/120.0.0.0 Safari/537.36"
121.200.216.55 - - [11/Jun/2026:15:43:18 +0100] "GET /wp-login.php HTTP/1.0" 301 285 "-" "Mozilla/5.0 (X11; Linux i686) AppleWebKit/537.36 (KHTML, like Gecko) Chrome/133.0.0.0 Safari/537.36"
62.193.192.154 - - [11/Jun/2026:15:43:37 +0100] "POST /wp-cron.php?doing_wp_cron=1781189017.2142629623413085937500 HTTP/1.0" 301 332 "https://albatroz.engineering/wp-cron.php?doing_wp_cron=1781189017.2142629623413085937500" "WordPress/5.9.5; https://albatroz.engineering"
121.200.216.55 - - [11/Jun/2026:15:43:35 +0100] "GET /wp-json/wp/v2/users/me HTTP/1.0" 401 98 "-" "Mozilla/5.0 (X11; Linux i686) AppleWebKit/537.36 (KHTML, like Gecko) Chrome/133.0.0.0 Safari/537.36"
82.221.141.229 - - [11/Jun/2026:15:43:40 +0100] "GET /wp-login.php HTTP/1.0" 200 8959 "-" "Mozilla/5.0 (Windows NT 10.0; Win64; x64) AppleWebKit/537.36 (KHTML, like Gecko) Chrome/120.0.0.0 Safari/537.36"
82.221.141.229 - - [11/Jun/2026:15:43:41 +0100] "POST /wp-login.php HTTP/1.0" 200 9396 "https://albatroz.albatroz-eng.com/wp-login.php" "Mozilla/5.0 (Windows NT 10.0; Win64; x64) AppleWebKit/537.36 (KHTML, like Gecko) Chrome/120.0.0.0 Safari/537.36"
152.228.213.32 - - [11/Jun/2026:15:44:34 +0100] "GET /wp-login.php HTTP/1.0" 301 285 "-" "Mozilla/5.0 (Windows NT 10.0; Win64; x64) AppleWebKit/537.36 (KHTML, like Gecko) Chrome/120.0.0.0 Safari/537.36"
217.217.254.45 - - [11/Jun/2026:15:44:53 +0100] "GET /wp-login.php HTTP/1.0" 301 285 "-" "Mozilla/5.0 (X11; Fedora; Linux x86_64) AppleWebKit/537.36 (KHTML, like Gecko) Chrome/133.0.0.0 Safari/537.36"
217.217.254.45 - - [11/Jun/2026:15:44:58 +0100] "POST /wp-login.php HTTP/1.0" 301 285 "https://albatroz.engineering/wp-login.php" "Mozilla/5.0 (X11; Fedora; Linux x86_64) AppleWebKit/537.36 (KHTML, like Gecko) Chrome/133.0.0.0 Safari/537.36"
62.193.192.154 - - [11/Jun/2026:15:45:44 +0100] "POST /wp-cron.php?doing_wp_cron=1781189144.1214430332183837890625 HTTP/1.0" 301 332 "https://albatroz.engineering/wp-cron.php?doing_wp_cron=1781189144.1214430332183837890625" "WordPress/5.9.5; https://albatroz.engineering"
13.60.227.133 - - [11/Jun/2026:15:45:42 +0100] "GET /wp-login.php HTTP/1.0" 200 8959 "-" "Mozilla/5.0 (Windows NT 10.0; Win64; x64) AppleWebKit/537.36 (KHTML, like Gecko) Chrome/120.0.0.0 Safari/537.36"
13.60.227.133 - - [11/Jun/2026:15:45:44 +0100] "POST /wp-login.php HTTP/1.0" 200 9395 "https://albatroz.albatroz-eng.com/wp-login.php" "Mozilla/5.0 (Windows NT 10.0; Win64; x64) AppleWebKit/537.36 (KHTML, like Gecko) Chrome/120.0.0.0 Safari/537.36"
62.193.192.154 - - [11/Jun/2026:15:49:42 +0100] "POST /wp-cron.php?doing_wp_cron=1781189381.9252469539642333984375 HTTP/1.0" 301 332 "https://albatroz.engineering/wp-cron.php?doing_wp_cron=1781189381.9252469539642333984375" "WordPress/5.9.5; https://albatroz.engineering"
16.61.62.181 - - [11/Jun/2026:15:49:40 +0100] "GET /wp-login.php HTTP/1.0" 200 8959 "-" "Mozilla/5.0 (Macintosh; Intel Mac OS X 10_15_7) AppleWebKit/605.1.15 (KHTML, like Gecko) Version/18.3 Safari/605.1.15"
16.61.62.181 - - [11/Jun/2026:15:49:43 +0100] "POST /wp-login.php HTTP/1.0" 200 9402 "https://albatroz.albatroz-eng.com/wp-login.php" "Mozilla/5.0 (Macintosh; Intel Mac OS X 10_15_7) AppleWebKit/605.1.15 (KHTML, like Gecko) Version/18.3 Safari/605.1.15"
195.250.23.247 - - [11/Jun/2026:15:49:50 +0100] "GET /wp-login.php HTTP/1.0" 301 285 "-" "Mozilla/5.0 (X11; Linux i686) AppleWebKit/537.36 (KHTML, like Gecko) Chrome/133.0.0.0 Safari/537.36"
89.116.28.203 - - [11/Jun/2026:15:50:39 +0100] "GET /wp-login.php HTTP/1.0" 301 285 "-" "Mozilla/5.0 (Macintosh; Intel Mac OS X 10_15_7) AppleWebKit/605.1.15 (KHTML, like Gecko) Version/18.3 Safari/605.1.15"
62.193.192.154 - - [11/Jun/2026:15:50:43 +0100] "POST /wp-cron.php?doing_wp_cron=1781189443.7227139472961425781250 HTTP/1.0" 301 332 "https://albatroz.engineering/wp-cron.php?doing_wp_cron=1781189443.7227139472961425781250" "WordPress/5.9.5; https://albatroz.engineering"
50.87.144.110 - - [11/Jun/2026:15:50:42 +0100] "GET /wp-login.php HTTP/1.0" 200 8959 "-" "Mozilla/5.0 (Windows NT 10.0; Win64; x64) AppleWebKit/537.36 (KHTML, like Gecko) Chrome/120.0.0.0 Safari/537.36"
50.87.144.110 - - [11/Jun/2026:15:50:44 +0100] "POST /wp-login.php HTTP/1.0" 200 9408 "https://albatroz.albatroz-eng.com/wp-login.php" "Mozilla/5.0 (Windows NT 10.0; Win64; x64) AppleWebKit/537.36 (KHTML, like Gecko) Chrome/120.0.0.0 Safari/537.36"
198.244.183.78 - - [11/Jun/2026:15:50:47 +0100] "GET /eriac-2015-2/ HTTP/1.0" 200 96076 "-" "Mozilla/5.0 (compatible; AhrefsBot/7.0; +http://ahrefs.com/robot/)"
46.224.76.22 - - [11/Jun/2026:15:50:59 +0100] "GET /wp-login.php HTTP/1.0" 301 285 "-" "Mozilla/5.0 (Windows NT 10.0; Win64; x64) AppleWebKit/537.36 (KHTML, like Gecko) Chrome/120.0.0.0 Safari/537.36"
129.211.218.71 - - [11/Jun/2026:15:51:12 +0100] "GET /wp-login.php HTTP/1.0" 200 8959 "-" "Mozilla/5.0 (Windows NT 10.0; Win64; x64) AppleWebKit/537.36 (KHTML, like Gecko) Chrome/120.0.0.0 Safari/537.36"
129.211.218.71 - - [11/Jun/2026:15:51:16 +0100] "POST /wp-login.php HTTP/1.0" 200 9402 "https://albatroz.albatroz-eng.com/wp-login.php" "Mozilla/5.0 (Windows NT 10.0; Win64; x64) AppleWebKit/537.36 (KHTML, like Gecko) Chrome/120.0.0.0 Safari/537.36"
66.29.156.133 - - [11/Jun/2026:15:54:05 +0100] "GET /wp-login.php HTTP/1.0" 301 285 "-" "Mozilla/5.0 (X11; Ubuntu; Linux x86_64; rv:133.0) Gecko/20100101 Firefox/133.0"
66.29.156.133 - - [11/Jun/2026:15:54:09 +0100] "POST /wp-login.php HTTP/1.0" 301 285 "https://albatroz.engineering/wp-login.php" "Mozilla/5.0 (X11; Ubuntu; Linux x86_64; rv:133.0) Gecko/20100101 Firefox/133.0"
152.228.213.32 - - [11/Jun/2026:15:54:43 +0100] "GET /wp-login.php HTTP/1.0" 301 285 "-" "Mozilla/5.0 (Macintosh; Intel Mac OS X 11_7_10) AppleWebKit/537.36 (KHTML, like Gecko) Chrome/133.0.0.0 Safari/537.36"
152.228.213.32 - - [11/Jun/2026:15:54:56 +0100] "POST /wp-login.php HTTP/1.0" 301 285 "https://albatroz.engineering/wp-login.php" "Mozilla/5.0 (Macintosh; Intel Mac OS X 11_7_10) AppleWebKit/537.36 (KHTML, like Gecko) Chrome/133.0.0.0 Safari/537.36"
103.127.30.137 - - [11/Jun/2026:15:54:55 +0100] "GET /wp-json/wp/v2/users/me HTTP/1.0" 401 98 "-" "Mozilla/5.0 (X11; Linux x86_64) AppleWebKit/537.36 (KHTML, like Gecko) Chrome/133.0.0.0 Safari/537.36 Edg/133.0.0.0"
91.98.140.41 - - [11/Jun/2026:15:55:32 +0100] "GET /wp-login.php HTTP/1.0" 301 285 "-" "Mozilla/5.0 (Windows NT 10.0; Win64; x64) AppleWebKit/537.36 (KHTML, like Gecko) Chrome/120.0.0.0 Safari/537.36"
103.95.119.103 - - [11/Jun/2026:15:55:45 +0100] "GET /wp-login.php HTTP/1.0" 301 285 "-" "Mozilla/5.0 (Windows NT 10.0; Win64; x64) AppleWebKit/537.36 (KHTML, like Gecko) Chrome/120.0.0.0 Safari/537.36"
62.193.192.154 - - [11/Jun/2026:15:56:34 +0100] "POST /wp-cron.php?doing_wp_cron=1781189794.1166949272155761718750 HTTP/1.0" 301 332 "https://albatroz.engineering/wp-cron.php?doing_wp_cron=1781189794.1166949272155761718750" "WordPress/5.9.5; https://albatroz.engineering"
168.220.234.125 - - [11/Jun/2026:15:56:32 +0100] "GET /wp-login.php HTTP/1.0" 200 8959 "-" "Mozilla/5.0 (Macintosh; Intel Mac OS X 10_15_7) AppleWebKit/537.36 (KHTML, like Gecko) Chrome/133.0.0.0 Safari/537.36"
168.220.234.125 - - [11/Jun/2026:15:56:36 +0100] "POST /wp-login.php HTTP/1.0" 200 9408 "https://albatroz.albatroz-eng.com/wp-login.php" "Mozilla/5.0 (Macintosh; Intel Mac OS X 10_15_7) AppleWebKit/537.36 (KHTML, like Gecko) Chrome/133.0.0.0 Safari/537.36"
40.85.247.124 - - [11/Jun/2026:15:56:43 +0100] "GET /wp-content/plugins/hellopress/wp_filemanager.php HTTP/1.0" 404 5749 "-" "-"
40.85.247.124 - - [11/Jun/2026:15:56:44 +0100] "GET /this_is_a_new_hello_world.php HTTP/1.0" 404 5749 "-" "-"
40.85.247.124 - - [11/Jun/2026:15:56:44 +0100] "GET /x.php HTTP/1.0" 404 5749 "-" "-"
40.85.247.124 - - [11/Jun/2026:15:56:44 +0100] "GET /177.php HTTP/1.0" 404 5749 "-" "-"
40.85.247.124 - - [11/Jun/2026:15:56:44 +0100] "GET /rowdy.php HTTP/1.0" 404 5749 "-" "-"
40.85.247.124 - - [11/Jun/2026:15:56:45 +0100] "GET /neseu8so.php HTTP/1.0" 404 5749 "-" "-"
40.85.247.124 - - [11/Jun/2026:15:56:46 +0100] "GET /sukce.php HTTP/1.0" 404 5749 "-" "-"
40.85.247.124 - - [11/Jun/2026:15:56:47 +0100] "GET /xb.php HTTP/1.0" 404 5749 "-" "-"
40.85.247.124 - - [11/Jun/2026:15:56:47 +0100] "GET /biufile.php HTTP/1.0" 404 5749 "-" "-"
40.85.247.124 - - [11/Jun/2026:15:56:47 +0100] "GET /Charles.php HTTP/1.0" 404 5749 "-" "-"
40.85.247.124 - - [11/Jun/2026:15:56:48 +0100] "GET /wpconf.php HTTP/1.0" 404 5749 "-" "-"
40.85.247.124 - - [11/Jun/2026:15:56:48 +0100] "GET /ultradybbuks.php HTTP/1.0" 404 5749 "-" "-"
40.85.247.124 - - [11/Jun/2026:15:56:49 +0100] "GET /novax.php HTTP/1.0" 404 5749 "-" "-"
40.85.247.124 - - [11/Jun/2026:15:56:49 +0100] "GET /mosty.php HTTP/1.0" 404 5749 "-" "-"
40.85.247.124 - - [11/Jun/2026:15:56:49 +0100] "GET /00.php HTTP/1.0" 404 5749 "-" "-"
40.85.247.124 - - [11/Jun/2026:15:56:50 +0100] "GET /dejavu.php HTTP/1.0" 404 5749 "-" "-"
40.85.247.124 - - [11/Jun/2026:15:56:50 +0100] "GET /aaf.php HTTP/1.0" 404 5749 "-" "-"
40.85.247.124 - - [11/Jun/2026:15:56:50 +0100] "GET /b00869ae6e.php HTTP/1.0" 404 5749 "-" "-"
40.85.247.124 - - [11/Jun/2026:15:56:50 +0100] "GET /hellcut.php HTTP/1.0" 404 5749 "-" "-"
40.85.247.124 - - [11/Jun/2026:15:56:51 +0100] "GET /wander.php HTTP/1.0" 404 5749 "-" "-"
40.85.247.124 - - [11/Jun/2026:15:56:51 +0100] "GET /ha.php HTTP/1.0" 404 5749 "-" "-"
40.85.247.124 - - [11/Jun/2026:15:56:51 +0100] "GET /hur.php HTTP/1.0" 404 5749 "-" "-"
40.85.247.124 - - [11/Jun/2026:15:56:51 +0100] "GET /2222.php HTTP/1.0" 404 5749 "-" "-"
40.85.247.124 - - [11/Jun/2026:15:56:52 +0100] "GET /h02ugyh.php HTTP/1.0" 404 5749 "-" "-"
40.85.247.124 - - [11/Jun/2026:15:56:52 +0100] "GET /mariju.php HTTP/1.0" 404 5749 "-" "-"
40.85.247.124 - - [11/Jun/2026:15:56:52 +0100] "GET /cu.php HTTP/1.0" 404 5749 "-" "-"
40.85.247.124 - - [11/Jun/2026:15:56:52 +0100] "GET /seiso.php HTTP/1.0" 404 5749 "-" "-"
40.85.247.124 - - [11/Jun/2026:15:56:52 +0100] "GET /155.php HTTP/1.0" 404 5749 "-" "-"
40.85.247.124 - - [11/Jun/2026:15:56:53 +0100] "GET /ppp.php HTTP/1.0" 404 5749 "-" "-"
40.85.247.124 - - [11/Jun/2026:15:56:53 +0100] "GET /201.php HTTP/1.0" 404 5749 "-" "-"
40.85.247.124 - - [11/Jun/2026:15:56:54 +0100] "GET /ops.php HTTP/1.0" 404 5749 "-" "-"
40.85.247.124 - - [11/Jun/2026:15:56:54 +0100] "GET /samll.php HTTP/1.0" 404 5749 "-" "-"
40.85.247.124 - - [11/Jun/2026:15:56:54 +0100] "GET /ingfo.php HTTP/1.0" 404 5749 "-" "-"
40.85.247.124 - - [11/Jun/2026:15:56:55 +0100] "GET /error_log.php HTTP/1.0" 404 5749 "-" "-"
40.85.247.124 - - [11/Jun/2026:15:56:55 +0100] "GET /xenon1337.php HTTP/1.0" 404 5749 "-" "-"
40.85.247.124 - - [11/Jun/2026:15:56:56 +0100] "GET /test11.php HTTP/1.0" 404 5749 "-" "-"
40.85.247.124 - - [11/Jun/2026:15:56:56 +0100] "GET /koala.php HTTP/1.0" 404 5749 "-" "-"
40.85.247.124 - - [11/Jun/2026:15:56:56 +0100] "GET /mac.php HTTP/1.0" 404 5749 "-" "-"
40.85.247.124 - - [11/Jun/2026:15:56:57 +0100] "GET /25d653587fdfd1.php HTTP/1.0" 404 5749 "-" "-"
40.85.247.124 - - [11/Jun/2026:15:56:57 +0100] "GET /wefile.php HTTP/1.0" 404 5749 "-" "-"
40.85.247.124 - - [11/Jun/2026:15:56:58 +0100] "GET /modules/mod_simplefileuploadv1.3/elements/filemanager.php?p= HTTP/1.0" 404 5749 "-" "-"
40.85.247.124 - - [11/Jun/2026:15:56:59 +0100] "GET /wp-includes/blocks/post-comments-form/ HTTP/1.0" 404 5749 "-" "-"
40.85.247.124 - - [11/Jun/2026:15:56:59 +0100] "GET /wp-admin/js/ HTTP/1.0" 404 5749 "-" "-"
40.85.247.124 - - [11/Jun/2026:15:57:00 +0100] "GET /wp-admin/css/colour.php HTTP/1.0" 404 5749 "-" "-"
40.85.247.124 - - [11/Jun/2026:15:57:00 +0100] "GET /half.php HTTP/1.0" 404 5749 "-" "-"
40.85.247.124 - - [11/Jun/2026:15:57:00 +0100] "GET /2P.php HTTP/1.0" 404 5749 "-" "-"
40.85.247.124 - - [11/Jun/2026:15:57:01 +0100] "GET /tires.php HTTP/1.0" 404 5749 "-" "-"
40.85.247.124 - - [11/Jun/2026:15:57:01 +0100] "GET /wordpress/wp-admin/maint/ HTTP/1.0" 404 5749 "-" "-"
40.85.247.124 - - [11/Jun/2026:15:57:02 +0100] "GET /like.php HTTP/1.0" 404 5749 "-" "-"
40.85.247.124 - - [11/Jun/2026:15:57:03 +0100] "GET /.well-known/about.php HTTP/1.0" 404 5749 "-" "-"
40.85.247.124 - - [11/Jun/2026:15:57:03 +0100] "GET /wp-includes/ID3/about.php HTTP/1.0" 404 5749 "-" "-"
40.85.247.124 - - [11/Jun/2026:15:57:03 +0100] "GET /bob.php HTTP/1.0" 404 5749 "-" "-"
40.85.247.124 - - [11/Jun/2026:15:57:04 +0100] "GET /t3s.php HTTP/1.0" 404 5749 "-" "-"
40.85.247.124 - - [11/Jun/2026:15:57:04 +0100] "GET /wp-admin/css/ HTTP/1.0" 404 5749 "-" "-"
40.85.247.124 - - [11/Jun/2026:15:57:04 +0100] "GET /wp-admin/css/colors/modern/ HTTP/1.0" 404 5749 "-" "-"
40.85.247.124 - - [11/Jun/2026:15:57:05 +0100] "GET /uwu.php HTTP/1.0" 404 5749 "-" "-"
40.85.247.124 - - [11/Jun/2026:15:57:05 +0100] "GET /uwa.php HTTP/1.0" 404 5749 "-" "-"
40.85.247.124 - - [11/Jun/2026:15:57:05 +0100] "GET /crgio.php HTTP/1.0" 404 5749 "-" "-"
40.85.247.124 - - [11/Jun/2026:15:57:06 +0100] "GET /geforce.php HTTP/1.0" 404 5749 "-" "-"
40.85.247.124 - - [11/Jun/2026:15:57:06 +0100] "GET /pucci.php HTTP/1.0" 404 5749 "-" "-"
40.85.247.124 - - [11/Jun/2026:15:57:06 +0100] "GET /wp-includes/blocks/details/ HTTP/1.0" 404 5749 "-" "-"
40.85.247.124 - - [11/Jun/2026:15:57:06 +0100] "GET /wp-includes/blocks/audio/ HTTP/1.0" 404 5749 "-" "-"
40.85.247.124 - - [11/Jun/2026:15:57:06 +0100] "GET /one.php HTTP/1.0" 404 5749 "-" "-"
40.85.247.124 - - [11/Jun/2026:15:57:07 +0100] "GET /wp-temp.php HTTP/1.0" 404 5749 "-" "-"
40.85.247.124 - - [11/Jun/2026:15:57:07 +0100] "GET /wp-includes/blocks/buttons/ HTTP/1.0" 404 5749 "-" "-"
40.85.247.124 - - [11/Jun/2026:15:57:07 +0100] "GET /w2026.php HTTP/1.0" 404 5749 "-" "-"
40.85.247.124 - - [11/Jun/2026:15:57:08 +0100] "GET /mode.php HTTP/1.0" 404 5749 "-" "-"
40.85.247.124 - - [11/Jun/2026:15:57:08 +0100] "GET /wp-admin/js/index.php HTTP/1.0" 404 5749 "-" "-"
40.85.247.124 - - [11/Jun/2026:15:57:08 +0100] "GET /dx.php HTTP/1.0" 404 5749 "-" "-"
40.85.247.124 - - [11/Jun/2026:15:57:08 +0100] "GET /puc.php HTTP/1.0" 404 5749 "-" "-"
40.85.247.124 - - [11/Jun/2026:15:57:08 +0100] "GET /themes.php HTTP/1.0" 404 5749 "-" "-"
40.85.247.124 - - [11/Jun/2026:15:57:09 +0100] "GET /dx.php HTTP/1.0" 404 5749 "-" "-"
40.85.247.124 - - [11/Jun/2026:15:57:10 +0100] "GET /11.php HTTP/1.0" 404 5749 "-" "-"
40.85.247.124 - - [11/Jun/2026:15:57:10 +0100] "GET /p.php HTTP/1.0" 404 5749 "-" "-"
40.85.247.124 - - [11/Jun/2026:15:57:11 +0100] "GET /wp-includes/Requests/ HTTP/1.0" 404 5749 "-" "-"
40.85.247.124 - - [11/Jun/2026:15:57:11 +0100] "GET /bthil.php HTTP/1.0" 404 5749 "-" "-"
40.85.247.124 - - [11/Jun/2026:15:57:11 +0100] "GET /7.php HTTP/1.0" 404 5749 "-" "-"
40.85.247.124 - - [11/Jun/2026:15:57:11 +0100] "GET /8.php HTTP/1.0" 404 5749 "-" "-"
40.85.247.124 - - [11/Jun/2026:15:57:12 +0100] "GET /1.php HTTP/1.0" 404 5749 "-" "-"
40.85.247.124 - - [11/Jun/2026:15:57:12 +0100] "GET /100.php HTTP/1.0" 404 5749 "-" "-"
40.85.247.124 - - [11/Jun/2026:15:57:12 +0100] "GET /about.php HTTP/1.0" 404 5749 "-" "-"
40.85.247.124 - - [11/Jun/2026:15:57:12 +0100] "GET /admin.php HTTP/1.0" 404 5749 "-" "-"
40.85.247.124 - - [11/Jun/2026:15:57:13 +0100] "GET /edit.php HTTP/1.0" 404 5749 "-" "-"
40.85.247.124 - - [11/Jun/2026:15:57:13 +0100] "GET /wp-content/admin.php HTTP/1.0" 404 5749 "-" "-"
40.85.247.124 - - [11/Jun/2026:15:57:14 +0100] "GET /f6.php HTTP/1.0" 404 5749 "-" "-"
40.85.247.124 - - [11/Jun/2026:15:57:14 +0100] "GET /inputs.php HTTP/1.0" 404 5749 "-" "-"
40.85.247.124 - - [11/Jun/2026:15:57:15 +0100] "GET /av.php HTTP/1.0" 404 5749 "-" "-"
40.85.247.124 - - [11/Jun/2026:15:57:15 +0100] "GET /classwithtostring.php?p= HTTP/1.0" 404 5749 "-" "-"
40.85.247.124 - - [11/Jun/2026:15:57:15 +0100] "GET /wp-content/themes/index.php HTTP/1.0" 404 5749 "-" "-"
40.85.247.124 - - [11/Jun/2026:15:57:15 +0100] "GET /wp-blog.php HTTP/1.0" 404 5749 "-" "-"
40.85.247.124 - - [11/Jun/2026:15:57:16 +0100] "GET /wp-includes/js/jquery/ HTTP/1.0" 404 5749 "-" "-"
40.85.247.124 - - [11/Jun/2026:15:57:17 +0100] "GET /wp-content/admin.php HTTP/1.0" 404 5749 "-" "-"
40.85.247.124 - - [11/Jun/2026:15:57:17 +0100] "GET /adminfuns.php HTTP/1.0" 404 5749 "-" "-"
40.85.247.124 - - [11/Jun/2026:15:57:17 +0100] "GET /goods.php HTTP/1.0" 404 5749 "-" "-"
40.85.247.124 - - [11/Jun/2026:15:57:17 +0100] "GET /ms-edit.php HTTP/1.0" 404 5749 "-" "-"
40.85.247.124 - - [11/Jun/2026:15:57:18 +0100] "GET /222.php HTTP/1.0" 404 5749 "-" "-"
40.85.247.124 - - [11/Jun/2026:15:57:18 +0100] "GET /cgi-bin/index.php HTTP/1.0" 404 5749 "-" "-"
40.85.247.124 - - [11/Jun/2026:15:57:18 +0100] "GET /wp-includes/css/dist/ HTTP/1.0" 404 5749 "-" "-"
40.85.247.124 - - [11/Jun/2026:15:57:18 +0100] "GET /BDKR28WP.php HTTP/1.0" 404 5749 "-" "-"
40.85.247.124 - - [11/Jun/2026:15:57:19 +0100] "GET /wp-includes/l10n/ HTTP/1.0" 404 5749 "-" "-"
40.85.247.124 - - [11/Jun/2026:15:57:23 +0100] "GET /wp-content/uploads/ HTTP/1.0" 404 5749 "-" "-"
40.85.247.124 - - [11/Jun/2026:15:57:23 +0100] "GET /wp.php HTTP/1.0" 404 5749 "-" "-"
40.85.247.124 - - [11/Jun/2026:15:57:24 +0100] "GET /abcd.php HTTP/1.0" 404 5749 "-" "-"
40.85.247.124 - - [11/Jun/2026:15:57:24 +0100] "GET /a1.php HTTP/1.0" 404 5749 "-" "-"
40.85.247.124 - - [11/Jun/2026:15:57:24 +0100] "GET /wp-includes/Text/Diff/Engine/about.php HTTP/1.0" 404 5749 "-" "-"
40.85.247.124 - - [11/Jun/2026:15:57:25 +0100] "GET /bal.php HTTP/1.0" 404 5749 "-" "-"
40.85.247.124 - - [11/Jun/2026:15:57:25 +0100] "GET /cgi-bin/admin.php HTTP/1.0" 404 5749 "-" "-"
40.85.247.124 - - [11/Jun/2026:15:57:25 +0100] "GET /gettest.php HTTP/1.0" 404 5749 "-" "-"
40.85.247.124 - - [11/Jun/2026:15:57:25 +0100] "GET /wp-content/BypassBest.php HTTP/1.0" 404 5749 "-" "-"
40.85.247.124 - - [11/Jun/2026:15:57:26 +0100] "GET /wp-content/ HTTP/1.0" 404 5749 "-" "-"
40.85.247.124 - - [11/Jun/2026:15:57:26 +0100] "GET /simple.php HTTP/1.0" 404 5749 "-" "-"
40.85.247.124 - - [11/Jun/2026:15:57:27 +0100] "GET /kj.php HTTP/1.0" 404 5749 "-" "-"
40.85.247.124 - - [11/Jun/2026:15:57:27 +0100] "GET /xxx.php HTTP/1.0" 404 5749 "-" "-"
40.85.247.124 - - [11/Jun/2026:15:57:27 +0100] "GET /hypo.php HTTP/1.0" 404 5749 "-" "-"
40.85.247.124 - - [11/Jun/2026:15:57:28 +0100] "GET /wp-admin/css/colors/blue/ HTTP/1.0" 404 5749 "-" "-"
40.85.247.124 - - [11/Jun/2026:15:57:28 +0100] "GET /chosen.php HTTP/1.0" 404 5749 "-" "-"
40.85.247.124 - - [11/Jun/2026:15:57:28 +0100] "GET /wp-includes/block-bindings/ HTTP/1.0" 404 5749 "-" "-"
40.85.247.124 - - [11/Jun/2026:15:57:28 +0100] "GET /gg.php HTTP/1.0" 404 5749 "-" "-"
40.85.247.124 - - [11/Jun/2026:15:57:29 +0100] "GET /als.php HTTP/1.0" 404 5749 "-" "-"
40.85.247.124 - - [11/Jun/2026:15:57:29 +0100] "GET /pol.php HTTP/1.0" 404 5749 "-" "-"
40.85.247.124 - - [11/Jun/2026:15:57:30 +0100] "GET /ll.php HTTP/1.0" 404 5749 "-" "-"
40.85.247.124 - - [11/Jun/2026:15:57:30 +0100] "GET /006.php HTTP/1.0" 404 5749 "-" "-"
40.85.247.124 - - [11/Jun/2026:15:57:30 +0100] "GET /file5.php HTTP/1.0" 404 5749 "-" "-"
40.85.247.124 - - [11/Jun/2026:15:57:31 +0100] "GET /4PJcpMFsD8B.php HTTP/1.0" 404 5749 "-" "-"
40.85.247.124 - - [11/Jun/2026:15:57:31 +0100] "GET /file.php HTTP/1.0" 404 5749 "-" "-"
40.85.247.124 - - [11/Jun/2026:15:57:31 +0100] "GET /cfile.php HTTP/1.0" 404 5749 "-" "-"
40.85.247.124 - - [11/Jun/2026:15:57:31 +0100] "GET /class-wp.php HTTP/1.0" 404 5749 "-" "-"
40.85.247.124 - - [11/Jun/2026:15:57:32 +0100] "GET /ahax.php HTTP/1.0" 404 5749 "-" "-"
40.85.247.124 - - [11/Jun/2026:15:57:32 +0100] "GET /aa2.php HTTP/1.0" 404 5749 "-" "-"
40.85.247.124 - - [11/Jun/2026:15:57:33 +0100] "GET /ccou.php HTTP/1.0" 404 5749 "-" "-"
40.85.247.124 - - [11/Jun/2026:15:57:37 +0100] "GET /dr.php HTTP/1.0" 404 5749 "-" "-"
40.85.247.124 - - [11/Jun/2026:15:57:38 +0100] "GET /xamp.php HTTP/1.0" 404 5749 "-" "-"
40.85.247.124 - - [11/Jun/2026:15:57:38 +0100] "GET /cA3bHIkVhgP.php HTTP/1.0" 404 5749 "-" "-"
40.85.247.124 - - [11/Jun/2026:15:57:39 +0100] "GET /bless.php HTTP/1.0" 404 5749 "-" "-"
40.85.247.124 - - [11/Jun/2026:15:57:39 +0100] "GET /file46.php HTTP/1.0" 404 5749 "-" "-"
40.85.247.124 - - [11/Jun/2026:15:57:39 +0100] "GET /bb.php HTTP/1.0" 404 5749 "-" "-"
40.85.247.124 - - [11/Jun/2026:15:57:40 +0100] "GET /eee.php HTTP/1.0" 404 5749 "-" "-"
40.85.247.124 - - [11/Jun/2026:15:57:40 +0100] "GET /5BltUjE9CrY.php HTTP/1.0" 404 5749 "-" "-"
40.85.247.124 - - [11/Jun/2026:15:57:40 +0100] "GET /file25.php HTTP/1.0" 404 5749 "-" "-"
40.85.247.124 - - [11/Jun/2026:15:57:41 +0100] "GET /hg.php HTTP/1.0" 404 5749 "-" "-"
40.85.247.124 - - [11/Jun/2026:15:57:41 +0100] "GET /file48.php HTTP/1.0" 404 5749 "-" "-"
40.85.247.124 - - [11/Jun/2026:15:57:41 +0100] "GET /file59.php HTTP/1.0" 404 5749 "-" "-"
40.85.247.124 - - [11/Jun/2026:15:57:42 +0100] "GET /ff.php HTTP/1.0" 404 5749 "-" "-"
40.85.247.124 - - [11/Jun/2026:15:57:42 +0100] "GET /file31.php HTTP/1.0" 404 5749 "-" "-"
40.85.247.124 - - [11/Jun/2026:15:57:42 +0100] "GET /file6.php HTTP/1.0" 404 5749 "-" "-"
40.85.247.124 - - [11/Jun/2026:15:57:42 +0100] "GET /a2.php HTTP/1.0" 404 5749 "-" "-"
40.85.247.124 - - [11/Jun/2026:15:57:43 +0100] "GET /file15.php HTTP/1.0" 404 5749 "-" "-"
40.85.247.124 - - [11/Jun/2026:15:57:43 +0100] "GET /file81.php HTTP/1.0" 404 5749 "-" "-"
40.85.247.124 - - [11/Jun/2026:15:57:43 +0100] "GET /no1.php HTTP/1.0" 404 5749 "-" "-"
40.85.247.124 - - [11/Jun/2026:15:57:43 +0100] "GET /jp.php HTTP/1.0" 404 5749 "-" "-"
40.85.247.124 - - [11/Jun/2026:15:57:44 +0100] "GET /f35.php HTTP/1.0" 404 5749 "-" "-"
40.85.247.124 - - [11/Jun/2026:15:57:44 +0100] "GET /xa.php HTTP/1.0" 404 5749 "-" "-"
40.85.247.124 - - [11/Jun/2026:15:57:44 +0100] "GET /wp-load.php HTTP/1.0" 404 5749 "-" "-"
40.85.247.124 - - [11/Jun/2026:15:57:44 +0100] "GET /xwpg.php HTTP/1.0" 404 5749 "-" "-"
40.85.247.124 - - [11/Jun/2026:15:57:45 +0100] "GET /w2025.php HTTP/1.0" 404 5749 "-" "-"
40.85.247.124 - - [11/Jun/2026:15:57:45 +0100] "GET /wp-includes/assets/ HTTP/1.0" 404 5749 "-" "-"
40.85.247.124 - - [11/Jun/2026:15:57:45 +0100] "GET /ddd.php HTTP/1.0" 404 5749 "-" "-"
40.85.247.124 - - [11/Jun/2026:15:57:45 +0100] "GET /wp-admin/css/colors/sunrise/ HTTP/1.0" 404 5749 "-" "-"
40.85.247.124 - - [11/Jun/2026:15:57:46 +0100] "GET /jj.php HTTP/1.0" 404 5749 "-" "-"
40.85.247.124 - - [11/Jun/2026:15:57:46 +0100] "GET /waf.php HTTP/1.0" 404 5749 "-" "-"
40.85.247.124 - - [11/Jun/2026:15:57:46 +0100] "GET /xstelth.php HTTP/1.0" 404 5749 "-" "-"
40.85.247.124 - - [11/Jun/2026:15:57:47 +0100] "GET /wp-admin/css/colors/midnight/about.php HTTP/1.0" 404 5749 "-" "-"
40.85.247.124 - - [11/Jun/2026:15:57:47 +0100] "GET /bel.php HTTP/1.0" 404 5749 "-" "-"
40.85.247.124 - - [11/Jun/2026:15:57:47 +0100] "GET /file58.php HTTP/1.0" 404 5749 "-" "-"
40.85.247.124 - - [11/Jun/2026:15:57:47 +0100] "GET /wp-links.php HTTP/1.0" 404 5749 "-" "-"
40.85.247.124 - - [11/Jun/2026:15:57:48 +0100] "GET /wp-admin/network/plugins.php HTTP/1.0" 404 5749 "-" "-"
40.85.247.124 - - [11/Jun/2026:15:57:48 +0100] "GET /berlin.php HTTP/1.0" 404 5749 "-" "-"
147.93.157.194 - - [11/Jun/2026:15:58:56 +0100] "GET /wp-login.php HTTP/1.0" 301 285 "-" "Mozilla/5.0 (Windows NT 10.0; Win64; x64) AppleWebKit/537.36 (KHTML, like Gecko) Chrome/120.0.0.0 Safari/537.36"
62.193.192.154 - - [11/Jun/2026:15:59:08 +0100] "POST /wp-cron.php?doing_wp_cron=1781189948.2171339988708496093750 HTTP/1.0" 301 332 "https://albatroz.engineering/wp-cron.php?doing_wp_cron=1781189948.2171339988708496093750" "WordPress/5.9.5; https://albatroz.engineering"
103.127.30.137 - - [11/Jun/2026:15:59:06 +0100] "GET /wp-json/wp/v2/users/me HTTP/1.0" 401 98 "-" "Mozilla/5.0 (X11; Linux i686) AppleWebKit/537.36 (KHTML, like Gecko) Chrome/133.0.0.0 Safari/537.36"
209.38.251.46 - - [11/Jun/2026:15:59:12 +0100] "GET /wp-login.php HTTP/1.0" 301 285 "-" "Mozilla/5.0 (X11; Linux i686) AppleWebKit/537.36 (KHTML, like Gecko) Chrome/133.0.0.0 Safari/537.36"
209.38.251.46 - - [11/Jun/2026:15:59:13 +0100] "POST /wp-login.php HTTP/1.0" 301 285 "https://albatroz.engineering/wp-login.php" "Mozilla/5.0 (X11; Linux i686) AppleWebKit/537.36 (KHTML, like Gecko) Chrome/133.0.0.0 Safari/537.36"
209.38.221.42 - - [11/Jun/2026:16:01:12 +0100] "GET /wp-login.php HTTP/1.0" 301 285 "-" "Mozilla/5.0 (X11; Fedora; Linux x86_64) AppleWebKit/537.36 (KHTML, like Gecko) Chrome/133.0.0.0 Safari/537.36"
209.38.221.42 - - [11/Jun/2026:16:01:13 +0100] "POST /wp-login.php HTTP/1.0" 301 285 "https://albatroz.engineering/wp-login.php" "Mozilla/5.0 (X11; Fedora; Linux x86_64) AppleWebKit/537.36 (KHTML, like Gecko) Chrome/133.0.0.0 Safari/537.36"
213.171.208.62 - - [11/Jun/2026:16:01:55 +0100] "GET /wp-login.php HTTP/1.0" 301 285 "-" "Mozilla/5.0 (Windows NT 10.0; Win64; x64) AppleWebKit/537.36 (KHTML, like Gecko) Chrome/133.0.0.0 Safari/537.36"
213.171.208.62 - - [11/Jun/2026:16:01:58 +0100] "POST /wp-login.php HTTP/1.0" 301 285 "https://albatroz.engineering/wp-login.php" "Mozilla/5.0 (Windows NT 10.0; Win64; x64) AppleWebKit/537.36 (KHTML, like Gecko) Chrome/133.0.0.0 Safari/537.36"
67.20.76.166 - - [11/Jun/2026:16:03:20 +0100] "GET /wp-login.php HTTP/1.0" 301 285 "-" "Mozilla/5.0 (Windows NT 10.0; Win64; x64) AppleWebKit/537.36 (KHTML, like Gecko) Chrome/120.0.0.0 Safari/537.36"
62.193.192.154 - - [11/Jun/2026:16:03:29 +0100] "POST /wp-cron.php?doing_wp_cron=1781190209.7182478904724121093750 HTTP/1.0" 301 332 "https://albatroz.engineering/wp-cron.php?doing_wp_cron=1781190209.7182478904724121093750" "WordPress/5.9.5; https://albatroz.engineering"
34.101.101.253 - - [11/Jun/2026:16:03:27 +0100] "GET /wp-json/wp/v2/users/me HTTP/1.0" 401 98 "-" "Mozilla/5.0 (X11; Linux x86_64; rv:133.0) Gecko/20100101 Firefox/133.0"
62.193.192.154 - - [11/Jun/2026:16:04:49 +0100] "POST /wp-cron.php?doing_wp_cron=1781190289.5055510997772216796875 HTTP/1.0" 301 332 "https://albatroz.engineering/wp-cron.php?doing_wp_cron=1781190289.5055510997772216796875" "WordPress/5.9.5; https://albatroz.engineering"
51.195.244.204 - - [11/Jun/2026:16:04:47 +0100] "GET /es/june-2015-newsletter/ HTTP/1.0" 200 95392 "-" "Mozilla/5.0 (compatible; AhrefsBot/7.0; +http://ahrefs.com/robot/)"
178.238.208.153 - - [11/Jun/2026:16:04:54 +0100] "GET /wp-login.php HTTP/1.0" 200 8959 "-" "Mozilla/5.0 (Macintosh; Intel Mac OS X 11_7_10) AppleWebKit/537.36 (KHTML, like Gecko) Chrome/133.0.0.0 Safari/537.36"
178.238.208.153 - - [11/Jun/2026:16:05:02 +0100] "POST /wp-login.php HTTP/1.0" 200 9408 "https://albatroz.albatroz-eng.com/wp-login.php" "Mozilla/5.0 (Macintosh; Intel Mac OS X 11_7_10) AppleWebKit/537.36 (KHTML, like Gecko) Chrome/133.0.0.0 Safari/537.36"
62.193.192.154 - - [11/Jun/2026:16:06:15 +0100] "POST /wp-cron.php?doing_wp_cron=1781190375.1277270317077636718750 HTTP/1.0" 301 332 "https://albatroz.engineering/wp-cron.php?doing_wp_cron=1781190375.1277270317077636718750" "WordPress/5.9.5; https://albatroz.engineering"
104.43.48.106 - - [11/Jun/2026:16:06:13 +0100] "GET /wp-login.php HTTP/1.0" 200 8959 "-" "Mozilla/5.0 (Windows NT 10.0; Win64; x64) AppleWebKit/537.36 (KHTML, like Gecko) Chrome/120.0.0.0 Safari/537.36"
104.43.48.106 - - [11/Jun/2026:16:06:15 +0100] "POST /wp-login.php HTTP/1.0" 200 9396 "https://albatroz.albatroz-eng.com/wp-login.php" "Mozilla/5.0 (Windows NT 10.0; Win64; x64) AppleWebKit/537.36 (KHTML, like Gecko) Chrome/120.0.0.0 Safari/537.36"
78.142.18.172 - - [11/Jun/2026:16:07:22 +0100] "GET /wp-login.php HTTP/1.0" 301 285 "-" "Mozilla/5.0 (X11; CrOS x86_64 14541.0.0) AppleWebKit/537.36 (KHTML, like Gecko) Chrome/133.0.0.0 Safari/537.36"
62.193.192.154 - - [11/Jun/2026:16:07:51 +0100] "POST /wp-cron.php?doing_wp_cron=1781190471.8308439254760742187500 HTTP/1.0" 301 332 "https://albatroz.engineering/wp-cron.php?doing_wp_cron=1781190471.8308439254760742187500" "WordPress/5.9.5; https://albatroz.engineering"
209.42.20.53 - - [11/Jun/2026:16:07:50 +0100] "GET /wp-login.php HTTP/1.0" 200 8959 "-" "Mozilla/5.0 (X11; CrOS x86_64 14541.0.0) AppleWebKit/537.36 (KHTML, like Gecko) Chrome/133.0.0.0 Safari/537.36"
79.169.42.33 - - [11/Jun/2026:16:07:54 +0100] "GET /cpsess3114641371/webmail/x3/index.html HTTP/1.0" 404 3431 "-" "Mozilla/5.0 (Windows NT 10.0; Win64; x64; rv:151.0) Gecko/20100101 Firefox/151.0"
209.42.20.53 - - [11/Jun/2026:16:07:54 +0100] "POST /wp-login.php HTTP/1.0" 200 9402 "https://albatroz.albatroz-eng.com/wp-login.php" "Mozilla/5.0 (X11; CrOS x86_64 14541.0.0) AppleWebKit/537.36 (KHTML, like Gecko) Chrome/133.0.0.0 Safari/537.36"
78.142.18.172 - - [11/Jun/2026:16:08:09 +0100] "GET /wp-login.php HTTP/1.0" 301 285 "-" "Mozilla/5.0 (Windows NT 10.0; Win64; x64) AppleWebKit/537.36 (KHTML, like Gecko) Chrome/133.0.0.0 Safari/537.36"
78.142.18.172 - - [11/Jun/2026:16:08:22 +0100] "POST /wp-login.php HTTP/1.0" 301 285 "https://albatroz.engineering/wp-login.php" "Mozilla/5.0 (Windows NT 10.0; Win64; x64) AppleWebKit/537.36 (KHTML, like Gecko) Chrome/133.0.0.0 Safari/537.36"
62.193.192.154 - - [11/Jun/2026:16:09:31 +0100] "POST /wp-cron.php?doing_wp_cron=1781190571.3054459095001220703125 HTTP/1.0" 301 332 "https://albatroz.engineering/wp-cron.php?doing_wp_cron=1781190571.3054459095001220703125" "WordPress/5.9.5; https://albatroz.engineering"
208.109.188.137 - - [11/Jun/2026:16:09:29 +0100] "GET /wp-login.php HTTP/1.0" 200 8959 "-" "Mozilla/5.0 (Windows NT 10.0; Win64; x64) AppleWebKit/537.36 (KHTML, like Gecko) Chrome/120.0.0.0 Safari/537.36"
208.109.188.137 - - [11/Jun/2026:16:09:31 +0100] "POST /wp-login.php HTTP/1.0" 200 9395 "https://albatroz.albatroz-eng.com/wp-login.php" "Mozilla/5.0 (Windows NT 10.0; Win64; x64) AppleWebKit/537.36 (KHTML, like Gecko) Chrome/120.0.0.0 Safari/537.36"
47.79.200.136 - - [11/Jun/2026:16:09:42 +0100] "GET /en/target-fencing-for-rpas-power-line-inspections HTTP/1.0" 301 - "https://www.google.com/" "Mozilla/5.0 (Windows NT 10.0; Win64; x64) AppleWebKit/537.36 (KHTML, like Gecko) Chrome/133.0.0.0 Safari/537.36"
47.79.200.136 - - [11/Jun/2026:16:09:43 +0100] "GET /en/target-fencing-for-rpas-power-line-inspections/ HTTP/1.0" 200 100916 "https://www.google.com/" "Mozilla/5.0 (Windows NT 10.0; Win64; x64) AppleWebKit/537.36 (KHTML, like Gecko) Chrome/133.0.0.0 Safari/537.36"
185.68.18.52 - - [11/Jun/2026:16:11:54 +0100] "GET /wp-login.php HTTP/1.0" 301 285 "-" "Mozilla/5.0 (Windows NT 10.0; Win64; x64) AppleWebKit/537.36 (KHTML, like Gecko) Chrome/120.0.0.0 Safari/537.36"
62.193.192.154 - - [11/Jun/2026:16:15:52 +0100] "POST /wp-cron.php?doing_wp_cron=1781190952.0305290222167968750000 HTTP/1.0" 301 332 "https://albatroz.engineering/wp-cron.php?doing_wp_cron=1781190952.0305290222167968750000" "WordPress/5.9.5; https://albatroz.engineering"
47.79.205.220 - - [11/Jun/2026:16:15:50 +0100] "GET /en/solutions/gmi HTTP/1.0" 301 - "https://www.google.com/" "Mozilla/5.0 (Windows NT 10.0; Win64; x64) AppleWebKit/537.36 (KHTML, like Gecko) Chrome/132.0.0.0 Safari/537.36"
47.79.205.220 - - [11/Jun/2026:16:15:52 +0100] "GET /en/solutions/gmi/ HTTP/1.0" 200 96550 "https://www.google.com/" "Mozilla/5.0 (Windows NT 10.0; Win64; x64) AppleWebKit/537.36 (KHTML, like Gecko) Chrome/132.0.0.0 Safari/537.36"
62.193.192.154 - - [11/Jun/2026:16:18:28 +0100] "POST /wp-cron.php?doing_wp_cron=1781191108.7087380886077880859375 HTTP/1.0" 301 332 "https://albatroz.engineering/wp-cron.php?doing_wp_cron=1781191108.7087380886077880859375" "WordPress/5.9.5; https://albatroz.engineering"
74.208.38.160 - - [11/Jun/2026:16:18:26 +0100] "GET /wp-login.php HTTP/1.0" 200 8959 "-" "Mozilla/5.0 (Windows NT 10.0; WOW64) AppleWebKit/537.36 (KHTML, like Gecko) Chrome/133.0.0.0 Safari/537.36"
74.208.38.160 - - [11/Jun/2026:16:18:37 +0100] "POST /wp-login.php HTTP/1.0" 200 9395 "https://albatroz.albatroz-eng.com/wp-login.php" "Mozilla/5.0 (Windows NT 10.0; WOW64) AppleWebKit/537.36 (KHTML, like Gecko) Chrome/133.0.0.0 Safari/537.36"
74.208.38.160 - - [11/Jun/2026:16:19:04 +0100] "GET /wp-json/wp/v2/users/me HTTP/1.0" 401 98 "-" "Mozilla/5.0 (Windows NT 10.0; WOW64) AppleWebKit/537.36 (KHTML, like Gecko) Chrome/133.0.0.0 Safari/537.36"
62.193.192.154 - - [11/Jun/2026:16:19:29 +0100] "POST /wp-cron.php?doing_wp_cron=1781191169.2245340347290039062500 HTTP/1.0" 301 332 "https://albatroz.engineering/wp-cron.php?doing_wp_cron=1781191169.2245340347290039062500" "WordPress/5.9.5; https://albatroz.engineering"
47.79.207.69 - - [11/Jun/2026:16:19:27 +0100] "GET /fr/solutions/monuments-virtuels/galeries-romaines-lisbonne HTTP/1.0" 301 - "https://www.google.com/" "Mozilla/5.0 (Linux; Android 10; K) AppleWebKit/537.36 (KHTML, like Gecko) Chrome/132.0.0.0 Mobile Safari/537.36"
47.79.207.69 - - [11/Jun/2026:16:19:29 +0100] "GET /fr/solutions/monuments-virtuels/galeries-romaines-lisbonne/ HTTP/1.0" 200 179007 "https://www.google.com/" "Mozilla/5.0 (Linux; Android 10; K) AppleWebKit/537.36 (KHTML, like Gecko) Chrome/132.0.0.0 Mobile Safari/537.36"
62.193.192.154 - - [11/Jun/2026:16:20:59 +0100] "POST /wp-cron.php?doing_wp_cron=1781191259.0251400470733642578125 HTTP/1.0" 301 332 "https://albatroz.engineering/wp-cron.php?doing_wp_cron=1781191259.0251400470733642578125" "WordPress/5.9.5; https://albatroz.engineering"
47.79.207.200 - - [11/Jun/2026:16:20:57 +0100] "GET /es/quienes-somos/promocion-del-patrimonio HTTP/1.0" 301 - "https://www.google.com/" "Mozilla/5.0 (Windows NT 10.0; Win64; x64) AppleWebKit/537.36 (KHTML, like Gecko) Chrome/132.0.0.0 Safari/537.36"
47.79.207.200 - - [11/Jun/2026:16:20:59 +0100] "GET /es/quienes-somos/promocion-del-patrimonio/ HTTP/1.0" 200 97275 "https://www.google.com/" "Mozilla/5.0 (Windows NT 10.0; Win64; x64) AppleWebKit/537.36 (KHTML, like Gecko) Chrome/132.0.0.0 Safari/537.36"
46.224.76.22 - - [11/Jun/2026:16:22:51 +0100] "GET /wp-login.php HTTP/1.0" 301 285 "-" "Mozilla/5.0 (Macintosh; Intel Mac OS X 14_7_4) AppleWebKit/537.36 (KHTML, like Gecko) Chrome/133.0.0.0 Safari/537.36"
68.178.160.25 - - [11/Jun/2026:16:23:14 +0100] "GET /wp-login.php HTTP/1.0" 301 285 "-" "Mozilla/5.0 (Windows NT 10.0) AppleWebKit/537.36 (KHTML, like Gecko) Chrome/133.0.0.0 Safari/537.36"
62.193.192.154 - - [11/Jun/2026:16:23:35 +0100] "POST /wp-cron.php?doing_wp_cron=1781191415.3234059810638427734375 HTTP/1.0" 301 332 "https://albatroz.engineering/wp-cron.php?doing_wp_cron=1781191415.3234059810638427734375" "WordPress/5.9.5; https://albatroz.engineering"
68.178.160.25 - - [11/Jun/2026:16:23:33 +0100] "GET /wp-json/wp/v2/users/me HTTP/1.0" 401 98 "-" "Mozilla/5.0 (Windows NT 10.0) AppleWebKit/537.36 (KHTML, like Gecko) Chrome/133.0.0.0 Safari/537.36"
149.28.167.253 - - [11/Jun/2026:16:23:40 +0100] "GET /wp-login.php HTTP/1.0" 301 285 "-" "Mozilla/5.0 (Windows NT 10.0; Win64; x64) AppleWebKit/537.36 (KHTML, like Gecko) Chrome/120.0.0.0 Safari/537.36"
46.224.76.22 - - [11/Jun/2026:16:24:04 +0100] "GET /wp-login.php HTTP/1.0" 301 285 "-" "Mozilla/5.0 (Windows NT 10.0; Win64; x64) AppleWebKit/537.36 (KHTML, like Gecko) Chrome/120.0.0.0 Safari/537.36"
103.127.30.137 - - [11/Jun/2026:16:24:13 +0100] "GET /wp-login.php HTTP/1.0" 301 285 "-" "Mozilla/5.0 (X11; Linux x86_64; rv:133.0) Gecko/20100101 Firefox/133.0"
20.153.140.50 - - [11/Jun/2026:16:24:27 +0100] "GET /wp-login.php HTTP/1.0" 200 8959 "-" "Mozilla/5.0 (Macintosh; Intel Mac OS X 10_15_7) AppleWebKit/537.36 (KHTML, like Gecko) Chrome/133.0.0.0 Safari/537.36"
50.87.144.126 - - [11/Jun/2026:16:24:37 +0100] "GET /wp-login.php HTTP/1.0" 301 285 "-" "Mozilla/5.0 (Windows NT 10.0; Win64; x64) AppleWebKit/537.36 (KHTML, like Gecko) Chrome/120.0.0.0 Safari/537.36"
62.193.192.154 - - [11/Jun/2026:16:26:05 +0100] "POST /wp-cron.php?doing_wp_cron=1781191565.0072970390319824218750 HTTP/1.0" 301 332 "https://albatroz.engineering/wp-cron.php?doing_wp_cron=1781191565.0072970390319824218750" "WordPress/5.9.5; https://albatroz.engineering"
103.199.16.160 - - [11/Jun/2026:16:26:03 +0100] "GET /wp-login.php HTTP/1.0" 200 8959 "-" "Mozilla/5.0 (Windows NT 10.0; Win64; x64) AppleWebKit/537.36 (KHTML, like Gecko) Chrome/120.0.0.0 Safari/537.36"
103.199.16.160 - - [11/Jun/2026:16:26:05 +0100] "POST /wp-login.php HTTP/1.0" 200 9396 "https://albatroz.albatroz-eng.com/wp-login.php" "Mozilla/5.0 (Windows NT 10.0; Win64; x64) AppleWebKit/537.36 (KHTML, like Gecko) Chrome/120.0.0.0 Safari/537.36"
62.193.192.154 - - [11/Jun/2026:16:28:55 +0100] "POST /wp-cron.php?doing_wp_cron=1781191735.7050640583038330078125 HTTP/1.0" 301 332 "https://albatroz.engineering/wp-cron.php?doing_wp_cron=1781191735.7050640583038330078125" "WordPress/5.9.5; https://albatroz.engineering"
172.238.15.186 - - [11/Jun/2026:16:28:53 +0100] "GET /wp-login.php HTTP/1.0" 200 8959 "-" "Mozilla/5.0 (Windows NT 10.0; Win64; x64) AppleWebKit/537.36 (KHTML, like Gecko) Chrome/120.0.0.0 Safari/537.36"
172.238.15.186 - - [11/Jun/2026:16:28:56 +0100] "POST /wp-login.php HTTP/1.0" 200 9402 "https://albatroz.albatroz-eng.com/wp-login.php" "Mozilla/5.0 (Windows NT 10.0; Win64; x64) AppleWebKit/537.36 (KHTML, like Gecko) Chrome/120.0.0.0 Safari/537.36"
143.110.183.208 - - [11/Jun/2026:16:29:22 +0100] "GET /wp-login.php HTTP/1.0" 301 285 "-" "Mozilla/5.0 (Windows NT 10.0; Win64; x64) AppleWebKit/537.36 (KHTML, like Gecko) Chrome/120.0.0.0 Safari/537.36"
168.63.79.147 - - [11/Jun/2026:16:32:11 +0100] "GET /wp-login.php HTTP/1.0" 301 285 "-" "Mozilla/5.0 (X11; Linux x86_64) AppleWebKit/537.36 (KHTML, like Gecko) Chrome/133.0.0.0 Safari/537.36"
